{"id":68044,"date":"2022-07-22T18:21:11","date_gmt":"2022-07-22T16:21:11","guid":{"rendered":"https:\/\/centcols.org\/backup\/federation-francaise-de-cyclotourisme\/"},"modified":"2023-07-08T22:11:30","modified_gmt":"2023-07-08T20:11:30","slug":"federation-francaise-de-cyclotourisme","status":"publish","type":"page","link":"https:\/\/centcols.org\/backup\/en\/federation-francaise-de-cyclotourisme\/","title":{"rendered":"F\u00e9d\u00e9ration fran\u00e7aise de Cyclotourisme"},"content":{"rendered":"\n<h3 class=\"kt-adv-heading_007845-2a wp-block-kadence-advancedheading\" data-kb-block=\"kb-adv-heading_007845-2a\">Challenge de France<\/h3>\n\n\n\n<p><a href=\"https:\/\/centcols.org\/backup\/en\/le-club-des-cent-cols-remporte-le-challenge-de-france-2022\/\">The Club des Cent Cols wins the Challenge de France<\/a><\/p>\n\n\n\n<h3 class=\"wp-block-heading\">The International Federal Cycle Tourism week<\/h3>\n\n\n\n<p><strong><a href=\"https:\/\/centcols.org\/backup\/en\/sf-2023\/\" target=\"_blank\" rel=\"noopener\" title=\"\">Federal Week 2023<\/a><\/strong>\u00a0in Pont-\u00e0-Mousson<\/p>\n\n\n\n<h3 class=\"wp-block-heading\">General meetings<\/h3>\n\n\n\n<p><a href=\"https:\/\/centcols.org\/backup\/intervention-du-club-des-cent-cols-a-lag-ffct\/\">L&#8217;intervention du Club des Cent Cols \u00e0 l&#8217;AG FFCT 2022<\/a><\/p>\n\n\n\n<h3 class=\"wp-block-heading\">The FFCT licences<\/h3>\n\n\n\n<p>The <strong><a href=\"https:\/\/centcols.org\/backup\/en\/les-licences-ffct-au-club-des-cent-cols\/\" target=\"_blank\" rel=\"noreferrer noopener\">evolution of the FFCT licences <\/a><\/strong>at the Club des Cent Cols<\/p>\n\n\n\n<h3 class=\"wp-block-heading\">The Brevet des Provinces Fran\u00e7aises<\/h3>\n\n\n\n<p><a href=\"https:\/\/centcols.org\/backup\/en\/gazette-bpf-docx-2\/\">Les BPF<\/a><\/p>\n\n\n\n<h3 class=\"wp-block-heading\">Partnership with the Club des Cent Cols<\/h3>\n\n\n\n<p>A glance at the workings of Veloenfrance<\/p>\n","protected":false},"excerpt":{"rendered":"<p>The Club des Cent Cols wins the Challenge de France The International Federal Cycle Tourism week Federal Week 2023\u00a0in Pont-\u00e0-Mousson General meetings L&#8217;intervention du Club des Cent Cols \u00e0 l&#8217;AG FFCT 2022 The FFCT licences The evolution of the FFCT licences at the Club des Cent Cols The Brevet des Provinces Fran\u00e7aises Les BPF Partnership [&hellip;]<\/p>\n","protected":false},"author":69,"featured_media":0,"parent":0,"menu_order":0,"comment_status":"closed","ping_status":"closed","template":"","meta":{"_acf_changed":false,"ub_ctt_via":"","_monsterinsights_skip_tracking":false,"_monsterinsights_sitenote_active":false,"_monsterinsights_sitenote_note":"","_monsterinsights_sitenote_category":0,"footnotes":""},"acf":[],"featured_image_urls":{"full":"","thumbnail":"","medium":"","medium_large":"","large":"","1536x1536":"","2048x2048":"","woocommerce_thumbnail":"","woocommerce_single":"","woocommerce_gallery_thumbnail":""},"post_excerpt_stackable":"<p>Challenge de France The Club des Cent Cols wins the Challenge de France The International Federal Cycle Tourism week Federal Week 2023\u00a0in Pont-\u00e0-Mousson General meetings L&#8217;intervention du Club des Cent Cols \u00e0 l&#8217;AG FFCT 2022 The FFCT licences The evolution of the FFCT licences at the Club des Cent Cols The Brevet des Provinces Fran\u00e7aises Les BPF Partnership with the Club des Cent Cols A glance at the workings of Veloenfrance<\/p>\n","category_list":"","author_info":{"name":"Enrico Alberini","url":"https:\/\/centcols.org\/backup\/en\/author\/5065\/"},"comments_num":"0 comments","featured_image_urls_v2":{"full":"","thumbnail":"","medium":"","medium_large":"","large":"","1536x1536":"","2048x2048":"","woocommerce_thumbnail":"","woocommerce_single":"","woocommerce_gallery_thumbnail":""},"post_excerpt_stackable_v2":"<p>Challenge de France The Club des Cent Cols wins the Challenge de France The International Federal Cycle Tourism week Federal Week 2023\u00a0in Pont-\u00e0-Mousson General meetings L&#8217;intervention du Club des Cent Cols \u00e0 l&#8217;AG FFCT 2022 The FFCT licences The evolution of the FFCT licences at the Club des Cent Cols The Brevet des Provinces Fran\u00e7aises Les BPF Partnership with the Club des Cent Cols A glance at the workings of Veloenfrance<\/p>\n","category_list_v2":"","author_info_v2":{"name":"Enrico Alberini","url":"https:\/\/centcols.org\/backup\/en\/author\/5065\/"},"comments_num_v2":"0 comments","featured_image_src":null,"_links":{"self":[{"href":"https:\/\/centcols.org\/backup\/en\/wp-json\/wp\/v2\/pages\/68044"}],"collection":[{"href":"https:\/\/centcols.org\/backup\/en\/wp-json\/wp\/v2\/pages"}],"about":[{"href":"https:\/\/centcols.org\/backup\/en\/wp-json\/wp\/v2\/types\/page"}],"author":[{"embeddable":true,"href":"https:\/\/centcols.org\/backup\/en\/wp-json\/wp\/v2\/users\/69"}],"replies":[{"embeddable":true,"href":"https:\/\/centcols.org\/backup\/en\/wp-json\/wp\/v2\/comments?post=68044"}],"version-history":[{"count":0,"href":"https:\/\/centcols.org\/backup\/en\/wp-json\/wp\/v2\/pages\/68044\/revisions"}],"wp:attachment":[{"href":"https:\/\/centcols.org\/backup\/en\/wp-json\/wp\/v2\/media?parent=68044"}],"curies":[{"name":"wp","href":"https:\/\/api.w.org\/{rel}","templated":true}]}}

Fédération française de Cyclotourisme

<h3 class="kt-adv-heading_007845-2a wp-block-kadence-advancedheading" data-kb-block="kb-adv-heading_007845-2a">Challenge de France</h3>



<p><a href="https://centcols.org/backup/en/le-club-des-cent-cols-remporte-le-challenge-de-france-2022/">The Club des Cent Cols wins the Challenge de France</a></p>



<h3 class="wp-block-heading">The International Federal Cycle Tourism week</h3>



<p><strong><a href="https://centcols.org/backup/en/sf-2023/" target="_blank" rel="noopener" title="">Federal Week 2023</a></strong> in Pont-à-Mousson</p>



<h3 class="wp-block-heading">General meetings</h3>



<p><a href="https://centcols.org/backup/intervention-du-club-des-cent-cols-a-lag-ffct/">L&#8217;intervention du Club des Cent Cols à l&#8217;AG FFCT 2022</a></p>



<h3 class="wp-block-heading">The FFCT licences</h3>



<p>The <strong><a href="https://centcols.org/backup/en/les-licences-ffct-au-club-des-cent-cols/" target="_blank" rel="noreferrer noopener">evolution of the FFCT licences </a></strong>at the Club des Cent Cols</p>



<h3 class="wp-block-heading">The Brevet des Provinces Françaises</h3>



<p><a href="https://centcols.org/backup/en/gazette-bpf-docx-2/">Les BPF</a></p>



<h3 class="wp-block-heading">Partnership with the Club des Cent Cols</h3>



<p>A glance at the workings of Veloenfrance</p>

<p>The Club des Cent Cols wins the Challenge de France The International Federal Cycle Tourism week Federal Week 2023 in Pont-à-Mousson General meetings L&#8217;intervention du Club des Cent Cols à l&#8217;AG FFCT 2022 The FFCT licences The evolution of the FFCT licences at the Club des Cent Cols The Brevet des Provinces Françaises Les BPF Partnership [&hellip;]</p>

<p>Challenge de France The Club des Cent Cols wins the Challenge de France The International Federal Cycle Tourism week Federal Week 2023 in Pont-à-Mousson General meetings L&#8217;intervention du Club des Cent Cols à l&#8217;AG FFCT 2022 The FFCT licences The evolution of the FFCT licences at the Club des Cent Cols The Brevet des Provinces Françaises Les BPF Partnership with the Club des Cent Cols A glance at the workings of Veloenfrance</p>
