{"id":68046,"date":"2022-07-20T10:14:40","date_gmt":"2022-07-20T08:14:40","guid":{"rendered":"https:\/\/centcols.org\/backup\/le-site\/"},"modified":"2023-08-12T23:45:55","modified_gmt":"2023-08-12T21:45:55","slug":"le-site-quoi-de-neuf","status":"publish","type":"page","link":"https:\/\/centcols.org\/backup\/en\/le-site-quoi-de-neuf\/","title":{"rendered":"The site, what&#8217;s new?"},"content":{"rendered":"\n<h2 class=\"has-large-font-size wp-block-heading\">On the Headlines :<\/h2>\n\n\n\n<p class=\"has-medium-font-size\">Who can remember? On the Club des Cent Cols website, you can also sell your equipment. 2 new ads have been added to the page dedicated to them in the <strong><a href=\"https:\/\/centcols.org\/backup\/en\/petites-annonces\/\" target=\"_blank\" rel=\"noopener\" title=\"\">Odds and ends \/ small adds<\/a><\/strong> section.<\/p>\n\n\n\n<p class=\"has-medium-font-size\"><strong>The Alpine passes that used to border&#8230; and those that did<\/strong>, a historical study whose first steps are to be discovered in\u00a0<a href=\"https:\/\/centcols.org\/backup\/categorie\/documentaires\/\" target=\"_blank\" rel=\"noreferrer noopener\">Gallery \/ Documentaires<\/a><\/p>\n\n\n\n<p class=\"has-medium-font-size\">The <strong>Cyclomontagnarde du Vercors<\/strong>, the 4 ways to do it, details, registration are in <strong><a href=\"https:\/\/centcols.org\/backup\/en\/codep-haute-savoie\/\" target=\"_blank\" rel=\"noreferrer noopener\">Les F\u00e9d\u00e9s \/ Codep<\/a><\/strong><\/p>\n\n\n\n<p class=\"has-medium-font-size\">The catalogs for <strong>Italy <\/strong>and <strong>Norway <\/strong>have been updated with about 50 new passes for one and 150 for the other.<\/p>\n\n\n\n<p class=\"has-medium-font-size\">In the footer of the home page of the site, the <a href=\"https:\/\/centcols.org\/backup\/en\/lunion-europeenne-de-cyclotourisme-uect\/\" target=\"_blank\" rel=\"noreferrer noopener\"><strong>presentation of the partnership with the UECT<\/strong><\/a><\/p>\n\n\n\n<p class=\"has-medium-font-size\">In the footer of the home page of the site, the <a href=\"https:\/\/centcols.org\/backup\/en\/le-partenariat-entre-la-federation-espagnole-de-cyclotourisme-et-le-club-des-cent-cols\/\" target=\"_blank\" rel=\"noreferrer noopener\"><strong>presentation of the partnership with the FECT<\/strong><\/a><\/p>\n\n\n\n<p class=\"has-medium-font-size\">In the &#8220;Cycle Tours&#8221; menu \/ Partner rides, the <strong><a href=\"https:\/\/centcols.org\/backup\/en\/les-traits-dunions-europeens-tue\/\" target=\"_blank\" rel=\"noreferrer noopener\">Traits d&#8217;Union Europ\u00e9ens<\/a><\/strong> of the UECT (European Cycling Federation)<\/p>\n\n\n\n<p class=\"has-medium-font-size\">In the &#8220;Cycle Tours&#8221; menu \/ Partner rides, the <a href=\"http:\/\/Dans le menu \u00ab Randonner \u00bb \/ Randonn\u00e9es Partenaires, les Radiales Ibericas de la FECT (F\u00e9d\u00e9ration Espagnole de Cyclotourisme)\" target=\"_blank\" rel=\"noreferrer noopener\"><strong>Radiales Ibericas<\/strong> <\/a>of the FECT (Spanish Cycling Federation)<\/p>\n\n\n\n<p class=\"has-medium-font-size\"><a href=\"https:\/\/centcols.org\/backup\/en\/le-partenariat-club-des-cent-cols-federation-francaise-de-cyclotourisme\/\" target=\"_blank\" rel=\"noreferrer noopener\">In the footer of the home page of the site, the presentation of the historical partnership with the FFCT<\/a><\/p>\n\n\n\n<p class=\"has-medium-font-size\"><a href=\"https:\/\/centcols.org\/backup\/en\/les-catalogues-evoluent-maintenant-en-temps-reel\/\" target=\"_blank\" rel=\"noreferrer noopener\">The catalogues are beginning to evolve in real time\u2026.<\/a><\/p>\n\n\n\n<p class=\"has-medium-font-size\"><a href=\"https:\/\/centcols.org\/backup\/en\/photos-de-cols\/\" target=\"_blank\" rel=\"noreferrer noopener\">Updates of photos of cols<\/a><\/p>\n\n\n\n<p class=\"has-medium-font-size\"><a href=\"https:\/\/centcols.org\/backup\/en\/mise-a-jour-de-catalogues\/\" target=\"_blank\" rel=\"noreferrer noopener\">Updates of catalogues<\/a><\/p>\n\n\n\n<p class=\"has-medium-font-size\"><a href=\"https:\/\/centcols.org\/backup\/en\/les-photos-du-bandeau-daccueil\/\" target=\"_blank\" rel=\"noreferrer noopener\">The photos of the home page<\/a><\/p>\n\n\n\n<p class=\"has-medium-font-size\"><a href=\"https:\/\/centcols.org\/backup\/en\/exportation-cols-openrunner\/\" target=\"_blank\" rel=\"noreferrer noopener\">Openrunner, a tutorial to export your pass list<\/a><\/p>\n\n\n\n<p class=\"has-medium-font-size\"><a href=\"https:\/\/centcols.org\/backup\/swiss-and-spanish-catalogues-updates\/\" target=\"_blank\" rel=\"noreferrer noopener\">Swiss and Spanish catalogues : updates<\/a><\/p>\n\n\n\n<p class=\"has-medium-font-size\"><a href=\"https:\/\/centcols.org\/backup\/en\/50-ans-2\/\" target=\"_blank\" rel=\"noreferrer noopener\">50 years, all about the General Assembly, videos, photos, diplomas\u2026<\/a><\/p>\n\n\n\n<p class=\"has-medium-font-size\"><a href=\"https:\/\/centcols.org\/backup\/en\/la-gazzetta\/\" target=\"_blank\" rel=\"noreferrer noopener\">The Gazette, what is it ?<\/a><\/p>\n\n\n\n<p class=\"has-medium-font-size\"><a href=\"https:\/\/centcols.org\/backup\/en\/le-randonne-permanenti-del-club-des-cent-cols\/\" target=\"_blank\" rel=\"noreferrer noopener\">The Randonn\u00e9es Permanentes of the Club des Cent Cols<\/a><\/p>\n\n\n\n<p class=\"has-medium-font-size\"><a href=\"https:\/\/centcols.org\/backup\/en\/wikipedia\/\" target=\"_blank\" rel=\"noreferrer noopener\">Wikipedia<\/a><\/p>\n\n\n\n<h2 class=\"has-large-font-size wp-block-heading\">For the record:<\/h2>\n\n\n\n<p class=\"has-medium-font-size\"><a href=\"https:\/\/centcols.org\/backup\/wp-content\/uploads\/2022\/12\/Les-nuls-declarent-leurs-cols.pdf\" target=\"_blank\" rel=\"noreferrer noopener\">The Dummies declare their cols<\/a><\/p>\n\n\n\n<p class=\"has-medium-font-size\"><a href=\"https:\/\/centcols.org\/backup\/en\/decouvrir-la-gazette-2\/\" target=\"_blank\" rel=\"noreferrer noopener\">Discover the Gazette<\/a><\/p>\n\n\n\n<p class=\"has-medium-font-size\"><a href=\"https:\/\/centcols.org\/backup\/en\/forum-2\/\" target=\"_blank\" rel=\"noreferrer noopener\">The Club des Cent Cols Forum to (re-)discover<\/a><\/p>\n\n\n\n<p class=\"has-medium-font-size\"><a href=\"https:\/\/centcols.org\/backup\/en\/cols-sur-trace-docx-2\/\" target=\"_blank\" rel=\"noreferrer noopener\">Re-discovered on the forum discussions and on Facebook&nbsp;: cols tracking<\/a><\/p>\n\n\n\n<p><\/p>\n","protected":false},"excerpt":{"rendered":"<p>On the Headlines : Who can remember? On the Club des Cent Cols website, you can also sell your equipment. 2 new ads have been added to the page dedicated to them in the Odds and ends \/ small adds section. The Alpine passes that used to border&#8230; and those that did, a historical study [&hellip;]<\/p>\n","protected":false},"author":69,"featured_media":0,"parent":0,"menu_order":0,"comment_status":"closed","ping_status":"closed","template":"","meta":{"_acf_changed":false,"ub_ctt_via":"","_monsterinsights_skip_tracking":false,"_monsterinsights_sitenote_active":false,"_monsterinsights_sitenote_note":"","_monsterinsights_sitenote_category":0,"footnotes":""},"acf":[],"featured_image_urls":{"full":"","thumbnail":"","medium":"","medium_large":"","large":"","1536x1536":"","2048x2048":"","woocommerce_thumbnail":"","woocommerce_single":"","woocommerce_gallery_thumbnail":""},"post_excerpt_stackable":"<p>On the Headlines : Who can remember? On the Club des Cent Cols website, you can also sell your equipment. 2 new ads have been added to the page dedicated to them in the Odds and ends \/ small adds section. The Alpine passes that used to border&#8230; and those that did, a historical study whose first steps are to be discovered in\u00a0Gallery \/ Documentaires The Cyclomontagnarde du Vercors, the 4 ways to do it, details, registration are in Les F\u00e9d\u00e9s \/ Codep The catalogs for Italy and Norway have been updated with about 50 new passes for one and&hellip;<\/p>\n","category_list":"","author_info":{"name":"Enrico Alberini","url":"https:\/\/centcols.org\/backup\/en\/author\/5065\/"},"comments_num":"0 comments","featured_image_urls_v2":{"full":"","thumbnail":"","medium":"","medium_large":"","large":"","1536x1536":"","2048x2048":"","woocommerce_thumbnail":"","woocommerce_single":"","woocommerce_gallery_thumbnail":""},"post_excerpt_stackable_v2":"<p>On the Headlines : Who can remember? On the Club des Cent Cols website, you can also sell your equipment. 2 new ads have been added to the page dedicated to them in the Odds and ends \/ small adds section. The Alpine passes that used to border&#8230; and those that did, a historical study whose first steps are to be discovered in\u00a0Gallery \/ Documentaires The Cyclomontagnarde du Vercors, the 4 ways to do it, details, registration are in Les F\u00e9d\u00e9s \/ Codep The catalogs for Italy and Norway have been updated with about 50 new passes for one and&hellip;<\/p>\n","category_list_v2":"","author_info_v2":{"name":"Enrico Alberini","url":"https:\/\/centcols.org\/backup\/en\/author\/5065\/"},"comments_num_v2":"0 comments","featured_image_src":null,"_links":{"self":[{"href":"https:\/\/centcols.org\/backup\/en\/wp-json\/wp\/v2\/pages\/68046"}],"collection":[{"href":"https:\/\/centcols.org\/backup\/en\/wp-json\/wp\/v2\/pages"}],"about":[{"href":"https:\/\/centcols.org\/backup\/en\/wp-json\/wp\/v2\/types\/page"}],"author":[{"embeddable":true,"href":"https:\/\/centcols.org\/backup\/en\/wp-json\/wp\/v2\/users\/69"}],"replies":[{"embeddable":true,"href":"https:\/\/centcols.org\/backup\/en\/wp-json\/wp\/v2\/comments?post=68046"}],"version-history":[{"count":0,"href":"https:\/\/centcols.org\/backup\/en\/wp-json\/wp\/v2\/pages\/68046\/revisions"}],"wp:attachment":[{"href":"https:\/\/centcols.org\/backup\/en\/wp-json\/wp\/v2\/media?parent=68046"}],"curies":[{"name":"wp","href":"https:\/\/api.w.org\/{rel}","templated":true}]}}

<h2 class="has-large-font-size wp-block-heading">On the Headlines :</h2>



<p class="has-medium-font-size">Who can remember? On the Club des Cent Cols website, you can also sell your equipment. 2 new ads have been added to the page dedicated to them in the <strong><a href="https://centcols.org/backup/en/petites-annonces/" target="_blank" rel="noopener" title="">Odds and ends / small adds</a></strong> section.</p>



<p class="has-medium-font-size"><strong>The Alpine passes that used to border&#8230; and those that did</strong>, a historical study whose first steps are to be discovered in <a href="https://centcols.org/backup/categorie/documentaires/" target="_blank" rel="noreferrer noopener">Gallery / Documentaires</a></p>



<p class="has-medium-font-size">The <strong>Cyclomontagnarde du Vercors</strong>, the 4 ways to do it, details, registration are in <strong><a href="https://centcols.org/backup/en/codep-haute-savoie/" target="_blank" rel="noreferrer noopener">Les Fédés / Codep</a></strong></p>



<p class="has-medium-font-size">The catalogs for <strong>Italy </strong>and <strong>Norway </strong>have been updated with about 50 new passes for one and 150 for the other.</p>



<p class="has-medium-font-size">In the footer of the home page of the site, the <a href="https://centcols.org/backup/en/lunion-europeenne-de-cyclotourisme-uect/" target="_blank" rel="noreferrer noopener"><strong>presentation of the partnership with the UECT</strong></a></p>



<p class="has-medium-font-size">In the footer of the home page of the site, the <a href="https://centcols.org/backup/en/le-partenariat-entre-la-federation-espagnole-de-cyclotourisme-et-le-club-des-cent-cols/" target="_blank" rel="noreferrer noopener"><strong>presentation of the partnership with the FECT</strong></a></p>



<p class="has-medium-font-size">In the &#8220;Cycle Tours&#8221; menu / Partner rides, the <strong><a href="https://centcols.org/backup/en/les-traits-dunions-europeens-tue/" target="_blank" rel="noreferrer noopener">Traits d&#8217;Union Européens</a></strong> of the UECT (European Cycling Federation)</p>



<p class="has-medium-font-size">In the &#8220;Cycle Tours&#8221; menu / Partner rides, the <a href="http://Dans le menu « Randonner » / Randonnées Partenaires, les Radiales Ibericas de la FECT (Fédération Espagnole de Cyclotourisme)" target="_blank" rel="noreferrer noopener"><strong>Radiales Ibericas</strong> </a>of the FECT (Spanish Cycling Federation)</p>



<p class="has-medium-font-size"><a href="https://centcols.org/backup/en/le-partenariat-club-des-cent-cols-federation-francaise-de-cyclotourisme/" target="_blank" rel="noreferrer noopener">In the footer of the home page of the site, the presentation of the historical partnership with the FFCT</a></p>



<p class="has-medium-font-size"><a href="https://centcols.org/backup/en/les-catalogues-evoluent-maintenant-en-temps-reel/" target="_blank" rel="noreferrer noopener">The catalogues are beginning to evolve in real time….</a></p>



<p class="has-medium-font-size"><a href="https://centcols.org/backup/en/photos-de-cols/" target="_blank" rel="noreferrer noopener">Updates of photos of cols</a></p>



<p class="has-medium-font-size"><a href="https://centcols.org/backup/en/mise-a-jour-de-catalogues/" target="_blank" rel="noreferrer noopener">Updates of catalogues</a></p>



<p class="has-medium-font-size"><a href="https://centcols.org/backup/en/les-photos-du-bandeau-daccueil/" target="_blank" rel="noreferrer noopener">The photos of the home page</a></p>



<p class="has-medium-font-size"><a href="https://centcols.org/backup/en/exportation-cols-openrunner/" target="_blank" rel="noreferrer noopener">Openrunner, a tutorial to export your pass list</a></p>



<p class="has-medium-font-size"><a href="https://centcols.org/backup/swiss-and-spanish-catalogues-updates/" target="_blank" rel="noreferrer noopener">Swiss and Spanish catalogues : updates</a></p>



<p class="has-medium-font-size"><a href="https://centcols.org/backup/en/50-ans-2/" target="_blank" rel="noreferrer noopener">50 years, all about the General Assembly, videos, photos, diplomas…</a></p>



<p class="has-medium-font-size"><a href="https://centcols.org/backup/en/la-gazzetta/" target="_blank" rel="noreferrer noopener">The Gazette, what is it ?</a></p>



<p class="has-medium-font-size"><a href="https://centcols.org/backup/en/le-randonne-permanenti-del-club-des-cent-cols/" target="_blank" rel="noreferrer noopener">The Randonnées Permanentes of the Club des Cent Cols</a></p>



<p class="has-medium-font-size"><a href="https://centcols.org/backup/en/wikipedia/" target="_blank" rel="noreferrer noopener">Wikipedia</a></p>



<h2 class="has-large-font-size wp-block-heading">For the record:</h2>



<p class="has-medium-font-size"><a href="https://centcols.org/backup/wp-content/uploads/2022/12/Les-nuls-declarent-leurs-cols.pdf" target="_blank" rel="noreferrer noopener">The Dummies declare their cols</a></p>



<p class="has-medium-font-size"><a href="https://centcols.org/backup/en/decouvrir-la-gazette-2/" target="_blank" rel="noreferrer noopener">Discover the Gazette</a></p>



<p class="has-medium-font-size"><a href="https://centcols.org/backup/en/forum-2/" target="_blank" rel="noreferrer noopener">The Club des Cent Cols Forum to (re-)discover</a></p>



<p class="has-medium-font-size"><a href="https://centcols.org/backup/en/cols-sur-trace-docx-2/" target="_blank" rel="noreferrer noopener">Re-discovered on the forum discussions and on Facebook&nbsp;: cols tracking</a></p>



<p></p>

<p>On the Headlines : Who can remember? On the Club des Cent Cols website, you can also sell your equipment. 2 new ads have been added to the page dedicated to them in the Odds and ends / small adds section. The Alpine passes that used to border&#8230; and those that did, a historical study whose first steps are to be discovered in Gallery / Documentaires The Cyclomontagnarde du Vercors, the 4 ways to do it, details, registration are in Les Fédés / Codep The catalogs for Italy and Norway have been updated with about 50 new passes for one and&hellip;</p>
