{"id":68954,"date":"2022-07-22T18:14:31","date_gmt":"2022-07-22T16:14:31","guid":{"rendered":"https:\/\/centcols.org\/backup\/le-club-y-etait\/"},"modified":"2023-12-16T18:03:30","modified_gmt":"2023-12-16T17:03:30","slug":"le-club-y-etait","status":"publish","type":"page","link":"https:\/\/centcols.org\/backup\/en\/le-club-y-etait\/","title":{"rendered":"Member&#8217;s activities"},"content":{"rendered":"\n<h3 class=\"kt-adv-heading68954_8c2429-7a wp-block-kadence-advancedheading\" data-kb-block=\"kb-adv-heading68954_8c2429-7a\">Members are going to do it<\/h3>\n\n\n\n<h3 class=\"kt-adv-heading68954_8a3ccf-71 wp-block-kadence-advancedheading\" data-kb-block=\"kb-adv-heading68954_8a3ccf-71\">Members did it<\/h3>\n\n\n\n<p><strong>Challenge of the 100, 150, 200 most beautiful road passes of the Alps<\/strong>: the update of the <strong><a href=\"https:\/\/centcols.org\/backup\/en\/challenge-des-cents\/\" target=\"_blank\" rel=\"noreferrer noopener\">participants<\/a><\/strong><\/p>\n\n\n\n<p><a href=\"https:\/\/centcols.org\/backup\/en\/bcn-bpf-les-laureats-2022-du-club\/\">BCN, BPF, the club&#8217;s 2022 laureates<\/a><\/p>\n\n\n\n<p><a href=\"https:\/\/centcols.org\/backup\/en\/les-brevets-nationaux-2\/\">Les brevets des cols routiers nationaux<\/a><\/p>\n\n\n\n<h3 class=\"kt-adv-heading68954_2f7c9b-b4 wp-block-kadence-advancedheading\" data-kb-block=\"kb-adv-heading68954_2f7c9b-b4\">News of Randonn\u00e9es Permanentes<\/h3>\n\n\n\n<p><a href=\"https:\/\/centcols.org\/backup\/en\/rp-pays-2\/\">Les Randonn\u00e9es Permanentes : les pays d&#8217;origine des participants&nbsp;<\/a><\/p>\n\n\n\n<p><a href=\"https:\/\/centcols.org\/backup\/en\/rp-historique-2\/\">Les Randonn\u00e9es Permanentes : l&#8217;historique<\/a><\/p>\n\n\n\n<p><a href=\"https:\/\/centcols.org\/backup\/en\/les-rp-evoluent-2-2\/\">Les randonn\u00e9es permanentes : elles \u00e9voluent<\/a><\/p>\n\n\n\n<h3 class=\"wp-block-heading\">Internal events<\/h3>\n\n\n\n<p><strong>Alpes du Sud<\/strong> regional gathering&nbsp;\u2013 Saturday 19 august 2023 \u2013 Col des Sagnes \u2013&nbsp;<a href=\"https:\/\/centcols.org\/backup\/en\/rassemblement-alpes-sud\/\" target=\"_blank\" rel=\"noopener\" title=\"\">Programme<\/a><\/p>\n\n\n\n<p><strong>Swiss meeting in Montbenoit<\/strong> (France) on july 15 : <a href=\"https:\/\/centcols.org\/backup\/en\/montbenoit\/\" target=\"_blank\" rel=\"noopener\" title=\"\">report<\/a><\/p>\n\n\n\n<p><a href=\"https:\/\/centcols.org\/backup\/en\/todtmoos\/\" target=\"_blank\" rel=\"noopener\" title=\"\"><strong>Spring s\u00e9jour<\/strong> from 19 to 26 May 2023 at <strong>Todtmoos<\/strong><\/a><\/p>\n\n\n\n<p><strong><a href=\"https:\/\/centcols.org\/backup\/en\/ge-planche\/\" target=\"_blank\" rel=\"noopener\" title=\"\">Grand Est Regional Meeting<\/a><\/strong> &#8211; Plancher-les-Mines &#8211; 27 May 2023<\/p>\n\n\n\n<p><strong><strong>Swiss Mountain Bike meeting &#8211; <\/strong><\/strong>Ballens&nbsp;&#8211; 3 June 2023 &#8211;&nbsp;<a href=\"https:\/\/centcols.org\/backup\/en\/rencontre-suisse-ballens\/\" target=\"_blank\" rel=\"noopener\" title=\"\">Report <\/a><\/p>\n\n\n\n<p><a href=\"https:\/\/centcols.org\/backup\/en\/rencontre-regionale-suisse-vtt\/\" target=\"_blank\" rel=\"noreferrer noopener\"><s>Mountain bike meeting &#8211; Switzerland &#8211; Puidoux &#8211; 16 April 2023<\/s><\/a> &#8211; Cancelled (weather)<\/p>\n\n\n\n<p><a href=\"https:\/\/centcols.org\/backup\/en\/rencontre-suisse-la-fondue-de-vevey\/\" target=\"_blank\" rel=\"noreferrer noopener\">Swiss meeting: the fondue of Vevey &#8211; march 24, 2023<\/a><\/p>\n\n\n\n<h3 class=\"wp-block-heading\">External events<\/h3>\n\n\n\n<p><strong>Vosges Mountain<\/strong> <strong>ride <\/strong>(8 and 9 july 2023) \u2013 <a href=\"https:\/\/centcols.org\/backup\/en\/cyclom-vosges\/\" target=\"_blank\" rel=\"noopener\" title=\"\">Summary<\/a><\/p>\n","protected":false},"excerpt":{"rendered":"<p>Challenge of the 100, 150, 200 most beautiful road passes of the Alps: the update of the participants BCN, BPF, the club&#8217;s 2022 laureates Les brevets des cols routiers nationaux Les Randonn\u00e9es Permanentes : les pays d&#8217;origine des participants&nbsp; Les Randonn\u00e9es Permanentes : l&#8217;historique Les randonn\u00e9es permanentes : elles \u00e9voluent Internal events Alpes du Sud [&hellip;]<\/p>\n","protected":false},"author":69,"featured_media":0,"parent":0,"menu_order":0,"comment_status":"closed","ping_status":"closed","template":"","meta":{"_acf_changed":false,"ub_ctt_via":"","_monsterinsights_skip_tracking":false,"_monsterinsights_sitenote_active":false,"_monsterinsights_sitenote_note":"","_monsterinsights_sitenote_category":0,"footnotes":""},"acf":[],"featured_image_urls":{"full":"","thumbnail":"","medium":"","medium_large":"","large":"","1536x1536":"","2048x2048":"","woocommerce_thumbnail":"","woocommerce_single":"","woocommerce_gallery_thumbnail":""},"post_excerpt_stackable":"<p>Members are going to do it Members did it Challenge of the 100, 150, 200 most beautiful road passes of the Alps: the update of the participants BCN, BPF, the club&#8217;s 2022 laureates Les brevets des cols routiers nationaux News of Randonn\u00e9es Permanentes Les Randonn\u00e9es Permanentes : les pays d&#8217;origine des participants&nbsp; Les Randonn\u00e9es Permanentes : l&#8217;historique Les randonn\u00e9es permanentes : elles \u00e9voluent Internal events Alpes du Sud regional gathering&nbsp;\u2013 Saturday 19 august 2023 \u2013 Col des Sagnes \u2013&nbsp;Programme Swiss meeting in Montbenoit (France) on july 15 : report Spring s\u00e9jour from 19 to 26 May 2023 at Todtmoos Grand&hellip;<\/p>\n","category_list":"","author_info":{"name":"Enrico Alberini","url":"https:\/\/centcols.org\/backup\/en\/author\/5065\/"},"comments_num":"0 comments","featured_image_urls_v2":{"full":"","thumbnail":"","medium":"","medium_large":"","large":"","1536x1536":"","2048x2048":"","woocommerce_thumbnail":"","woocommerce_single":"","woocommerce_gallery_thumbnail":""},"post_excerpt_stackable_v2":"<p>Members are going to do it Members did it Challenge of the 100, 150, 200 most beautiful road passes of the Alps: the update of the participants BCN, BPF, the club&#8217;s 2022 laureates Les brevets des cols routiers nationaux News of Randonn\u00e9es Permanentes Les Randonn\u00e9es Permanentes : les pays d&#8217;origine des participants&nbsp; Les Randonn\u00e9es Permanentes : l&#8217;historique Les randonn\u00e9es permanentes : elles \u00e9voluent Internal events Alpes du Sud regional gathering&nbsp;\u2013 Saturday 19 august 2023 \u2013 Col des Sagnes \u2013&nbsp;Programme Swiss meeting in Montbenoit (France) on july 15 : report Spring s\u00e9jour from 19 to 26 May 2023 at Todtmoos Grand&hellip;<\/p>\n","category_list_v2":"","author_info_v2":{"name":"Enrico Alberini","url":"https:\/\/centcols.org\/backup\/en\/author\/5065\/"},"comments_num_v2":"0 comments","featured_image_src":null,"_links":{"self":[{"href":"https:\/\/centcols.org\/backup\/en\/wp-json\/wp\/v2\/pages\/68954"}],"collection":[{"href":"https:\/\/centcols.org\/backup\/en\/wp-json\/wp\/v2\/pages"}],"about":[{"href":"https:\/\/centcols.org\/backup\/en\/wp-json\/wp\/v2\/types\/page"}],"author":[{"embeddable":true,"href":"https:\/\/centcols.org\/backup\/en\/wp-json\/wp\/v2\/users\/69"}],"replies":[{"embeddable":true,"href":"https:\/\/centcols.org\/backup\/en\/wp-json\/wp\/v2\/comments?post=68954"}],"version-history":[{"count":0,"href":"https:\/\/centcols.org\/backup\/en\/wp-json\/wp\/v2\/pages\/68954\/revisions"}],"wp:attachment":[{"href":"https:\/\/centcols.org\/backup\/en\/wp-json\/wp\/v2\/media?parent=68954"}],"curies":[{"name":"wp","href":"https:\/\/api.w.org\/{rel}","templated":true}]}}

<h3 class="kt-adv-heading68954_8c2429-7a wp-block-kadence-advancedheading" data-kb-block="kb-adv-heading68954_8c2429-7a">Members are going to do it</h3>



<h3 class="kt-adv-heading68954_8a3ccf-71 wp-block-kadence-advancedheading" data-kb-block="kb-adv-heading68954_8a3ccf-71">Members did it</h3>



<p><strong>Challenge of the 100, 150, 200 most beautiful road passes of the Alps</strong>: the update of the <strong><a href="https://centcols.org/backup/en/challenge-des-cents/" target="_blank" rel="noreferrer noopener">participants</a></strong></p>



<p><a href="https://centcols.org/backup/en/bcn-bpf-les-laureats-2022-du-club/">BCN, BPF, the club&#8217;s 2022 laureates</a></p>



<p><a href="https://centcols.org/backup/en/les-brevets-nationaux-2/">Les brevets des cols routiers nationaux</a></p>



<h3 class="kt-adv-heading68954_2f7c9b-b4 wp-block-kadence-advancedheading" data-kb-block="kb-adv-heading68954_2f7c9b-b4">News of Randonnées Permanentes</h3>



<p><a href="https://centcols.org/backup/en/rp-pays-2/">Les Randonnées Permanentes : les pays d&#8217;origine des participants&nbsp;</a></p>



<p><a href="https://centcols.org/backup/en/rp-historique-2/">Les Randonnées Permanentes : l&#8217;historique</a></p>



<p><a href="https://centcols.org/backup/en/les-rp-evoluent-2-2/">Les randonnées permanentes : elles évoluent</a></p>



<h3 class="wp-block-heading">Internal events</h3>



<p><strong>Alpes du Sud</strong> regional gathering&nbsp;– Saturday 19 august 2023 – Col des Sagnes –&nbsp;<a href="https://centcols.org/backup/en/rassemblement-alpes-sud/" target="_blank" rel="noopener" title="">Programme</a></p>



<p><strong>Swiss meeting in Montbenoit</strong> (France) on july 15 : <a href="https://centcols.org/backup/en/montbenoit/" target="_blank" rel="noopener" title="">report</a></p>



<p><a href="https://centcols.org/backup/en/todtmoos/" target="_blank" rel="noopener" title=""><strong>Spring séjour</strong> from 19 to 26 May 2023 at <strong>Todtmoos</strong></a></p>



<p><strong><a href="https://centcols.org/backup/en/ge-planche/" target="_blank" rel="noopener" title="">Grand Est Regional Meeting</a></strong> &#8211; Plancher-les-Mines &#8211; 27 May 2023</p>



<p><strong><strong>Swiss Mountain Bike meeting &#8211; </strong></strong>Ballens&nbsp;&#8211; 3 June 2023 &#8211;&nbsp;<a href="https://centcols.org/backup/en/rencontre-suisse-ballens/" target="_blank" rel="noopener" title="">Report </a></p>



<p><a href="https://centcols.org/backup/en/rencontre-regionale-suisse-vtt/" target="_blank" rel="noreferrer noopener"><s>Mountain bike meeting &#8211; Switzerland &#8211; Puidoux &#8211; 16 April 2023</s></a> &#8211; Cancelled (weather)</p>



<p><a href="https://centcols.org/backup/en/rencontre-suisse-la-fondue-de-vevey/" target="_blank" rel="noreferrer noopener">Swiss meeting: the fondue of Vevey &#8211; march 24, 2023</a></p>



<h3 class="wp-block-heading">External events</h3>



<p><strong>Vosges Mountain</strong> <strong>ride </strong>(8 and 9 july 2023) – <a href="https://centcols.org/backup/en/cyclom-vosges/" target="_blank" rel="noopener" title="">Summary</a></p>

<p>Challenge of the 100, 150, 200 most beautiful road passes of the Alps: the update of the participants BCN, BPF, the club&#8217;s 2022 laureates Les brevets des cols routiers nationaux Les Randonnées Permanentes : les pays d&#8217;origine des participants&nbsp; Les Randonnées Permanentes : l&#8217;historique Les randonnées permanentes : elles évoluent Internal events Alpes du Sud [&hellip;]</p>

<p>Members are going to do it Members did it Challenge of the 100, 150, 200 most beautiful road passes of the Alps: the update of the participants BCN, BPF, the club&#8217;s 2022 laureates Les brevets des cols routiers nationaux News of Randonnées Permanentes Les Randonnées Permanentes : les pays d&#8217;origine des participants&nbsp; Les Randonnées Permanentes : l&#8217;historique Les randonnées permanentes : elles évoluent Internal events Alpes du Sud regional gathering&nbsp;– Saturday 19 august 2023 – Col des Sagnes –&nbsp;Programme Swiss meeting in Montbenoit (France) on july 15 : report Spring séjour from 19 to 26 May 2023 at Todtmoos Grand&hellip;</p>
