{"id":69270,"date":"2022-12-22T09:55:29","date_gmt":"2022-12-22T08:55:29","guid":{"rendered":"https:\/\/centcols.org\/backup\/?page_id=69270"},"modified":"2022-12-22T09:55:30","modified_gmt":"2022-12-22T08:55:30","slug":"le-port-du-casque-obligatoire-a-velo","status":"publish","type":"page","link":"https:\/\/centcols.org\/backup\/en\/le-port-du-casque-obligatoire-a-velo\/","title":{"rendered":"Le port du casque obligatoire \u00e0 v\u00e9lo ?"},"content":{"rendered":"\n<p>La question s\u2019est pos\u00e9e r\u00e9cemment (janvier 2022) au s\u00e9nat fran\u00e7ais d\u2019\u00e9tendre \u00e0<br>tous les cyclistes l&#8217;obligation du port du casque, actuellement exig\u00e9 uniquement pour les enfants<br>jusqu\u2019\u00e0 12 ans.<\/p>\n\n\n\n<p>En tant que pratiquant, cyclotouriste, casqu\u00e9 depuis des ann\u00e9es, ma premi\u00e8re<br>intuition a \u00e9t\u00e9 de r\u00e9pondre \u00ab oui, bien s\u00fbr \u00bb. Car, j\u2019en ai fait l\u2019exp\u00e9rience<br>personnelle lors d\u2019une chute, le port du casque am\u00e9liore \u00e9videmment la<br>s\u00e9curit\u00e9 du cycliste. Si ce n\u2019est pas une protection absolue (le casque est<br>l\u00e9ger), plus le nombre de cyclistes augmente, ce qui se produit en ce moment, plus leur s\u00e9curit\u00e9<br>deviendra une question importante et r\u00e9currente.<\/p>\n\n\n\n<p>Je me suis m\u00eame demand\u00e9 comment on pouvait \u00eatre contre le port du casque : au quotidien on se met <br>des chaussures pour se prot\u00e9ger les pieds et en v\u00e9lo on ne mettrait pas de casque pour se prot\u00e9ger la t\u00eate ?<\/p>\n\n\n\n<p>A ma grande surprise, apr\u00e8s recherches, j\u2019ai trouv\u00e9 de bonnes raisons.<\/p>\n\n\n\n<ol><li>Les \u00e9tudes d\u2019accidentologie montrent que les traumatismes cr\u00e2niens de<br>cyclistes (hors VTT) sont en grande majorit\u00e9 provoqu\u00e9s par des chocs<br>lat\u00e9raux (v\u00e9hicules motoris\u00e9s) pour lesquels le port du casque n\u2019est pas<br>d\u2019une grande utilit\u00e9<br><\/li><li>Les pays qui ont une longue culture du v\u00e9lo multiservice quotidien (les<br>Pays-Bas, le Danemark, l\u2019Allemagne par exemple) n\u2019ont pas rendu<br>obligatoire le port du casque. Il doit bien y avoir une raison !<br><\/li><li>Trois pays dans le monde l\u2019ont rendu obligatoire : l\u2019Australie, la<br>Nouvelle-Z\u00e9lande et quelques provinces du Canada. Avec comme r\u00e9sultat<br>d\u2019abord que l\u2019accidentologie n\u2019a pas baiss\u00e9 (forc\u00e9ment c\u2019est la raison 1)<br>mais surtout que la pratique du v\u00e9lo a baiss\u00e9.<br>C\u2019est le contraire de ce que l\u2019on recherche : dans nos rues et sur nos routes, il<br>vaut mieux 1000 cyclistes non casqu\u00e9s que 1.000 automobilistes, les b\u00e9n\u00e9fices<br>li\u00e9s \u00e0 la pratique du v\u00e9lo (en mati\u00e8re de sant\u00e9 publique vs s\u00e9dentarit\u00e9, ou de<br>diminution de la pollution) sont largement sup\u00e9rieurs aux risques.<br><br>La conclusion est donc \u00e9vidente : <strong>OUI au port du casque,<\/strong> \u00e0 titre individuel selon<br>la libert\u00e9 de chacun, <strong>NON \u00e0 son obligation<\/strong>.<\/li><\/ol>\n\n\n\n<p class=\"has-text-align-right\">Denis Chouquet-Stringer<br>CCC 6183<br>Avril 2022<\/p>\n","protected":false},"excerpt":{"rendered":"<p>La question s\u2019est pos\u00e9e r\u00e9cemment (janvier 2022) au s\u00e9nat fran\u00e7ais d\u2019\u00e9tendre \u00e0tous les cyclistes l&#8217;obligation du port du casque, actuellement exig\u00e9 uniquement pour les enfantsjusqu\u2019\u00e0 12 ans. En tant que pratiquant, cyclotouriste, casqu\u00e9 depuis des ann\u00e9es, ma premi\u00e8reintuition a \u00e9t\u00e9 de r\u00e9pondre \u00ab oui, bien s\u00fbr \u00bb. Car, j\u2019en ai fait l\u2019exp\u00e9riencepersonnelle lors d\u2019une chute, [&hellip;]<\/p>\n","protected":false},"author":397,"featured_media":0,"parent":0,"menu_order":0,"comment_status":"closed","ping_status":"closed","template":"","meta":{"_acf_changed":false,"ub_ctt_via":"","_monsterinsights_skip_tracking":false,"_monsterinsights_sitenote_active":false,"_monsterinsights_sitenote_note":"","_monsterinsights_sitenote_category":0,"footnotes":""},"acf":[],"featured_image_urls":{"full":"","thumbnail":"","medium":"","medium_large":"","large":"","1536x1536":"","2048x2048":"","woocommerce_thumbnail":"","woocommerce_single":"","woocommerce_gallery_thumbnail":""},"post_excerpt_stackable":"<p>La question s\u2019est pos\u00e9e r\u00e9cemment (janvier 2022) au s\u00e9nat fran\u00e7ais d\u2019\u00e9tendre \u00e0tous les cyclistes l&#8217;obligation du port du casque, actuellement exig\u00e9 uniquement pour les enfantsjusqu\u2019\u00e0 12 ans. En tant que pratiquant, cyclotouriste, casqu\u00e9 depuis des ann\u00e9es, ma premi\u00e8reintuition a \u00e9t\u00e9 de r\u00e9pondre \u00ab oui, bien s\u00fbr \u00bb. Car, j\u2019en ai fait l\u2019exp\u00e9riencepersonnelle lors d\u2019une chute, le port du casque am\u00e9liore \u00e9videmment las\u00e9curit\u00e9 du cycliste. Si ce n\u2019est pas une protection absolue (le casque estl\u00e9ger), plus le nombre de cyclistes augmente, ce qui se produit en ce moment, plus leur s\u00e9curit\u00e9deviendra une question importante et r\u00e9currente. Je me suis m\u00eame demand\u00e9&hellip;<\/p>\n","category_list":"","author_info":{"name":"Denis Chouquet-Stringer","url":"https:\/\/centcols.org\/backup\/en\/author\/6183\/"},"comments_num":"0 comments","featured_image_urls_v2":{"full":"","thumbnail":"","medium":"","medium_large":"","large":"","1536x1536":"","2048x2048":"","woocommerce_thumbnail":"","woocommerce_single":"","woocommerce_gallery_thumbnail":""},"post_excerpt_stackable_v2":"<p>La question s\u2019est pos\u00e9e r\u00e9cemment (janvier 2022) au s\u00e9nat fran\u00e7ais d\u2019\u00e9tendre \u00e0tous les cyclistes l&#8217;obligation du port du casque, actuellement exig\u00e9 uniquement pour les enfantsjusqu\u2019\u00e0 12 ans. En tant que pratiquant, cyclotouriste, casqu\u00e9 depuis des ann\u00e9es, ma premi\u00e8reintuition a \u00e9t\u00e9 de r\u00e9pondre \u00ab oui, bien s\u00fbr \u00bb. Car, j\u2019en ai fait l\u2019exp\u00e9riencepersonnelle lors d\u2019une chute, le port du casque am\u00e9liore \u00e9videmment las\u00e9curit\u00e9 du cycliste. Si ce n\u2019est pas une protection absolue (le casque estl\u00e9ger), plus le nombre de cyclistes augmente, ce qui se produit en ce moment, plus leur s\u00e9curit\u00e9deviendra une question importante et r\u00e9currente. Je me suis m\u00eame demand\u00e9&hellip;<\/p>\n","category_list_v2":"","author_info_v2":{"name":"Denis Chouquet-Stringer","url":"https:\/\/centcols.org\/backup\/en\/author\/6183\/"},"comments_num_v2":"0 comments","featured_image_src":null,"_links":{"self":[{"href":"https:\/\/centcols.org\/backup\/en\/wp-json\/wp\/v2\/pages\/69270"}],"collection":[{"href":"https:\/\/centcols.org\/backup\/en\/wp-json\/wp\/v2\/pages"}],"about":[{"href":"https:\/\/centcols.org\/backup\/en\/wp-json\/wp\/v2\/types\/page"}],"author":[{"embeddable":true,"href":"https:\/\/centcols.org\/backup\/en\/wp-json\/wp\/v2\/users\/397"}],"replies":[{"embeddable":true,"href":"https:\/\/centcols.org\/backup\/en\/wp-json\/wp\/v2\/comments?post=69270"}],"version-history":[{"count":0,"href":"https:\/\/centcols.org\/backup\/en\/wp-json\/wp\/v2\/pages\/69270\/revisions"}],"wp:attachment":[{"href":"https:\/\/centcols.org\/backup\/en\/wp-json\/wp\/v2\/media?parent=69270"}],"curies":[{"name":"wp","href":"https:\/\/api.w.org\/{rel}","templated":true}]}}

Le port du casque obligatoire à vélo ?

<p>La question s’est posée récemment (janvier 2022) au sénat français d’étendre à<br>tous les cyclistes l&#8217;obligation du port du casque, actuellement exigé uniquement pour les enfants<br>jusqu’à 12 ans.</p>



<p>En tant que pratiquant, cyclotouriste, casqué depuis des années, ma première<br>intuition a été de répondre « oui, bien sûr ». Car, j’en ai fait l’expérience<br>personnelle lors d’une chute, le port du casque améliore évidemment la<br>sécurité du cycliste. Si ce n’est pas une protection absolue (le casque est<br>léger), plus le nombre de cyclistes augmente, ce qui se produit en ce moment, plus leur sécurité<br>deviendra une question importante et récurrente.</p>



<p>Je me suis même demandé comment on pouvait être contre le port du casque : au quotidien on se met <br>des chaussures pour se protéger les pieds et en vélo on ne mettrait pas de casque pour se protéger la tête ?</p>



<p>A ma grande surprise, après recherches, j’ai trouvé de bonnes raisons.</p>



<ol><li>Les études d’accidentologie montrent que les traumatismes crâniens de<br>cyclistes (hors VTT) sont en grande majorité provoqués par des chocs<br>latéraux (véhicules motorisés) pour lesquels le port du casque n’est pas<br>d’une grande utilité<br></li><li>Les pays qui ont une longue culture du vélo multiservice quotidien (les<br>Pays-Bas, le Danemark, l’Allemagne par exemple) n’ont pas rendu<br>obligatoire le port du casque. Il doit bien y avoir une raison !<br></li><li>Trois pays dans le monde l’ont rendu obligatoire : l’Australie, la<br>Nouvelle-Zélande et quelques provinces du Canada. Avec comme résultat<br>d’abord que l’accidentologie n’a pas baissé (forcément c’est la raison 1)<br>mais surtout que la pratique du vélo a baissé.<br>C’est le contraire de ce que l’on recherche : dans nos rues et sur nos routes, il<br>vaut mieux 1000 cyclistes non casqués que 1.000 automobilistes, les bénéfices<br>liés à la pratique du vélo (en matière de santé publique vs sédentarité, ou de<br>diminution de la pollution) sont largement supérieurs aux risques.<br><br>La conclusion est donc évidente : <strong>OUI au port du casque,</strong> à titre individuel selon<br>la liberté de chacun, <strong>NON à son obligation</strong>.</li></ol>



<p class="has-text-align-right">Denis Chouquet-Stringer<br>CCC 6183<br>Avril 2022</p>

<p>La question s’est posée récemment (janvier 2022) au sénat français d’étendre àtous les cyclistes l&#8217;obligation du port du casque, actuellement exigé uniquement pour les enfantsjusqu’à 12 ans. En tant que pratiquant, cyclotouriste, casqué depuis des années, ma premièreintuition a été de répondre « oui, bien sûr ». Car, j’en ai fait l’expériencepersonnelle lors d’une chute, [&hellip;]</p>

<p>La question s’est posée récemment (janvier 2022) au sénat français d’étendre àtous les cyclistes l&#8217;obligation du port du casque, actuellement exigé uniquement pour les enfantsjusqu’à 12 ans. En tant que pratiquant, cyclotouriste, casqué depuis des années, ma premièreintuition a été de répondre « oui, bien sûr ». Car, j’en ai fait l’expériencepersonnelle lors d’une chute, le port du casque améliore évidemment lasécurité du cycliste. Si ce n’est pas une protection absolue (le casque estléger), plus le nombre de cyclistes augmente, ce qui se produit en ce moment, plus leur sécuritédeviendra une question importante et récurrente. Je me suis même demandé&hellip;</p>
