{"id":69873,"date":"2022-07-22T18:22:53","date_gmt":"2022-07-22T16:22:53","guid":{"rendered":"https:\/\/centcols.org\/backup\/coreg\/"},"modified":"2023-04-15T22:56:03","modified_gmt":"2023-04-15T20:56:03","slug":"coreg","status":"publish","type":"page","link":"https:\/\/centcols.org\/backup\/en\/coreg\/","title":{"rendered":"COREG"},"content":{"rendered":"\n<p>The <strong><a href=\"https:\/\/centcols.org\/backup\/en\/coregs-stay-casteljau\/\" target=\"_blank\" rel=\"noreferrer noopener\">Coreg&#8217;s multi-activity stay <\/a><\/strong> in Casteljau (France &#8211; Ard\u00e8che) from September 28 to October 2, 2023 <\/p>\n\n\n\n<p><a href=\"https:\/\/centcols.org\/backup\/le-coreg-corse-se-presente\/\">The Coreg of Corsica introduces itself<\/a><\/p>\n\n\n\n<p>Participez au <a href=\"https:\/\/centcols.org\/backup\/en\/note-pour-gazette-bandol-ffct-2\/\">s\u00e9jour cyclotouriste<\/a> du Coreg \u00e0 Bandol du 8 au 15 avril 2023<\/p>\n","protected":false},"excerpt":{"rendered":"<p>The Coreg&#8217;s multi-activity stay in Casteljau (France &#8211; Ard\u00e8che) from September 28 to October 2, 2023 The Coreg of Corsica introduces itself Participez au s\u00e9jour cyclotouriste du Coreg \u00e0 Bandol du 8 au 15 avril 2023<\/p>\n","protected":false},"author":69,"featured_media":0,"parent":0,"menu_order":0,"comment_status":"closed","ping_status":"closed","template":"","meta":{"_acf_changed":false,"ub_ctt_via":"","_monsterinsights_skip_tracking":false,"_monsterinsights_sitenote_active":false,"_monsterinsights_sitenote_note":"","_monsterinsights_sitenote_category":0,"footnotes":""},"acf":[],"featured_image_urls":{"full":"","thumbnail":"","medium":"","medium_large":"","large":"","1536x1536":"","2048x2048":"","woocommerce_thumbnail":"","woocommerce_single":"","woocommerce_gallery_thumbnail":""},"post_excerpt_stackable":"<p>The Coreg&#8217;s multi-activity stay in Casteljau (France &#8211; Ard\u00e8che) from September 28 to October 2, 2023 The Coreg of Corsica introduces itself Participez au s\u00e9jour cyclotouriste du Coreg \u00e0 Bandol du 8 au 15 avril 2023<\/p>\n","category_list":"","author_info":{"name":"Enrico Alberini","url":"https:\/\/centcols.org\/backup\/en\/author\/5065\/"},"comments_num":"0 comments","featured_image_urls_v2":{"full":"","thumbnail":"","medium":"","medium_large":"","large":"","1536x1536":"","2048x2048":"","woocommerce_thumbnail":"","woocommerce_single":"","woocommerce_gallery_thumbnail":""},"post_excerpt_stackable_v2":"<p>The Coreg&#8217;s multi-activity stay in Casteljau (France &#8211; Ard\u00e8che) from September 28 to October 2, 2023 The Coreg of Corsica introduces itself Participez au s\u00e9jour cyclotouriste du Coreg \u00e0 Bandol du 8 au 15 avril 2023<\/p>\n","category_list_v2":"","author_info_v2":{"name":"Enrico Alberini","url":"https:\/\/centcols.org\/backup\/en\/author\/5065\/"},"comments_num_v2":"0 comments","featured_image_src":null,"_links":{"self":[{"href":"https:\/\/centcols.org\/backup\/en\/wp-json\/wp\/v2\/pages\/69873"}],"collection":[{"href":"https:\/\/centcols.org\/backup\/en\/wp-json\/wp\/v2\/pages"}],"about":[{"href":"https:\/\/centcols.org\/backup\/en\/wp-json\/wp\/v2\/types\/page"}],"author":[{"embeddable":true,"href":"https:\/\/centcols.org\/backup\/en\/wp-json\/wp\/v2\/users\/69"}],"replies":[{"embeddable":true,"href":"https:\/\/centcols.org\/backup\/en\/wp-json\/wp\/v2\/comments?post=69873"}],"version-history":[{"count":0,"href":"https:\/\/centcols.org\/backup\/en\/wp-json\/wp\/v2\/pages\/69873\/revisions"}],"wp:attachment":[{"href":"https:\/\/centcols.org\/backup\/en\/wp-json\/wp\/v2\/media?parent=69873"}],"curies":[{"name":"wp","href":"https:\/\/api.w.org\/{rel}","templated":true}]}}

<p>The <strong><a href="https://centcols.org/backup/en/coregs-stay-casteljau/" target="_blank" rel="noreferrer noopener">Coreg&#8217;s multi-activity stay </a></strong> in Casteljau (France &#8211; Ardèche) from September 28 to October 2, 2023 </p>



<p><a href="https://centcols.org/backup/le-coreg-corse-se-presente/">The Coreg of Corsica introduces itself</a></p>



<p>Participez au <a href="https://centcols.org/backup/en/note-pour-gazette-bandol-ffct-2/">séjour cyclotouriste</a> du Coreg à Bandol du 8 au 15 avril 2023</p>

<p>The Coreg&#8217;s multi-activity stay in Casteljau (France &#8211; Ardèche) from September 28 to October 2, 2023 The Coreg of Corsica introduces itself Participez au séjour cyclotouriste du Coreg à Bandol du 8 au 15 avril 2023</p>
