{"id":75421,"date":"2023-07-08T17:10:37","date_gmt":"2023-07-08T15:10:37","guid":{"rendered":"https:\/\/centcols.org\/backup\/?page_id=75421"},"modified":"2023-07-08T22:07:19","modified_gmt":"2023-07-08T20:07:19","slug":"sf-2023","status":"publish","type":"page","link":"https:\/\/centcols.org\/backup\/en\/sf-2023\/","title":{"rendered":"84th International Federal cycle tourism week"},"content":{"rendered":"\n<figure class=\"wp-block-image size-large\"><img loading=\"lazy\" decoding=\"async\" width=\"601\" height=\"384\" src=\"https:\/\/centcols.org\/backup\/wp-content\/uploads\/2023\/07\/Logo_couleur.jpg\" alt=\"\" class=\"wp-image-75425\" srcset=\"https:\/\/centcols.org\/backup\/wp-content\/uploads\/2023\/07\/Logo_couleur.jpg 601w, https:\/\/centcols.org\/backup\/wp-content\/uploads\/2023\/07\/Logo_couleur-500x319.jpg 500w\" sizes=\"(max-width: 601px) 100vw, 601px\" \/><\/figure>\n\n\n\n<h2 class=\"kt-adv-heading_4efa79-94 wp-block-kadence-advancedheading\" data-kb-block=\"kb-adv-heading_4efa79-94\"><strong>Pont-\u00e0-Mousson from July 23 to 30, 2023<\/strong><\/h2>\n\n\n\n<p class=\"has-medium-font-size\">For more details, visit the <strong><a href=\"https:\/\/sf2023-ffvelo.fr\/\" target=\"_blank\" rel=\"noreferrer noopener\">organising committee website<\/a><\/strong><br>(Explanations in several languages).<\/p>\n\n\n\n<p class=\"has-medium-font-size\">Many members of the Club des Cent Cols will be cycling in this annual event. And a team of club leaders will also be on hand off the course.<\/p>\n\n\n\n<p class=\"has-medium-font-size\">The club stand will be in the federal village. Every evening at the end of the afternoon, there will be a stand to welcome club members and visitors.<\/p>\n\n\n\n<p class=\"has-medium-font-size\"><strong>The \u00a0club clothing shop will be<\/strong> run by H\u00e9l\u00e8ne on the\u00a0Cent Cols stand. \u00a0<\/p>\n\n\n\n<p class=\"has-medium-font-size\"><strong>On Friday 28 July,<\/strong> <strong><em>Herv\u00e9 Reti\u00e8re,<\/em><\/strong> club secretary, \u00a0will be waiting for you from 6 to 8 p.m. for a drink organised at the Centre des Sports &#8220;Bernard Guy&#8221;, Avenue Georges Guyemer, 54700 Pont-\u00e0-Mousson<\/p>\n\n\n\n<p class=\"has-medium-font-size\">=> <a href=\"mailto:herve.retiere@gmail.com\" target=\"_blank\" rel=\"noreferrer noopener\">herve.retiere@gmail.com<\/a> or <a href=\"mailto:secretaire@centcols.net\" target=\"_blank\" rel=\"noreferrer noopener\">secretaire@centcols.net<\/a><\/p>\n\n\n\n<p class=\"has-medium-font-size\"><strong><em>Fran\u00e7ois Dietrich<\/em><\/strong> has suggested that the organisers of this Semaine f\u00e9d\u00e9rale\u00a0 indicate the passes present on the routes.<\/p>\n\n\n\n<p class=\"has-medium-font-size\"><strong><em>Catherine Borgeais-Rouet, <\/em><\/strong>president of the Comit\u00e9 R\u00e9gional Auvergne Rh\u00f4ne-Alpes and the Codep 74 FFVELO is organising a drinks reception <strong>on Wednesday 26 July<\/strong> in the late afternoon \u00a0at the Centre des Sports &#8220;Bernard Guy&#8221;.\u00a0 Members of the Club des Cent cols are of course invited.<\/p>\n","protected":false},"excerpt":{"rendered":"<p>For more details, visit the organising committee website(Explanations in several languages). Many members of the Club des Cent Cols will be cycling in this annual event. And a team of club leaders will also be on hand off the course. The club stand will be in the federal village. Every evening at the end of [&hellip;]<\/p>\n","protected":false},"author":397,"featured_media":0,"parent":0,"menu_order":0,"comment_status":"closed","ping_status":"closed","template":"","meta":{"_acf_changed":false,"ub_ctt_via":"","_monsterinsights_skip_tracking":false,"_monsterinsights_sitenote_active":false,"_monsterinsights_sitenote_note":"","_monsterinsights_sitenote_category":0,"footnotes":""},"acf":[],"featured_image_urls":{"full":"","thumbnail":"","medium":"","medium_large":"","large":"","1536x1536":"","2048x2048":"","woocommerce_thumbnail":"","woocommerce_single":"","woocommerce_gallery_thumbnail":""},"post_excerpt_stackable":"<p>Pont-\u00e0-Mousson from July 23 to 30, 2023 For more details, visit the organising committee website(Explanations in several languages). Many members of the Club des Cent Cols will be cycling in this annual event. And a team of club leaders will also be on hand off the course. The club stand will be in the federal village. Every evening at the end of the afternoon, there will be a stand to welcome club members and visitors. The \u00a0club clothing shop will be run by H\u00e9l\u00e8ne on the\u00a0Cent Cols stand. \u00a0 On Friday 28 July, Herv\u00e9 Reti\u00e8re, club secretary, \u00a0will be waiting&hellip;<\/p>\n","category_list":"","author_info":{"name":"Denis Chouquet-Stringer","url":"https:\/\/centcols.org\/backup\/en\/author\/6183\/"},"comments_num":"0 comments","featured_image_urls_v2":{"full":"","thumbnail":"","medium":"","medium_large":"","large":"","1536x1536":"","2048x2048":"","woocommerce_thumbnail":"","woocommerce_single":"","woocommerce_gallery_thumbnail":""},"post_excerpt_stackable_v2":"<p>Pont-\u00e0-Mousson from July 23 to 30, 2023 For more details, visit the organising committee website(Explanations in several languages). Many members of the Club des Cent Cols will be cycling in this annual event. And a team of club leaders will also be on hand off the course. The club stand will be in the federal village. Every evening at the end of the afternoon, there will be a stand to welcome club members and visitors. The \u00a0club clothing shop will be run by H\u00e9l\u00e8ne on the\u00a0Cent Cols stand. \u00a0 On Friday 28 July, Herv\u00e9 Reti\u00e8re, club secretary, \u00a0will be waiting&hellip;<\/p>\n","category_list_v2":"","author_info_v2":{"name":"Denis Chouquet-Stringer","url":"https:\/\/centcols.org\/backup\/en\/author\/6183\/"},"comments_num_v2":"0 comments","featured_image_src":null,"_links":{"self":[{"href":"https:\/\/centcols.org\/backup\/en\/wp-json\/wp\/v2\/pages\/75421"}],"collection":[{"href":"https:\/\/centcols.org\/backup\/en\/wp-json\/wp\/v2\/pages"}],"about":[{"href":"https:\/\/centcols.org\/backup\/en\/wp-json\/wp\/v2\/types\/page"}],"author":[{"embeddable":true,"href":"https:\/\/centcols.org\/backup\/en\/wp-json\/wp\/v2\/users\/397"}],"replies":[{"embeddable":true,"href":"https:\/\/centcols.org\/backup\/en\/wp-json\/wp\/v2\/comments?post=75421"}],"version-history":[{"count":0,"href":"https:\/\/centcols.org\/backup\/en\/wp-json\/wp\/v2\/pages\/75421\/revisions"}],"wp:attachment":[{"href":"https:\/\/centcols.org\/backup\/en\/wp-json\/wp\/v2\/media?parent=75421"}],"curies":[{"name":"wp","href":"https:\/\/api.w.org\/{rel}","templated":true}]}}

<figure class="wp-block-image size-large"><img loading="lazy" decoding="async" width="601" height="384" src="https://centcols.org/backup/wp-content/uploads/2023/07/Logo_couleur.jpg" alt="" class="wp-image-75425" srcset="https://centcols.org/backup/wp-content/uploads/2023/07/Logo_couleur.jpg 601w, https://centcols.org/backup/wp-content/uploads/2023/07/Logo_couleur-500x319.jpg 500w" sizes="(max-width: 601px) 100vw, 601px" /></figure>



<h2 class="kt-adv-heading_4efa79-94 wp-block-kadence-advancedheading" data-kb-block="kb-adv-heading_4efa79-94"><strong>Pont-à-Mousson from July 23 to 30, 2023</strong></h2>



<p class="has-medium-font-size">For more details, visit the <strong><a href="https://sf2023-ffvelo.fr/" target="_blank" rel="noreferrer noopener">organising committee website</a></strong><br>(Explanations in several languages).</p>



<p class="has-medium-font-size">Many members of the Club des Cent Cols will be cycling in this annual event. And a team of club leaders will also be on hand off the course.</p>



<p class="has-medium-font-size">The club stand will be in the federal village. Every evening at the end of the afternoon, there will be a stand to welcome club members and visitors.</p>



<p class="has-medium-font-size"><strong>The  club clothing shop will be</strong> run by Hélène on the Cent Cols stand.  </p>



<p class="has-medium-font-size"><strong>On Friday 28 July,</strong> <strong><em>Hervé Retière,</em></strong> club secretary,  will be waiting for you from 6 to 8 p.m. for a drink organised at the Centre des Sports &#8220;Bernard Guy&#8221;, Avenue Georges Guyemer, 54700 Pont-à-Mousson</p>



<p class="has-medium-font-size">=> <a href="mailto:herve.retiere@gmail.com" target="_blank" rel="noreferrer noopener">herve.retiere@gmail.com</a> or <a href="mailto:secretaire@centcols.net" target="_blank" rel="noreferrer noopener">secretaire@centcols.net</a></p>



<p class="has-medium-font-size"><strong><em>François Dietrich</em></strong> has suggested that the organisers of this Semaine fédérale  indicate the passes present on the routes.</p>



<p class="has-medium-font-size"><strong><em>Catherine Borgeais-Rouet, </em></strong>president of the Comité Régional Auvergne Rhône-Alpes and the Codep 74 FFVELO is organising a drinks reception <strong>on Wednesday 26 July</strong> in the late afternoon  at the Centre des Sports &#8220;Bernard Guy&#8221;.  Members of the Club des Cent cols are of course invited.</p>

<p>Pont-à-Mousson from July 23 to 30, 2023 For more details, visit the organising committee website(Explanations in several languages). Many members of the Club des Cent Cols will be cycling in this annual event. And a team of club leaders will also be on hand off the course. The club stand will be in the federal village. Every evening at the end of the afternoon, there will be a stand to welcome club members and visitors. The  club clothing shop will be run by Hélène on the Cent Cols stand.   On Friday 28 July, Hervé Retière, club secretary,  will be waiting&hellip;</p>
