{"id":68047,"date":"2022-07-20T10:14:40","date_gmt":"2022-07-20T08:14:40","guid":{"rendered":"https:\/\/centcols.org\/backup\/le-site\/"},"modified":"2023-08-22T18:14:43","modified_gmt":"2023-08-22T16:14:43","slug":"le-site-quoi-de-neuf","status":"publish","type":"page","link":"https:\/\/centcols.org\/backup\/it\/le-site-quoi-de-neuf\/","title":{"rendered":"Il sito, cosa c&#8217;\u00e8 di nuovo?"},"content":{"rendered":"\n<h2 class=\"has-large-font-size wp-block-heading\">Novit\u00e0 sul sito :<\/h2>\n\n\n\n<p class=\"has-medium-font-size\">Chi se lo ricorda? \u00c8 anche possibile vendere le proprie attrezzature sul sito web del Club des Cent Cols. 2 nuovi annunci sono stati aggiunti alla pagina a loro dedicata in <strong><a href=\"https:\/\/centcols.org\/backup\/it\/petites-annonces\/#\" target=\"_blank\" rel=\"noopener\" title=\"\">Trucchi&amp;Baratti\/ Piccoli annunci<\/a><\/strong><\/p>\n\n\n\n<p class=\"has-medium-font-size\"><strong>I passi alpini che un tempo erano sul confine\u2026 <\/strong>e quelli che lo sono diventati, uno studio storico i cui primi passi si possono scoprire in <a href=\"\/categorie\/documentaires\/\" target=\"_blank\" rel=\"noreferrer noopener\">da leggere e vedere\/documentari<\/a><\/p>\n\n\n\n<p class=\"has-medium-font-size\">La <strong>Cyclomontagnarde del Vercors<\/strong>, i 4 modi di farla, i dettagli, le iscrizioni sono in <strong><a href=\"https:\/\/centcols.org\/backup\/codep-haute-savoie\/\">Le Federazioni \/ Codep<\/a><\/strong><\/p>\n\n\n\n<p class=\"has-medium-font-size\">I cataloghi dell&#8217;<strong>Italia &nbsp;<\/strong>e della&nbsp;<strong>Norvegia&nbsp;<\/strong>sono stati aggiornati con rispettivamente con circa 50 nuovi passi per il primo e 150 per il secondo<\/p>\n\n\n\n<p class=\"has-medium-font-size\">In <a href=\"https:\/\/centcols.org\/backup\/it\/uect\/\" target=\"_blank\" rel=\"noreferrer noopener\">UECT<\/a>, <strong>la Settimana Europea 2023 <\/strong>\u00e0 Plasencia<\/p>\n\n\n\n<p class=\"has-medium-font-size\">Nel <strong>catalogo di Spagna<\/strong>, quasi 80 nuovi passi sono stati aggiunti, la maggior parte in Aragona <\/p>\n\n\n\n<p class=\"has-medium-font-size\">Nel men\u00f9 &#8220;Escursioni\/Randonn\u00e9 con i partner&#8221; <strong>i <a href=\"http:\/\/I Radiales Ibericas sono proposte di viaggi in bicicletta su strada create dalla Federazione Spagnola di Cicloturismo. L'obiettivo principale \u00e8 la promozione del cicloturismo non competitivo e la scoperta di tutte le province della penisola iberica.  148 passi stradali sono sul percorso delle Radiales, su un totale di 2.660 passi stradali. La Spagna \u00e8 il Paese con il maggior numero di passi  al mondo. Le 12 Radiales hanno come punto di partenza una diversa localit\u00e0 della Comunit\u00e0 Autonoma di Madrid, alla periferia della citt\u00e0. Si irradiano verso gli arrivi situati in tutta la penisola iberica. Ciascuna delle Radiales \u00e8 disponibile in diverse formule di percorso: \u2022\tSuper Radiales: dal punto di partenza al punto di arrivo, ritorno tramite una variante \u2022\tRadiales simples: da un punto all'altro della super radiale corrispondente, in qualsiasi direzione \u2022\tRadiales explorer: varianti super radiali, pi\u00f9 corte (un terzo) Sono disponibili anche nelle formule a tempo e a sezione:  \u2022\tForme libera: nessun limite di tempo, possibilit\u00e0 di sezione intermittente, nessuna registrazione, n\u00e9 prima n\u00e9 dopo \u2022\tFormule turisitica: tempo libero, ma con informazioni da parte dell'organizzazione prima o dopo il percorso \u2022\tFormule endurance con un limite di tempo e un percorso continuo  Maggiori informazioni e iscrizioni al link seguente =>&#8220;>Radiales Ibericas<\/a> <\/strong>della FECT (Federazione Spagnola di Cicloturismo)<\/p>\n\n\n\n<p class=\"has-medium-font-size\">Nel men\u00f9 &#8220;Escursioni\/Randonn\u00e9 con i partner&#8221; i<strong> <a href=\"https:\/\/centcols.org\/backup\/it\/les-traits-dunions-europeens-tue\/\">Tratti di collegamento europei <\/a><\/strong>&nbsp;dell\u2019UECT (Unione Europea di Cicloturismo)<\/p>\n\n\n\n<p class=\"has-medium-font-size\">Nel pi\u00e8 di pagina della homepage del sito web, <a href=\"https:\/\/centcols.org\/backup\/it\/le-partenariat-entre-la-federation-espagnole-de-cyclotourisme-et-le-club-des-cent-cols\/\">la presentazione del <strong>partnerariato con la FECT<\/strong><\/a><\/p>\n\n\n\n<p class=\"has-medium-font-size\">Nel pi\u00e8 di pagina della homepage del sito web,<a href=\"https:\/\/centcols.org\/backup\/it\/lunion-europeenne-de-cyclotourisme-uect\/\"><strong> <\/strong>la presentazione del<strong> partenariato con l&#8217;UECT<\/strong><\/a><\/p>\n\n\n\n<p class=\"has-medium-font-size\">Nel pi\u00e8 di pagina della home page del sito, <a href=\"https:\/\/centcols.org\/backup\/it\/le-partenariat-club-des-cent-cols-federation-francaise-de-cyclotourisme\/\">la presentazione della<strong> partnerariato storico con la FFCT<\/strong><\/a><\/p>\n\n\n\n<p class=\"has-medium-font-size\"><a href=\"https:\/\/centcols.org\/backup\/it\/les-catalogues-evoluent-maintenant-en-temps-reel\/\"><strong>I cataloghi<\/strong> si evolvono in tempo reale<\/a><\/p>\n\n\n\n<p class=\"has-medium-font-size\">Dopo le foto per l&#8217;intestazione del sito (vedi sotto), le foto per documentare i passi: <a href=\"https:\/\/centcols.org\/backup\/it\/photos-de-cols\/\"><strong>aggiornamento delle specifiche<\/strong><\/a><\/p>\n\n\n\n<p class=\"has-medium-font-size\"><a href=\"https:\/\/centcols.org\/backup\/it\/mise-a-jour-de-catalogues\/\">Aggiornamenti <strong>recenti del catalogo<\/strong><\/a><\/p>\n\n\n\n<p class=\"has-medium-font-size\"><a href=\"https:\/\/centcols.org\/backup\/it\/les-photos-du-bandeau-daccueil\/\">Le foto del carosello in testa nelle pagine del sito<\/a><\/p>\n\n\n\n<p class=\"has-medium-font-size\"><a href=\"https:\/\/centcols.org\/backup\/it\/catalogues-de-cols-des-mises-a-jour\/\">I cataloghi dei passi di Spagna e Svizzera : aggiornamenti<\/a><\/p>\n\n\n\n<p class=\"has-medium-font-size\"><a href=\"https:\/\/centcols.org\/backup\/it\/exportation-cols-openrunner\/\">Esportazione dei passi valicati verso un conto OpenRunner<\/a><\/p>\n\n\n\n<p class=\"has-medium-font-size\"><a href=\"https:\/\/centcols.org\/backup\/it\/50-ans-2\/\">50 anni, tutto sull&#8217;Assemblea Generale, video, foto, diplomi\u2026<\/a><\/p>\n\n\n\n<p class=\"has-medium-font-size\"> <a href=\"https:\/\/centcols.org\/backup\/it\/la-gazzetta\/\">La gazzetta: che cos&#8217;\u00e8 ?<\/a><\/p>\n\n\n\n<p class=\"has-medium-font-size\"><a href=\"https:\/\/centcols.org\/backup\/it\/le-randonne-permanenti-del-club-des-cent-cols\/\">Le Randonn\u00e9 Permanenti del Club des Cent Cols, si evolgono.<\/a> <\/p>\n\n\n\n<p class=\"has-medium-font-size\"><a href=\"https:\/\/centcols.org\/backup\/it\/wikipedia\/\">Wikipedia<\/a><\/p>\n\n\n\n<h2 class=\"has-large-font-size wp-block-heading\">Per memoria :<\/h2>\n\n\n\n<p class=\"has-medium-font-size\"><a href=\"https:\/\/docs.google.com\/document\/d\/1_PB-nNRrqgSq-h36O2x6IUJ6Syx6u3zB\/edit?usp=sharing&amp;ouid=100525306210356446259&amp;rtpof=true&amp;sd=true\"> Gli inesperti dichiarano i loro passi<\/a><\/p>\n\n\n\n<p class=\"has-medium-font-size\"><a href=\"https:\/\/docs.google.com\/document\/d\/1T-uubxQI9Svi0BYQ608o9K5wEMITVkTU\/edit?usp=sharing&amp;ouid=100525306210356446259&amp;rtpof=true&amp;sd=true\">Riscoprire la Gazzetta<\/a><\/p>\n\n\n\n<p class=\"has-medium-font-size\"><a href=\"https:\/\/docs.google.com\/document\/d\/1apiS2yCnNBtBaWbL4xxSajXppwNSc_uQ\/edit?usp=sharing&amp;ouid=100525306210356446259&amp;rtpof=true&amp;sd=true\">Il forum del Club des Cent Cols da (ri)scoprire<\/a><\/p>\n\n\n\n<p class=\"has-medium-font-size\"><a href=\"https:\/\/centcols.org\/backup\/it\/passi-su-una-traccia\/\">Riscoperta sulla lista di discussione e su Facebook : Passi su una traccia<\/a><\/p>\n\n\n\n<p><\/p>\n","protected":false},"excerpt":{"rendered":"<p>Novit\u00e0 sul sito : Chi se lo ricorda? \u00c8 anche possibile vendere le proprie attrezzature sul sito web del Club des Cent Cols. 2 nuovi annunci sono stati aggiunti alla pagina a loro dedicata in Trucchi&amp;Baratti\/ Piccoli annunci I passi alpini che un tempo erano sul confine\u2026 e quelli che lo sono diventati, uno studio [&hellip;]<\/p>\n","protected":false},"author":69,"featured_media":0,"parent":0,"menu_order":0,"comment_status":"closed","ping_status":"closed","template":"","meta":{"_acf_changed":false,"ub_ctt_via":"","_monsterinsights_skip_tracking":false,"_monsterinsights_sitenote_active":false,"_monsterinsights_sitenote_note":"","_monsterinsights_sitenote_category":0,"footnotes":""},"acf":[],"featured_image_urls":{"full":"","thumbnail":"","medium":"","medium_large":"","large":"","1536x1536":"","2048x2048":"","woocommerce_thumbnail":"","woocommerce_single":"","woocommerce_gallery_thumbnail":""},"post_excerpt_stackable":"<p>Novit\u00e0 sul sito : Chi se lo ricorda? \u00c8 anche possibile vendere le proprie attrezzature sul sito web del Club des Cent Cols. 2 nuovi annunci sono stati aggiunti alla pagina a loro dedicata in Trucchi&amp;Baratti\/ Piccoli annunci I passi alpini che un tempo erano sul confine\u2026 e quelli che lo sono diventati, uno studio storico i cui primi passi si possono scoprire in da leggere e vedere\/documentari La Cyclomontagnarde del Vercors, i 4 modi di farla, i dettagli, le iscrizioni sono in Le Federazioni \/ Codep I cataloghi dell&#8217;Italia &nbsp;e della&nbsp;Norvegia&nbsp;sono stati aggiornati con rispettivamente con circa 50 nuovi&hellip;<\/p>\n","category_list":"","author_info":{"name":"Enrico Alberini","url":"https:\/\/centcols.org\/backup\/it\/author\/5065\/"},"comments_num":"0 commenti","featured_image_urls_v2":{"full":"","thumbnail":"","medium":"","medium_large":"","large":"","1536x1536":"","2048x2048":"","woocommerce_thumbnail":"","woocommerce_single":"","woocommerce_gallery_thumbnail":""},"post_excerpt_stackable_v2":"<p>Novit\u00e0 sul sito : Chi se lo ricorda? \u00c8 anche possibile vendere le proprie attrezzature sul sito web del Club des Cent Cols. 2 nuovi annunci sono stati aggiunti alla pagina a loro dedicata in Trucchi&amp;Baratti\/ Piccoli annunci I passi alpini che un tempo erano sul confine\u2026 e quelli che lo sono diventati, uno studio storico i cui primi passi si possono scoprire in da leggere e vedere\/documentari La Cyclomontagnarde del Vercors, i 4 modi di farla, i dettagli, le iscrizioni sono in Le Federazioni \/ Codep I cataloghi dell&#8217;Italia &nbsp;e della&nbsp;Norvegia&nbsp;sono stati aggiornati con rispettivamente con circa 50 nuovi&hellip;<\/p>\n","category_list_v2":"","author_info_v2":{"name":"Enrico Alberini","url":"https:\/\/centcols.org\/backup\/it\/author\/5065\/"},"comments_num_v2":"0 commenti","featured_image_src":null,"_links":{"self":[{"href":"https:\/\/centcols.org\/backup\/it\/wp-json\/wp\/v2\/pages\/68047"}],"collection":[{"href":"https:\/\/centcols.org\/backup\/it\/wp-json\/wp\/v2\/pages"}],"about":[{"href":"https:\/\/centcols.org\/backup\/it\/wp-json\/wp\/v2\/types\/page"}],"author":[{"embeddable":true,"href":"https:\/\/centcols.org\/backup\/it\/wp-json\/wp\/v2\/users\/69"}],"replies":[{"embeddable":true,"href":"https:\/\/centcols.org\/backup\/it\/wp-json\/wp\/v2\/comments?post=68047"}],"version-history":[{"count":0,"href":"https:\/\/centcols.org\/backup\/it\/wp-json\/wp\/v2\/pages\/68047\/revisions"}],"wp:attachment":[{"href":"https:\/\/centcols.org\/backup\/it\/wp-json\/wp\/v2\/media?parent=68047"}],"curies":[{"name":"wp","href":"https:\/\/api.w.org\/{rel}","templated":true}]}}

Il sito, cosa c&#8217;è di nuovo?

<h2 class="has-large-font-size wp-block-heading">Novità sul sito :</h2>



<p class="has-medium-font-size">Chi se lo ricorda? È anche possibile vendere le proprie attrezzature sul sito web del Club des Cent Cols. 2 nuovi annunci sono stati aggiunti alla pagina a loro dedicata in <strong><a href="https://centcols.org/backup/it/petites-annonces/#" target="_blank" rel="noopener" title="">Trucchi&amp;Baratti/ Piccoli annunci</a></strong></p>



<p class="has-medium-font-size"><strong>I passi alpini che un tempo erano sul confine… </strong>e quelli che lo sono diventati, uno studio storico i cui primi passi si possono scoprire in <a href="/categorie/documentaires/" target="_blank" rel="noreferrer noopener">da leggere e vedere/documentari</a></p>



<p class="has-medium-font-size">La <strong>Cyclomontagnarde del Vercors</strong>, i 4 modi di farla, i dettagli, le iscrizioni sono in <strong><a href="https://centcols.org/backup/codep-haute-savoie/">Le Federazioni / Codep</a></strong></p>



<p class="has-medium-font-size">I cataloghi dell&#8217;<strong>Italia &nbsp;</strong>e della&nbsp;<strong>Norvegia&nbsp;</strong>sono stati aggiornati con rispettivamente con circa 50 nuovi passi per il primo e 150 per il secondo</p>



<p class="has-medium-font-size">In <a href="https://centcols.org/backup/it/uect/" target="_blank" rel="noreferrer noopener">UECT</a>, <strong>la Settimana Europea 2023 </strong>à Plasencia</p>



<p class="has-medium-font-size">Nel <strong>catalogo di Spagna</strong>, quasi 80 nuovi passi sono stati aggiunti, la maggior parte in Aragona </p>



<p class="has-medium-font-size">Nel menù &#8220;Escursioni/Randonné con i partner&#8221; <strong>i <a href="http://I Radiales Ibericas sono proposte di viaggi in bicicletta su strada create dalla Federazione Spagnola di Cicloturismo. L'obiettivo principale è la promozione del cicloturismo non competitivo e la scoperta di tutte le province della penisola iberica.  148 passi stradali sono sul percorso delle Radiales, su un totale di 2.660 passi stradali. La Spagna è il Paese con il maggior numero di passi  al mondo. Le 12 Radiales hanno come punto di partenza una diversa località della Comunità Autonoma di Madrid, alla periferia della città. Si irradiano verso gli arrivi situati in tutta la penisola iberica. Ciascuna delle Radiales è disponibile in diverse formule di percorso: •	Super Radiales: dal punto di partenza al punto di arrivo, ritorno tramite una variante •	Radiales simples: da un punto all'altro della super radiale corrispondente, in qualsiasi direzione •	Radiales explorer: varianti super radiali, più corte (un terzo) Sono disponibili anche nelle formule a tempo e a sezione:  •	Forme libera: nessun limite di tempo, possibilità di sezione intermittente, nessuna registrazione, né prima né dopo •	Formule turisitica: tempo libero, ma con informazioni da parte dell'organizzazione prima o dopo il percorso •	Formule endurance con un limite di tempo e un percorso continuo  Maggiori informazioni e iscrizioni al link seguente =>&#8220;>Radiales Ibericas</a> </strong>della FECT (Federazione Spagnola di Cicloturismo)</p>



<p class="has-medium-font-size">Nel menù &#8220;Escursioni/Randonné con i partner&#8221; i<strong> <a href="https://centcols.org/backup/it/les-traits-dunions-europeens-tue/">Tratti di collegamento europei </a></strong>&nbsp;dell’UECT (Unione Europea di Cicloturismo)</p>



<p class="has-medium-font-size">Nel piè di pagina della homepage del sito web, <a href="https://centcols.org/backup/it/le-partenariat-entre-la-federation-espagnole-de-cyclotourisme-et-le-club-des-cent-cols/">la presentazione del <strong>partnerariato con la FECT</strong></a></p>



<p class="has-medium-font-size">Nel piè di pagina della homepage del sito web,<a href="https://centcols.org/backup/it/lunion-europeenne-de-cyclotourisme-uect/"><strong> </strong>la presentazione del<strong> partenariato con l&#8217;UECT</strong></a></p>



<p class="has-medium-font-size">Nel piè di pagina della home page del sito, <a href="https://centcols.org/backup/it/le-partenariat-club-des-cent-cols-federation-francaise-de-cyclotourisme/">la presentazione della<strong> partnerariato storico con la FFCT</strong></a></p>



<p class="has-medium-font-size"><a href="https://centcols.org/backup/it/les-catalogues-evoluent-maintenant-en-temps-reel/"><strong>I cataloghi</strong> si evolvono in tempo reale</a></p>



<p class="has-medium-font-size">Dopo le foto per l&#8217;intestazione del sito (vedi sotto), le foto per documentare i passi: <a href="https://centcols.org/backup/it/photos-de-cols/"><strong>aggiornamento delle specifiche</strong></a></p>



<p class="has-medium-font-size"><a href="https://centcols.org/backup/it/mise-a-jour-de-catalogues/">Aggiornamenti <strong>recenti del catalogo</strong></a></p>



<p class="has-medium-font-size"><a href="https://centcols.org/backup/it/les-photos-du-bandeau-daccueil/">Le foto del carosello in testa nelle pagine del sito</a></p>



<p class="has-medium-font-size"><a href="https://centcols.org/backup/it/catalogues-de-cols-des-mises-a-jour/">I cataloghi dei passi di Spagna e Svizzera : aggiornamenti</a></p>



<p class="has-medium-font-size"><a href="https://centcols.org/backup/it/exportation-cols-openrunner/">Esportazione dei passi valicati verso un conto OpenRunner</a></p>



<p class="has-medium-font-size"><a href="https://centcols.org/backup/it/50-ans-2/">50 anni, tutto sull&#8217;Assemblea Generale, video, foto, diplomi…</a></p>



<p class="has-medium-font-size"> <a href="https://centcols.org/backup/it/la-gazzetta/">La gazzetta: che cos&#8217;è ?</a></p>



<p class="has-medium-font-size"><a href="https://centcols.org/backup/it/le-randonne-permanenti-del-club-des-cent-cols/">Le Randonné Permanenti del Club des Cent Cols, si evolgono.</a> </p>



<p class="has-medium-font-size"><a href="https://centcols.org/backup/it/wikipedia/">Wikipedia</a></p>



<h2 class="has-large-font-size wp-block-heading">Per memoria :</h2>



<p class="has-medium-font-size"><a href="https://docs.google.com/document/d/1_PB-nNRrqgSq-h36O2x6IUJ6Syx6u3zB/edit?usp=sharing&amp;ouid=100525306210356446259&amp;rtpof=true&amp;sd=true"> Gli inesperti dichiarano i loro passi</a></p>



<p class="has-medium-font-size"><a href="https://docs.google.com/document/d/1T-uubxQI9Svi0BYQ608o9K5wEMITVkTU/edit?usp=sharing&amp;ouid=100525306210356446259&amp;rtpof=true&amp;sd=true">Riscoprire la Gazzetta</a></p>



<p class="has-medium-font-size"><a href="https://docs.google.com/document/d/1apiS2yCnNBtBaWbL4xxSajXppwNSc_uQ/edit?usp=sharing&amp;ouid=100525306210356446259&amp;rtpof=true&amp;sd=true">Il forum del Club des Cent Cols da (ri)scoprire</a></p>



<p class="has-medium-font-size"><a href="https://centcols.org/backup/it/passi-su-una-traccia/">Riscoperta sulla lista di discussione e su Facebook : Passi su una traccia</a></p>



<p></p>

<p>Novità sul sito : Chi se lo ricorda? È anche possibile vendere le proprie attrezzature sul sito web del Club des Cent Cols. 2 nuovi annunci sono stati aggiunti alla pagina a loro dedicata in Trucchi&amp;Baratti/ Piccoli annunci I passi alpini che un tempo erano sul confine… e quelli che lo sono diventati, uno studio [&hellip;]</p>

<p>Novità sul sito : Chi se lo ricorda? È anche possibile vendere le proprie attrezzature sul sito web del Club des Cent Cols. 2 nuovi annunci sono stati aggiunti alla pagina a loro dedicata in Trucchi&amp;Baratti/ Piccoli annunci I passi alpini che un tempo erano sul confine… e quelli che lo sono diventati, uno studio storico i cui primi passi si possono scoprire in da leggere e vedere/documentari La Cyclomontagnarde del Vercors, i 4 modi di farla, i dettagli, le iscrizioni sono in Le Federazioni / Codep I cataloghi dell&#8217;Italia &nbsp;e della&nbsp;Norvegia&nbsp;sono stati aggiornati con rispettivamente con circa 50 nuovi&hellip;</p>
