{"id":68955,"date":"2022-07-22T18:14:31","date_gmt":"2022-07-22T16:14:31","guid":{"rendered":"https:\/\/centcols.org\/backup\/le-club-y-etait-2\/"},"modified":"2023-04-13T16:03:16","modified_gmt":"2023-04-13T14:03:16","slug":"activites-des-membres","status":"publish","type":"page","link":"https:\/\/centcols.org\/backup\/it\/activites-des-membres\/","title":{"rendered":"Attivit\u00e0 dei membri"},"content":{"rendered":"\n<h3 class=\"kt-adv-heading_622e7b-9a wp-block-kadence-advancedheading\" data-kb-block=\"kb-adv-heading_622e7b-9a\">I membri l&#8217;hanno fatto<\/h3>\n\n\n\n<p><a href=\"https:\/\/centcols.org\/backup\/it\/challenge-des-cents\/\">Challenge dei 100 , 150, 200 pi\u00f9 bei passi stradali delle Alpi<\/a> aggiornamento dei partecipanti<\/p>\n\n\n\n<p><a href=\"https:\/\/centcols.org\/backup\/it\/bcn-bpf-les-laureats-2022-du-club\/\">BCN &#8211; BPF &#8211; I diplomati del Club 2022<\/a><\/p>\n\n\n\n<p><a href=\"https:\/\/centcols.org\/backup\/wp-content\/uploads\/2023\/01\/Brevetti-Nazionali-IT.pdf\">I brevetti nazionali dei passi stradali<\/a><\/p>\n\n\n\n<h3 class=\"kt-adv-heading_2a8069-92 wp-block-kadence-advancedheading\" data-kb-block=\"kb-adv-heading_2a8069-92\">Notizie delle Randonn\u00e9 Permanenti<\/h3>\n\n\n\n<p><a href=\"https:\/\/centcols.org\/backup\/wp-content\/uploads\/2023\/01\/RP-iscritti-per-paese-IT.pdf\">Le Randonn\u00e9 Permanenti: i paesi d&#8217;origine dei partecipanti&nbsp;<\/a><\/p>\n\n\n\n<p><a href=\"https:\/\/centcols.org\/backup\/wp-content\/uploads\/2023\/01\/RP-Storico-IT.pdf\">Le Randonn\u00e9 Permanenti: lo storico<\/a><\/p>\n\n\n\n<p><a href=\"https:\/\/centcols.org\/backup\/wp-content\/uploads\/2023\/01\/Le-randonne-permanenti-del-club.pdf\">Le randonn\u00e9 permanenti : si evolgono<\/a><\/p>\n\n\n\n<h3 class=\"wp-block-heading\">Avvenimenti interni<\/h3>\n\n\n\n<p><a href=\"https:\/\/centcols.org\/backup\/rencontre-regionale-suisse-vtt\/\" target=\"_blank\" rel=\"noreferrer noopener\"><s><br>Raduno MTB \u2013 Svizzerae \u2013 Puidoux \u2013 16 aprile 2023<\/s><\/a>\u00a0\u2013 Annullato (meteo sfavorevole)<\/p>\n\n\n\n<p><a href=\"https:\/\/centcols.org\/backup\/it\/rencontre-suisse-la-fondue-de-vevey\/\" target=\"_blank\" rel=\"noreferrer noopener\">Incontro svizzero: la fonduta di Vevey \u2013 24 marzo 2023<\/a><\/p>\n\n\n\n<p><a href=\"https:\/\/centcols.org\/backup\/it\/la-loge-des-gardes-claude-mabillot-2\/\">Rencontre Auvergne &#8211; Col de la Loge des Gardes &#8211; 17 septembre 2022<\/a><\/p>\n\n\n\n<p><a href=\"https:\/\/docs.google.com\/document\/d\/1-uVCj0rwvpIhw3yJFPgQidTrsB6J65aQ\/edit\">Rassemblement nationale Belgique\/Nationale bijeenkomst Belgi\u00eb<\/a><\/p>\n\n\n\n<p><a href=\"https:\/\/docs.google.com\/document\/d\/1jDZ0kqiYLzs5QKJlyWcB7ffEcvo37wI0\/edit\">Rencontre Club des Cent Cols &#8211; Ordre des Cols Durs<\/a><\/p>\n\n\n\n<p><a href=\"https:\/\/docs.google.com\/document\/d\/1DJrIe6kC8d3qIX4LiNom_VN0yBvF3c8U\/edit\">Rencontres nationales suisses<\/a><\/p>\n\n\n\n<p><a href=\"https:\/\/docs.google.com\/document\/d\/1wPz9dkZFKn30KjWA46NANjf8D1Dkjsnm\/edit\">Rencontres r\u00e9gionales Alpes du Sud<\/a><\/p>\n\n\n\n<p><a href=\"https:\/\/docs.google.com\/document\/d\/1KU8LHmXIFRF_wzZ7Y29WDLAUIec4C-KH\/edit\">La Bernardini 2022<\/a><\/p>\n\n\n\n<p><a href=\"https:\/\/docs.google.com\/document\/d\/165t0OLZx-eTC391ji6eGk4hPj-_47c5Z\/edit\">Rencontres r\u00e9gionales Grand-Est<\/a><\/p>\n\n\n\n<p><a href=\"https:\/\/docs.google.com\/document\/d\/1-v6wZSJy0vZcQOJmycTwdx7OENJmPpHb\/edit\">Rencontre r\u00e9gionale Dr\u00f4me-Ard\u00e8che-Vaucluse avec photos<\/a><\/p>\n\n\n\n<h3 class=\"wp-block-heading\"> Avvenimenti esterni<\/h3>\n\n\n\n<p><a href=\"https:\/\/centcols.org\/backup\/it\/sf-2022-texte-et-photos-13-septembre-a-21h00-version-hre-2\/\">La semaine f\u00e9d\u00e9rale 2022 de la FFCT \u00e0 Loud\u00e9ac <\/a><\/p>\n\n\n\n<p><a href=\"https:\/\/docs.google.com\/document\/d\/1KUJpgeDDV-d1eDRF2k1Lyk11C-DChWjA\/edit\">La Cyclomontagnarde d&#8217;Annecy 2022<\/a><\/p>\n\n\n\n<p><a href=\"https:\/\/centcols.org\/backup\/it\/lardechoise-2022-2\/\">L&#8217;Ard\u00e9choise 2022, stand et parcours<\/a> <a href=\"https:\/\/photos.google.com\/share\/AF1QipNayhz2vT8qjUtZh7LVJIw9N4VbGQRFnUAcj9sRw-R1ZAXY2Itv9yqs5-MfKSpFTw?key=MGF2SzFqcXVsS0YxUDI5V1pVOXJvZDZpSWZvVUZ3\">et photos<\/a><\/p>\n\n\n\n<p><\/p>\n","protected":false},"excerpt":{"rendered":"<p>Challenge dei 100 , 150, 200 pi\u00f9 bei passi stradali delle Alpi aggiornamento dei partecipanti BCN &#8211; BPF &#8211; I diplomati del Club 2022 I brevetti nazionali dei passi stradali Le Randonn\u00e9 Permanenti: i paesi d&#8217;origine dei partecipanti&nbsp; Le Randonn\u00e9 Permanenti: lo storico Le randonn\u00e9 permanenti : si evolgono Avvenimenti interni Raduno MTB \u2013 Svizzerae [&hellip;]<\/p>\n","protected":false},"author":69,"featured_media":0,"parent":0,"menu_order":0,"comment_status":"closed","ping_status":"closed","template":"","meta":{"_acf_changed":false,"ub_ctt_via":"","_monsterinsights_skip_tracking":false,"_monsterinsights_sitenote_active":false,"_monsterinsights_sitenote_note":"","_monsterinsights_sitenote_category":0,"footnotes":""},"acf":[],"featured_image_urls":{"full":"","thumbnail":"","medium":"","medium_large":"","large":"","1536x1536":"","2048x2048":"","woocommerce_thumbnail":"","woocommerce_single":"","woocommerce_gallery_thumbnail":""},"post_excerpt_stackable":"<p>I membri l&#8217;hanno fatto Challenge dei 100 , 150, 200 pi\u00f9 bei passi stradali delle Alpi aggiornamento dei partecipanti BCN &#8211; BPF &#8211; I diplomati del Club 2022 I brevetti nazionali dei passi stradali Notizie delle Randonn\u00e9 Permanenti Le Randonn\u00e9 Permanenti: i paesi d&#8217;origine dei partecipanti&nbsp; Le Randonn\u00e9 Permanenti: lo storico Le randonn\u00e9 permanenti : si evolgono Avvenimenti interni Raduno MTB \u2013 Svizzerae \u2013 Puidoux \u2013 16 aprile 2023\u00a0\u2013 Annullato (meteo sfavorevole) Incontro svizzero: la fonduta di Vevey \u2013 24 marzo 2023 Rencontre Auvergne &#8211; Col de la Loge des Gardes &#8211; 17 septembre 2022 Rassemblement nationale Belgique\/Nationale bijeenkomst Belgi\u00eb&hellip;<\/p>\n","category_list":"","author_info":{"name":"Enrico Alberini","url":"https:\/\/centcols.org\/backup\/it\/author\/5065\/"},"comments_num":"0 commenti","featured_image_urls_v2":{"full":"","thumbnail":"","medium":"","medium_large":"","large":"","1536x1536":"","2048x2048":"","woocommerce_thumbnail":"","woocommerce_single":"","woocommerce_gallery_thumbnail":""},"post_excerpt_stackable_v2":"<p>I membri l&#8217;hanno fatto Challenge dei 100 , 150, 200 pi\u00f9 bei passi stradali delle Alpi aggiornamento dei partecipanti BCN &#8211; BPF &#8211; I diplomati del Club 2022 I brevetti nazionali dei passi stradali Notizie delle Randonn\u00e9 Permanenti Le Randonn\u00e9 Permanenti: i paesi d&#8217;origine dei partecipanti&nbsp; Le Randonn\u00e9 Permanenti: lo storico Le randonn\u00e9 permanenti : si evolgono Avvenimenti interni Raduno MTB \u2013 Svizzerae \u2013 Puidoux \u2013 16 aprile 2023\u00a0\u2013 Annullato (meteo sfavorevole) Incontro svizzero: la fonduta di Vevey \u2013 24 marzo 2023 Rencontre Auvergne &#8211; Col de la Loge des Gardes &#8211; 17 septembre 2022 Rassemblement nationale Belgique\/Nationale bijeenkomst Belgi\u00eb&hellip;<\/p>\n","category_list_v2":"","author_info_v2":{"name":"Enrico Alberini","url":"https:\/\/centcols.org\/backup\/it\/author\/5065\/"},"comments_num_v2":"0 commenti","featured_image_src":null,"_links":{"self":[{"href":"https:\/\/centcols.org\/backup\/it\/wp-json\/wp\/v2\/pages\/68955"}],"collection":[{"href":"https:\/\/centcols.org\/backup\/it\/wp-json\/wp\/v2\/pages"}],"about":[{"href":"https:\/\/centcols.org\/backup\/it\/wp-json\/wp\/v2\/types\/page"}],"author":[{"embeddable":true,"href":"https:\/\/centcols.org\/backup\/it\/wp-json\/wp\/v2\/users\/69"}],"replies":[{"embeddable":true,"href":"https:\/\/centcols.org\/backup\/it\/wp-json\/wp\/v2\/comments?post=68955"}],"version-history":[{"count":0,"href":"https:\/\/centcols.org\/backup\/it\/wp-json\/wp\/v2\/pages\/68955\/revisions"}],"wp:attachment":[{"href":"https:\/\/centcols.org\/backup\/it\/wp-json\/wp\/v2\/media?parent=68955"}],"curies":[{"name":"wp","href":"https:\/\/api.w.org\/{rel}","templated":true}]}}

Attività dei membri

<h3 class="kt-adv-heading_622e7b-9a wp-block-kadence-advancedheading" data-kb-block="kb-adv-heading_622e7b-9a">I membri l&#8217;hanno fatto</h3>



<p><a href="https://centcols.org/backup/it/challenge-des-cents/">Challenge dei 100 , 150, 200 più bei passi stradali delle Alpi</a> aggiornamento dei partecipanti</p>



<p><a href="https://centcols.org/backup/it/bcn-bpf-les-laureats-2022-du-club/">BCN &#8211; BPF &#8211; I diplomati del Club 2022</a></p>



<p><a href="https://centcols.org/backup/wp-content/uploads/2023/01/Brevetti-Nazionali-IT.pdf">I brevetti nazionali dei passi stradali</a></p>



<h3 class="kt-adv-heading_2a8069-92 wp-block-kadence-advancedheading" data-kb-block="kb-adv-heading_2a8069-92">Notizie delle Randonné Permanenti</h3>



<p><a href="https://centcols.org/backup/wp-content/uploads/2023/01/RP-iscritti-per-paese-IT.pdf">Le Randonné Permanenti: i paesi d&#8217;origine dei partecipanti&nbsp;</a></p>



<p><a href="https://centcols.org/backup/wp-content/uploads/2023/01/RP-Storico-IT.pdf">Le Randonné Permanenti: lo storico</a></p>



<p><a href="https://centcols.org/backup/wp-content/uploads/2023/01/Le-randonne-permanenti-del-club.pdf">Le randonné permanenti : si evolgono</a></p>



<h3 class="wp-block-heading">Avvenimenti interni</h3>



<p><a href="https://centcols.org/backup/rencontre-regionale-suisse-vtt/" target="_blank" rel="noreferrer noopener"><s><br>Raduno MTB – Svizzerae – Puidoux – 16 aprile 2023</s></a> – Annullato (meteo sfavorevole)</p>



<p><a href="https://centcols.org/backup/it/rencontre-suisse-la-fondue-de-vevey/" target="_blank" rel="noreferrer noopener">Incontro svizzero: la fonduta di Vevey – 24 marzo 2023</a></p>



<p><a href="https://centcols.org/backup/it/la-loge-des-gardes-claude-mabillot-2/">Rencontre Auvergne &#8211; Col de la Loge des Gardes &#8211; 17 septembre 2022</a></p>



<p><a href="https://docs.google.com/document/d/1-uVCj0rwvpIhw3yJFPgQidTrsB6J65aQ/edit">Rassemblement nationale Belgique/Nationale bijeenkomst België</a></p>



<p><a href="https://docs.google.com/document/d/1jDZ0kqiYLzs5QKJlyWcB7ffEcvo37wI0/edit">Rencontre Club des Cent Cols &#8211; Ordre des Cols Durs</a></p>



<p><a href="https://docs.google.com/document/d/1DJrIe6kC8d3qIX4LiNom_VN0yBvF3c8U/edit">Rencontres nationales suisses</a></p>



<p><a href="https://docs.google.com/document/d/1wPz9dkZFKn30KjWA46NANjf8D1Dkjsnm/edit">Rencontres régionales Alpes du Sud</a></p>



<p><a href="https://docs.google.com/document/d/1KU8LHmXIFRF_wzZ7Y29WDLAUIec4C-KH/edit">La Bernardini 2022</a></p>



<p><a href="https://docs.google.com/document/d/165t0OLZx-eTC391ji6eGk4hPj-_47c5Z/edit">Rencontres régionales Grand-Est</a></p>



<p><a href="https://docs.google.com/document/d/1-v6wZSJy0vZcQOJmycTwdx7OENJmPpHb/edit">Rencontre régionale Drôme-Ardèche-Vaucluse avec photos</a></p>



<h3 class="wp-block-heading"> Avvenimenti esterni</h3>



<p><a href="https://centcols.org/backup/it/sf-2022-texte-et-photos-13-septembre-a-21h00-version-hre-2/">La semaine fédérale 2022 de la FFCT à Loudéac </a></p>



<p><a href="https://docs.google.com/document/d/1KUJpgeDDV-d1eDRF2k1Lyk11C-DChWjA/edit">La Cyclomontagnarde d&#8217;Annecy 2022</a></p>



<p><a href="https://centcols.org/backup/it/lardechoise-2022-2/">L&#8217;Ardéchoise 2022, stand et parcours</a> <a href="https://photos.google.com/share/AF1QipNayhz2vT8qjUtZh7LVJIw9N4VbGQRFnUAcj9sRw-R1ZAXY2Itv9yqs5-MfKSpFTw?key=MGF2SzFqcXVsS0YxUDI5V1pVOXJvZDZpSWZvVUZ3">et photos</a></p>



<p></p>

<p>Challenge dei 100 , 150, 200 più bei passi stradali delle Alpi aggiornamento dei partecipanti BCN &#8211; BPF &#8211; I diplomati del Club 2022 I brevetti nazionali dei passi stradali Le Randonné Permanenti: i paesi d&#8217;origine dei partecipanti&nbsp; Le Randonné Permanenti: lo storico Le randonné permanenti : si evolgono Avvenimenti interni Raduno MTB – Svizzerae [&hellip;]</p>

<p>I membri l&#8217;hanno fatto Challenge dei 100 , 150, 200 più bei passi stradali delle Alpi aggiornamento dei partecipanti BCN &#8211; BPF &#8211; I diplomati del Club 2022 I brevetti nazionali dei passi stradali Notizie delle Randonné Permanenti Le Randonné Permanenti: i paesi d&#8217;origine dei partecipanti&nbsp; Le Randonné Permanenti: lo storico Le randonné permanenti : si evolgono Avvenimenti interni Raduno MTB – Svizzerae – Puidoux – 16 aprile 2023 – Annullato (meteo sfavorevole) Incontro svizzero: la fonduta di Vevey – 24 marzo 2023 Rencontre Auvergne &#8211; Col de la Loge des Gardes &#8211; 17 septembre 2022 Rassemblement nationale Belgique/Nationale bijeenkomst België&hellip;</p>
