{"id":71190,"date":"2023-02-20T18:16:44","date_gmt":"2023-02-20T17:16:44","guid":{"rendered":"https:\/\/centcols.org\/backup\/le-partenariat-entre-la-federation-espagnole-de-cyclotourisme-et-le-club-des-cent-cols\/"},"modified":"2023-02-26T16:50:50","modified_gmt":"2023-02-26T15:50:50","slug":"le-partenariat-entre-la-federation-espagnole-de-cyclotourisme-et-le-club-des-cent-cols","status":"publish","type":"page","link":"https:\/\/centcols.org\/backup\/it\/le-partenariat-entre-la-federation-espagnole-de-cyclotourisme-et-le-club-des-cent-cols\/","title":{"rendered":"Il partenariato tra il Club des Cent Cols e la federazione spagnola di cicloturismo"},"content":{"rendered":"\n<p class=\"has-medium-font-size\"><strong>Il Club des Cent Cols<\/strong> annovera tra le sue fila molti soci francesi, svizzeri e belgi, il che si spiega con la genesi del club e con il fatto che fino a poco tempo fa era molto francofono. Ma questo non ha impedito ad altri ciclisti provenienti da Paesi non francofoni di unirsi a noi nel corso del tempo. Oggi il club conta <strong>membri di<\/strong> <strong>15 nazionalit\u00e0<\/strong> diverse. Anche il Presidente del Club des Cent cols, eletto nel 2021, \u00e8 italiano, facendo parte di un gruppo di 85 connazionali.<\/p>\n\n\n\n<p class=\"has-medium-font-size\"><strong>La Spagna <\/strong>\u00e8 il Paese con il maggior numero di passi al mondo (18.000). Allora perch\u00e9 non abbiamo mai superato il numero di 2 soci spagnoli nello stesso anno?<\/p>\n\n\n\n<p class=\"has-medium-font-size\">Approfittando della vacanza estiva che il Club dei Cento Passi organizza ogni anno, che nel 2022 \u00e8 stata organizzata nei Paesi Baschi, si \u00e8 svolto un incontro al valico di frontiera di Lizarrietta. (<a href=\"https:\/\/centcols.org\/backup\/util\/geo\/visu.php?code=FR-64-0441\" target=\"_blank\" rel=\"noreferrer noopener\">FR-64-0441<\/a> o <a href=\"https:\/\/centcols.org\/backup\/util\/geo\/visu.php?code=ES-NA-0442a\" target=\"_blank\" rel=\"noreferrer noopener\">ES-NA-0442a<\/a>) tra Jos\u00e9-Luis Junquera, presidente della FECT e Bernard Giraudeau, responsabile della comunicazione del CCC.<\/p>\n\n\n\n<p class=\"has-medium-font-size\">Questo primo incontro ha portato alla firma di un accordo di &#8220;<strong>Club Collaboratore internazionale<\/strong>&#8221; presso la <strong>FECT <\/strong>dalla fine del 2022.<\/p>\n\n\n\n<p class=\"has-medium-font-size\">L&#8217;intenzione comune di questo accordo \u00e8 che entrambe le parti si facciano conoscano meglio.<\/p>\n\n\n\n<p class=\"has-medium-font-size\">Per i membri spagnoli della FECT che amano collezionare i passi di montagna, conoscere le attivit\u00e0 del Club des Cent Cols, il &#8220;catalogo dei passi spagnoli&#8221;, pi\u00f9 in generale il catalogo mondiale dei passi, e le due escursioni permanenti del club tracciate in Spagna, l&#8217;Ultreia, da Barcellona a Santiago de Compostela e la Divisoria, lungo lo spartiacque atlantico-mediterraneo da St-Jean-Pied-de-Port (Francia) a Gibilterra.<\/p>\n\n\n\n<p class=\"has-medium-font-size\">A tal fine, il Club des Cent Cols fornisce all FECT tutti gli elementi necessari per condividere la passione per il ciclismo in montagna.<\/p>\n\n\n\n<p class=\"has-medium-font-size\">Per i  <strong>membri del Club des Cent Cols<\/strong>, che viaggiano gi\u00e0 da tempo attraverso la Spagna per la sua ricchezza di passi, l&#8217;idea \u00e8 quella di far conoscere le specificit\u00e0 ciclistiche della FECT, come, per esempio, il \u00ab&nbsp;<strong>Radiales Ibericas<\/strong>&nbsp;\u00bb<\/p>\n","protected":false},"excerpt":{"rendered":"<p>Il Club des Cent Cols annovera tra le sue fila molti soci francesi, svizzeri e belgi, il che si spiega con la genesi del club e con il fatto che fino a poco tempo fa era molto francofono. Ma questo non ha impedito ad altri ciclisti provenienti da Paesi non francofoni di unirsi a noi [&hellip;]<\/p>\n","protected":false},"author":69,"featured_media":0,"parent":0,"menu_order":0,"comment_status":"closed","ping_status":"closed","template":"","meta":{"_acf_changed":false,"ub_ctt_via":"","_monsterinsights_skip_tracking":false,"_monsterinsights_sitenote_active":false,"_monsterinsights_sitenote_note":"","_monsterinsights_sitenote_category":0,"footnotes":""},"acf":[],"featured_image_urls":{"full":"","thumbnail":"","medium":"","medium_large":"","large":"","1536x1536":"","2048x2048":"","woocommerce_thumbnail":"","woocommerce_single":"","woocommerce_gallery_thumbnail":""},"post_excerpt_stackable":"<p>Il Club des Cent Cols annovera tra le sue fila molti soci francesi, svizzeri e belgi, il che si spiega con la genesi del club e con il fatto che fino a poco tempo fa era molto francofono. Ma questo non ha impedito ad altri ciclisti provenienti da Paesi non francofoni di unirsi a noi nel corso del tempo. Oggi il club conta membri di 15 nazionalit\u00e0 diverse. Anche il Presidente del Club des Cent cols, eletto nel 2021, \u00e8 italiano, facendo parte di un gruppo di 85 connazionali. La Spagna \u00e8 il Paese con il maggior numero di passi&hellip;<\/p>\n","category_list":"","author_info":{"name":"Enrico Alberini","url":"https:\/\/centcols.org\/backup\/it\/author\/5065\/"},"comments_num":"0 commenti","featured_image_urls_v2":{"full":"","thumbnail":"","medium":"","medium_large":"","large":"","1536x1536":"","2048x2048":"","woocommerce_thumbnail":"","woocommerce_single":"","woocommerce_gallery_thumbnail":""},"post_excerpt_stackable_v2":"<p>Il Club des Cent Cols annovera tra le sue fila molti soci francesi, svizzeri e belgi, il che si spiega con la genesi del club e con il fatto che fino a poco tempo fa era molto francofono. Ma questo non ha impedito ad altri ciclisti provenienti da Paesi non francofoni di unirsi a noi nel corso del tempo. Oggi il club conta membri di 15 nazionalit\u00e0 diverse. Anche il Presidente del Club des Cent cols, eletto nel 2021, \u00e8 italiano, facendo parte di un gruppo di 85 connazionali. La Spagna \u00e8 il Paese con il maggior numero di passi&hellip;<\/p>\n","category_list_v2":"","author_info_v2":{"name":"Enrico Alberini","url":"https:\/\/centcols.org\/backup\/it\/author\/5065\/"},"comments_num_v2":"0 commenti","featured_image_src":null,"_links":{"self":[{"href":"https:\/\/centcols.org\/backup\/it\/wp-json\/wp\/v2\/pages\/71190"}],"collection":[{"href":"https:\/\/centcols.org\/backup\/it\/wp-json\/wp\/v2\/pages"}],"about":[{"href":"https:\/\/centcols.org\/backup\/it\/wp-json\/wp\/v2\/types\/page"}],"author":[{"embeddable":true,"href":"https:\/\/centcols.org\/backup\/it\/wp-json\/wp\/v2\/users\/69"}],"replies":[{"embeddable":true,"href":"https:\/\/centcols.org\/backup\/it\/wp-json\/wp\/v2\/comments?post=71190"}],"version-history":[{"count":0,"href":"https:\/\/centcols.org\/backup\/it\/wp-json\/wp\/v2\/pages\/71190\/revisions"}],"wp:attachment":[{"href":"https:\/\/centcols.org\/backup\/it\/wp-json\/wp\/v2\/media?parent=71190"}],"curies":[{"name":"wp","href":"https:\/\/api.w.org\/{rel}","templated":true}]}}

<p class="has-medium-font-size"><strong>Il Club des Cent Cols</strong> annovera tra le sue fila molti soci francesi, svizzeri e belgi, il che si spiega con la genesi del club e con il fatto che fino a poco tempo fa era molto francofono. Ma questo non ha impedito ad altri ciclisti provenienti da Paesi non francofoni di unirsi a noi nel corso del tempo. Oggi il club conta <strong>membri di</strong> <strong>15 nazionalità</strong> diverse. Anche il Presidente del Club des Cent cols, eletto nel 2021, è italiano, facendo parte di un gruppo di 85 connazionali.</p>



<p class="has-medium-font-size"><strong>La Spagna </strong>è il Paese con il maggior numero di passi al mondo (18.000). Allora perché non abbiamo mai superato il numero di 2 soci spagnoli nello stesso anno?</p>



<p class="has-medium-font-size">Approfittando della vacanza estiva che il Club dei Cento Passi organizza ogni anno, che nel 2022 è stata organizzata nei Paesi Baschi, si è svolto un incontro al valico di frontiera di Lizarrietta. (<a href="https://centcols.org/backup/util/geo/visu.php?code=FR-64-0441" target="_blank" rel="noreferrer noopener">FR-64-0441</a> o <a href="https://centcols.org/backup/util/geo/visu.php?code=ES-NA-0442a" target="_blank" rel="noreferrer noopener">ES-NA-0442a</a>) tra José-Luis Junquera, presidente della FECT e Bernard Giraudeau, responsabile della comunicazione del CCC.</p>



<p class="has-medium-font-size">Questo primo incontro ha portato alla firma di un accordo di &#8220;<strong>Club Collaboratore internazionale</strong>&#8221; presso la <strong>FECT </strong>dalla fine del 2022.</p>



<p class="has-medium-font-size">L&#8217;intenzione comune di questo accordo è che entrambe le parti si facciano conoscano meglio.</p>



<p class="has-medium-font-size">Per i membri spagnoli della FECT che amano collezionare i passi di montagna, conoscere le attività del Club des Cent Cols, il &#8220;catalogo dei passi spagnoli&#8221;, più in generale il catalogo mondiale dei passi, e le due escursioni permanenti del club tracciate in Spagna, l&#8217;Ultreia, da Barcellona a Santiago de Compostela e la Divisoria, lungo lo spartiacque atlantico-mediterraneo da St-Jean-Pied-de-Port (Francia) a Gibilterra.</p>



<p class="has-medium-font-size">A tal fine, il Club des Cent Cols fornisce all FECT tutti gli elementi necessari per condividere la passione per il ciclismo in montagna.</p>



<p class="has-medium-font-size">Per i  <strong>membri del Club des Cent Cols</strong>, che viaggiano già da tempo attraverso la Spagna per la sua ricchezza di passi, l&#8217;idea è quella di far conoscere le specificità ciclistiche della FECT, come, per esempio, il «&nbsp;<strong>Radiales Ibericas</strong>&nbsp;»</p>

<p>Il Club des Cent Cols annovera tra le sue fila molti soci francesi, svizzeri e belgi, il che si spiega con la genesi del club e con il fatto che fino a poco tempo fa era molto francofono. Ma questo non ha impedito ad altri ciclisti provenienti da Paesi non francofoni di unirsi a noi nel corso del tempo. Oggi il club conta membri di 15 nazionalità diverse. Anche il Presidente del Club des Cent cols, eletto nel 2021, è italiano, facendo parte di un gruppo di 85 connazionali. La Spagna è il Paese con il maggior numero di passi&hellip;</p>
