{"id":71473,"date":"2023-03-07T09:17:30","date_gmt":"2023-03-07T08:17:30","guid":{"rendered":"https:\/\/centcols.org\/backup\/visite-nouvelle-page-daccueil\/"},"modified":"2023-03-08T06:53:13","modified_gmt":"2023-03-08T05:53:13","slug":"visite-nouvelle-page-daccueil","status":"publish","type":"page","link":"https:\/\/centcols.org\/backup\/it\/visite-nouvelle-page-daccueil\/","title":{"rendered":"La visita della nuova homepage"},"content":{"rendered":"\n<p class=\"has-medium-font-size\">Si divide in due parti:<\/p>\n\n\n\n<ul>\n<li><span style=\"font-size: 20px;\">Una parte con 4 rubriche<\/span>\n<ul>\n<li><span style=\"font-size: 20px;\">Chi siamo ?<\/span><\/li>\n<\/ul>\n<ul>\n<li><span style=\"font-size: 20px;\">In primo piano<\/span><\/li>\n<\/ul>\n<ul>\n<li><span style=\"font-size: 20px;\">Stampa<\/span><\/li>\n<\/ul>\n<ul>\n<li><span style=\"font-size: 20px;\">La Gazzetta<\/span><\/li>\n<\/ul>\n<\/li>\n<li><span style=\"font-size: 20px;\">Una parte, sempre visibile sotto le 4 rubriche, con 3 paragrafi&nbsp;<\/span>\n<ul>\n<li><span style=\"font-size: 20px;\">I calendari del club, le ciclomontagnardes, le settimane europee e federali<\/span><\/li>\n<\/ul>\n<ul>\n<li><span style=\"font-size: 20px;\">I nostri partner<\/span><\/li>\n<\/ul>\n<ul>\n<li><span style=\"font-size: 20px;\">I dossiers di stampa<\/span><\/li>\n<\/ul>\n<\/li>\n<\/ul>\n\n\n\n<p class=\"has-medium-font-size\"><strong>Le 4 rubriche<\/strong><\/p>\n\n\n\n<p class=\"has-medium-font-size\">Chi siamo? Nessun cambiamento, tranne la presentazione<\/p>\n\n\n\n<p class=\"has-medium-font-size\"><br>In prima pagina: gli argomenti importanti del momento. Ad esempio, al momento, l&#8217;ICC, le iscrizioni al soggiorno di Praz-sur-Arly. La pagina sar\u00e0 aggiornata ogni volta che sar\u00e0 necessario<br><\/p>\n\n\n\n<p class=\"has-medium-font-size\">Stampa: gli ultimi articoli pubblicati dalla stampa, riguardanti il club e le sue attivit\u00e0. Aggiornato ad ogni nuova pubblicazione<\/p>\n\n\n\n<p class=\"has-medium-font-size\"><br>La Gazzetta: il pezzo forte.<\/p>\n\n\n\n<p class=\"has-medium-font-size\">3 sottotitoli&nbsp;: Le Club, Le Federazioni, Alla rinfusa<\/p>\n\n\n\n<p class=\"has-medium-font-size\">Il modus operandi della gazzetta \u00e8 universale: ogni nuovo argomento trattato nella gazzetta viene annunciato in &#8220;La gazzetta, cosa c&#8217;\u00e8 di nuovo?<br><br>Se l&#8217;argomento \u00e8 incluso nel sito stesso, allora \u00e8 incluso anche in &#8220;Cosa c&#8217;\u00e8 di nuovo nel sito?<\/p>\n\n\n\n<p class=\"has-medium-font-size\">In caso contrario, si tratta di un argomento &#8220;a s\u00e9 stante&#8221;, che si trova in una delle sottosezioni della Gazette. E &#8220;Cosa c&#8217;\u00e8 di nuovo nella Gazzetta?&#8221; specifica dove esattamente.<\/p>\n\n\n\n<p class=\"has-medium-font-size\"><strong>I 4 calendari<\/strong><\/p>\n\n\n\n<p class=\"has-medium-font-size\">Naturalmente saranno aggiornati con il passare dell&#8217;anno e gli elenchi di eventi si accorceranno.<\/p>\n\n\n\n<p class=\"has-medium-font-size\"><strong>I Partner<\/strong><\/p>\n\n\n\n<p class=\"has-medium-font-size\">Come in ogni organizzazione, esistono diversi livelli di partner. In questa sede vengono raccolti solo i partner premium (si noti che attualmente non esistono quasi partner di secondo livello):<\/p>\n\n\n\n<ul>\n<li><span style=\"font-size: 20px;\">la FFCT, il partner storico,<\/span><\/li>\n<li><span style=\"font-size: 20px;\">l\u2019UECT et+ la FECT che abbiamo avvicinato nel 2022 e da cui ci aspettiamo aperture (nuovi membri) a livello europeo,<\/span><\/li>\n<li><span style=\"font-size: 20px;\">OpenRunner il partner dei nostri percorsi e passi<\/span><\/li>\n<\/ul>\n\n\n\n<p class=\"has-medium-font-size\"><strong>I dossier di stampa<\/strong><\/p>\n\n\n\n<p class=\"has-medium-font-size\">Dietro le 6 bandiere, i 6 dossier stampa nelle lingue corrispondenti.<\/p>\n\n\n\n<p class=\"has-medium-font-size\">Sono stati aggiornati all&#8217;inizio dell&#8217;anno e se dovete presentare il club in modo sintetico, c&#8217;\u00e8 tutto, dovete solo riassumere (se necessario!).<\/p>\n\n\n\n<p class=\"has-medium-font-size\">Per concludere queste novit\u00e0 in home page, non dimentichiamo il <strong>banner fotografico<\/strong> presente in tutte le pagine e i menu del sito. \u00c8 alimentato da un carosello di 12 foto, rinnovato al ritmo di 3 foto a settimana. Ma ne parliamo meglio nella <a href=\"https:\/\/centcols.org\/backup\/it\/le-carrousel-photos-de-la-page-daccueil\/\" target=\"_blank\" rel=\"noreferrer noopener\"><strong>carosello di foto<\/strong><\/a> e le foto sono visibili <a href=\"https:\/\/centcols.org\/backup\/it\/les-photos-du-bandeau-daccueil\/\" target=\"_blank\" rel=\"noreferrer noopener\"><strong>Qui<\/strong><\/a><\/p>\n","protected":false},"excerpt":{"rendered":"<p>Si divide in due parti: Una parte con 4 rubriche Chi siamo ? In primo piano Stampa La Gazzetta Una parte, sempre visibile sotto le 4 rubriche, con 3 paragrafi&nbsp; I calendari del club, le ciclomontagnardes, le settimane europee e federali I nostri partner I dossiers di stampa Le 4 rubriche Chi siamo? Nessun cambiamento, [&hellip;]<\/p>\n","protected":false},"author":69,"featured_media":0,"parent":0,"menu_order":0,"comment_status":"closed","ping_status":"closed","template":"","meta":{"_acf_changed":false,"ub_ctt_via":"","_monsterinsights_skip_tracking":false,"_monsterinsights_sitenote_active":false,"_monsterinsights_sitenote_note":"","_monsterinsights_sitenote_category":0,"footnotes":""},"acf":[],"featured_image_urls":{"full":"","thumbnail":"","medium":"","medium_large":"","large":"","1536x1536":"","2048x2048":"","woocommerce_thumbnail":"","woocommerce_single":"","woocommerce_gallery_thumbnail":""},"post_excerpt_stackable":"<p>Si divide in due parti: Una parte con 4 rubriche Chi siamo ? In primo piano Stampa La Gazzetta Una parte, sempre visibile sotto le 4 rubriche, con 3 paragrafi&nbsp; I calendari del club, le ciclomontagnardes, le settimane europee e federali I nostri partner I dossiers di stampa Le 4 rubriche Chi siamo? Nessun cambiamento, tranne la presentazione In prima pagina: gli argomenti importanti del momento. Ad esempio, al momento, l&#8217;ICC, le iscrizioni al soggiorno di Praz-sur-Arly. La pagina sar\u00e0 aggiornata ogni volta che sar\u00e0 necessario Stampa: gli ultimi articoli pubblicati dalla stampa, riguardanti il club e le sue attivit\u00e0.&hellip;<\/p>\n","category_list":"","author_info":{"name":"Enrico Alberini","url":"https:\/\/centcols.org\/backup\/it\/author\/5065\/"},"comments_num":"0 commenti","featured_image_urls_v2":{"full":"","thumbnail":"","medium":"","medium_large":"","large":"","1536x1536":"","2048x2048":"","woocommerce_thumbnail":"","woocommerce_single":"","woocommerce_gallery_thumbnail":""},"post_excerpt_stackable_v2":"<p>Si divide in due parti: Una parte con 4 rubriche Chi siamo ? In primo piano Stampa La Gazzetta Una parte, sempre visibile sotto le 4 rubriche, con 3 paragrafi&nbsp; I calendari del club, le ciclomontagnardes, le settimane europee e federali I nostri partner I dossiers di stampa Le 4 rubriche Chi siamo? Nessun cambiamento, tranne la presentazione In prima pagina: gli argomenti importanti del momento. Ad esempio, al momento, l&#8217;ICC, le iscrizioni al soggiorno di Praz-sur-Arly. La pagina sar\u00e0 aggiornata ogni volta che sar\u00e0 necessario Stampa: gli ultimi articoli pubblicati dalla stampa, riguardanti il club e le sue attivit\u00e0.&hellip;<\/p>\n","category_list_v2":"","author_info_v2":{"name":"Enrico Alberini","url":"https:\/\/centcols.org\/backup\/it\/author\/5065\/"},"comments_num_v2":"0 commenti","featured_image_src":null,"_links":{"self":[{"href":"https:\/\/centcols.org\/backup\/it\/wp-json\/wp\/v2\/pages\/71473"}],"collection":[{"href":"https:\/\/centcols.org\/backup\/it\/wp-json\/wp\/v2\/pages"}],"about":[{"href":"https:\/\/centcols.org\/backup\/it\/wp-json\/wp\/v2\/types\/page"}],"author":[{"embeddable":true,"href":"https:\/\/centcols.org\/backup\/it\/wp-json\/wp\/v2\/users\/69"}],"replies":[{"embeddable":true,"href":"https:\/\/centcols.org\/backup\/it\/wp-json\/wp\/v2\/comments?post=71473"}],"version-history":[{"count":0,"href":"https:\/\/centcols.org\/backup\/it\/wp-json\/wp\/v2\/pages\/71473\/revisions"}],"wp:attachment":[{"href":"https:\/\/centcols.org\/backup\/it\/wp-json\/wp\/v2\/media?parent=71473"}],"curies":[{"name":"wp","href":"https:\/\/api.w.org\/{rel}","templated":true}]}}

<p class="has-medium-font-size">Si divide in due parti:</p>



<ul>
<li><span style="font-size: 20px;">Una parte con 4 rubriche</span>
<ul>
<li><span style="font-size: 20px;">Chi siamo ?</span></li>
</ul>
<ul>
<li><span style="font-size: 20px;">In primo piano</span></li>
</ul>
<ul>
<li><span style="font-size: 20px;">Stampa</span></li>
</ul>
<ul>
<li><span style="font-size: 20px;">La Gazzetta</span></li>
</ul>
</li>
<li><span style="font-size: 20px;">Una parte, sempre visibile sotto le 4 rubriche, con 3 paragrafi&nbsp;</span>
<ul>
<li><span style="font-size: 20px;">I calendari del club, le ciclomontagnardes, le settimane europee e federali</span></li>
</ul>
<ul>
<li><span style="font-size: 20px;">I nostri partner</span></li>
</ul>
<ul>
<li><span style="font-size: 20px;">I dossiers di stampa</span></li>
</ul>
</li>
</ul>



<p class="has-medium-font-size"><strong>Le 4 rubriche</strong></p>



<p class="has-medium-font-size">Chi siamo? Nessun cambiamento, tranne la presentazione</p>



<p class="has-medium-font-size"><br>In prima pagina: gli argomenti importanti del momento. Ad esempio, al momento, l&#8217;ICC, le iscrizioni al soggiorno di Praz-sur-Arly. La pagina sarà aggiornata ogni volta che sarà necessario<br></p>



<p class="has-medium-font-size">Stampa: gli ultimi articoli pubblicati dalla stampa, riguardanti il club e le sue attività. Aggiornato ad ogni nuova pubblicazione</p>



<p class="has-medium-font-size"><br>La Gazzetta: il pezzo forte.</p>



<p class="has-medium-font-size">3 sottotitoli&nbsp;: Le Club, Le Federazioni, Alla rinfusa</p>



<p class="has-medium-font-size">Il modus operandi della gazzetta è universale: ogni nuovo argomento trattato nella gazzetta viene annunciato in &#8220;La gazzetta, cosa c&#8217;è di nuovo?<br><br>Se l&#8217;argomento è incluso nel sito stesso, allora è incluso anche in &#8220;Cosa c&#8217;è di nuovo nel sito?</p>



<p class="has-medium-font-size">In caso contrario, si tratta di un argomento &#8220;a sé stante&#8221;, che si trova in una delle sottosezioni della Gazette. E &#8220;Cosa c&#8217;è di nuovo nella Gazzetta?&#8221; specifica dove esattamente.</p>



<p class="has-medium-font-size"><strong>I 4 calendari</strong></p>



<p class="has-medium-font-size">Naturalmente saranno aggiornati con il passare dell&#8217;anno e gli elenchi di eventi si accorceranno.</p>



<p class="has-medium-font-size"><strong>I Partner</strong></p>



<p class="has-medium-font-size">Come in ogni organizzazione, esistono diversi livelli di partner. In questa sede vengono raccolti solo i partner premium (si noti che attualmente non esistono quasi partner di secondo livello):</p>



<ul>
<li><span style="font-size: 20px;">la FFCT, il partner storico,</span></li>
<li><span style="font-size: 20px;">l’UECT et+ la FECT che abbiamo avvicinato nel 2022 e da cui ci aspettiamo aperture (nuovi membri) a livello europeo,</span></li>
<li><span style="font-size: 20px;">OpenRunner il partner dei nostri percorsi e passi</span></li>
</ul>



<p class="has-medium-font-size"><strong>I dossier di stampa</strong></p>



<p class="has-medium-font-size">Dietro le 6 bandiere, i 6 dossier stampa nelle lingue corrispondenti.</p>



<p class="has-medium-font-size">Sono stati aggiornati all&#8217;inizio dell&#8217;anno e se dovete presentare il club in modo sintetico, c&#8217;è tutto, dovete solo riassumere (se necessario!).</p>



<p class="has-medium-font-size">Per concludere queste novità in home page, non dimentichiamo il <strong>banner fotografico</strong> presente in tutte le pagine e i menu del sito. È alimentato da un carosello di 12 foto, rinnovato al ritmo di 3 foto a settimana. Ma ne parliamo meglio nella <a href="https://centcols.org/backup/it/le-carrousel-photos-de-la-page-daccueil/" target="_blank" rel="noreferrer noopener"><strong>carosello di foto</strong></a> e le foto sono visibili <a href="https://centcols.org/backup/it/les-photos-du-bandeau-daccueil/" target="_blank" rel="noreferrer noopener"><strong>Qui</strong></a></p>

<p>Si divide in due parti: Una parte con 4 rubriche Chi siamo ? In primo piano Stampa La Gazzetta Una parte, sempre visibile sotto le 4 rubriche, con 3 paragrafi&nbsp; I calendari del club, le ciclomontagnardes, le settimane europee e federali I nostri partner I dossiers di stampa Le 4 rubriche Chi siamo? Nessun cambiamento, tranne la presentazione In prima pagina: gli argomenti importanti del momento. Ad esempio, al momento, l&#8217;ICC, le iscrizioni al soggiorno di Praz-sur-Arly. La pagina sarà aggiornata ogni volta che sarà necessario Stampa: gli ultimi articoli pubblicati dalla stampa, riguardanti il club e le sue attività.&hellip;</p>
