{"id":71862,"date":"2023-04-04T07:47:41","date_gmt":"2023-04-04T05:47:41","guid":{"rendered":"https:\/\/centcols.org\/backup\/?page_id=71862"},"modified":"2023-04-04T07:48:12","modified_gmt":"2023-04-04T05:48:12","slug":"obbligo-di-portare-il-casco-in-bicicletta","status":"publish","type":"page","link":"https:\/\/centcols.org\/backup\/it\/obbligo-di-portare-il-casco-in-bicicletta\/","title":{"rendered":"Obbligo di portare il casco in bicicletta ?"},"content":{"rendered":"\n<p id=\"block-896b5a07-4d3e-4287-ad33-1e545f4ca92d\">Recentemente (gennaio 2022) \u00e8 stata sollevata dal Senato francese la questione dell&#8217;estensione a tutti i ciclisti dell&#8217;obbligo di indossare il casco, che attualmente \u00e8 richiesto solo per i bambini fino a 12 anni.<\/p>\n\n\n\n<p id=\"block-955434d3-31e4-4f18-88e2-b5f10e3db249\">Come ciclista che indossa il casco da anni, il mio primo istinto \u00e8 stato quello di rispondere &#8220;s\u00ec, certo&#8221;. Perch\u00e9, come ho sperimentato esperienza, indossare il casco migliora ovviamente la sicurezza del ciclista. Se non si tratta di una protezione assoluta (il casco \u00e8 leggero), con l&#8217;aumento del numero di ciclisti, che \u00e8 quello che sta accadendo ora, la loro sicurezza diventer\u00e0 una questione importante e ricorrente.<\/p>\n\n\n\n<p id=\"block-df07dda7-3f23-4a44-ab9c-39fa1a2fe3d0\">Mi sono anche chiesto come si possa essere contrari all&#8217;uso del casco: Nella vita di tutti i giorni indossiamo scarpe per proteggere i piedi, ma quando andiamo in bicicletta non indossiamo un casco per proteggere la testa?<\/p>\n\n\n\n<p id=\"block-d870f123-6d1b-4abc-b78f-b88a641d8806\">Con mia grande sorpresa, dopo aver fatto delle ricerche, ho trovato delle buone ragioni.<\/p>\n\n\n\n<p id=\"block-1a85066a-2fad-4186-b94f-f146964373d4\">Gli studi sugli incidenti dimostrano che le lesioni alla testa dei ciclisti (esclusi i mountain biker) sono per lo pi\u00f9 causate da impatti laterali (veicoli a motore) per i quali indossare il casco \u00e8 poco utile.<br><br><br>I Paesi con una lunga cultura del ciclismo quotidiano polivalente (Paesi Bassi, Danimarca, Germania) non hanno reso obbligatorio il casco.<br>Ci deve essere un motivo!<br><br>Tre Paesi al mondo lo hanno reso obbligatorio: Australia, Nuova Zelanda e alcune province del Canada. Il risultato \u00e8 che in primo luogo, che il tasso di incidenti non \u00e8 diminuito (ovviamente questo \u00e8 il motivo 1) ma soprattutto che l&#8217;uso della bicicletta \u00e8 diminuito.<br><br>Questo \u00e8 l&#8217;opposto di ci\u00f2 che stiamo cercando: sulle nostre strade \u00e8 meglio avere 1.000 ciclisti senza casco \u00e8 meglio di 1.000 automobilisti, i benefici dell&#8217;uso della bicicletta (in termini di salute pubblica rispetto a stili di vita sedentari o in termini di inquinamento) sono di gran lunga superiori ai rischi.<br>inquinamento) superano di gran lunga i rischi.<\/p>\n\n\n\n<p id=\"block-8b0ebac1-329a-4f1b-b96c-605f8df3f4cd\">La conclusione \u00e8 quindi ovvia: S\u00cc all&#8217;uso del casco, su base individuale in base alla libert\u00e0, NO al suo obbligo.<\/p>\n\n\n\n<p id=\"block-4c3d831e-8400-4694-97ef-38d7f3bb224a\">Denis Chouquet-Stringer<br>CCC 6183<br>Aprile 2022<\/p>\n","protected":false},"excerpt":{"rendered":"<p>Recentemente (gennaio 2022) \u00e8 stata sollevata dal Senato francese la questione dell&#8217;estensione a tutti i ciclisti dell&#8217;obbligo di indossare il casco, che attualmente \u00e8 richiesto solo per i bambini fino a 12 anni. Come ciclista che indossa il casco da anni, il mio primo istinto \u00e8 stato quello di rispondere &#8220;s\u00ec, certo&#8221;. Perch\u00e9, come ho [&hellip;]<\/p>\n","protected":false},"author":69,"featured_media":0,"parent":0,"menu_order":0,"comment_status":"closed","ping_status":"closed","template":"","meta":{"_acf_changed":false,"ub_ctt_via":"","_monsterinsights_skip_tracking":false,"_monsterinsights_sitenote_active":false,"_monsterinsights_sitenote_note":"","_monsterinsights_sitenote_category":0,"footnotes":""},"acf":[],"featured_image_urls":{"full":"","thumbnail":"","medium":"","medium_large":"","large":"","1536x1536":"","2048x2048":"","woocommerce_thumbnail":"","woocommerce_single":"","woocommerce_gallery_thumbnail":""},"post_excerpt_stackable":"<p>Recentemente (gennaio 2022) \u00e8 stata sollevata dal Senato francese la questione dell&#8217;estensione a tutti i ciclisti dell&#8217;obbligo di indossare il casco, che attualmente \u00e8 richiesto solo per i bambini fino a 12 anni. Come ciclista che indossa il casco da anni, il mio primo istinto \u00e8 stato quello di rispondere &#8220;s\u00ec, certo&#8221;. Perch\u00e9, come ho sperimentato esperienza, indossare il casco migliora ovviamente la sicurezza del ciclista. Se non si tratta di una protezione assoluta (il casco \u00e8 leggero), con l&#8217;aumento del numero di ciclisti, che \u00e8 quello che sta accadendo ora, la loro sicurezza diventer\u00e0 una questione importante e ricorrente.&hellip;<\/p>\n","category_list":"","author_info":{"name":"Enrico Alberini","url":"https:\/\/centcols.org\/backup\/it\/author\/5065\/"},"comments_num":"0 commenti","featured_image_urls_v2":{"full":"","thumbnail":"","medium":"","medium_large":"","large":"","1536x1536":"","2048x2048":"","woocommerce_thumbnail":"","woocommerce_single":"","woocommerce_gallery_thumbnail":""},"post_excerpt_stackable_v2":"<p>Recentemente (gennaio 2022) \u00e8 stata sollevata dal Senato francese la questione dell&#8217;estensione a tutti i ciclisti dell&#8217;obbligo di indossare il casco, che attualmente \u00e8 richiesto solo per i bambini fino a 12 anni. Come ciclista che indossa il casco da anni, il mio primo istinto \u00e8 stato quello di rispondere &#8220;s\u00ec, certo&#8221;. Perch\u00e9, come ho sperimentato esperienza, indossare il casco migliora ovviamente la sicurezza del ciclista. Se non si tratta di una protezione assoluta (il casco \u00e8 leggero), con l&#8217;aumento del numero di ciclisti, che \u00e8 quello che sta accadendo ora, la loro sicurezza diventer\u00e0 una questione importante e ricorrente.&hellip;<\/p>\n","category_list_v2":"","author_info_v2":{"name":"Enrico Alberini","url":"https:\/\/centcols.org\/backup\/it\/author\/5065\/"},"comments_num_v2":"0 commenti","featured_image_src":null,"_links":{"self":[{"href":"https:\/\/centcols.org\/backup\/it\/wp-json\/wp\/v2\/pages\/71862"}],"collection":[{"href":"https:\/\/centcols.org\/backup\/it\/wp-json\/wp\/v2\/pages"}],"about":[{"href":"https:\/\/centcols.org\/backup\/it\/wp-json\/wp\/v2\/types\/page"}],"author":[{"embeddable":true,"href":"https:\/\/centcols.org\/backup\/it\/wp-json\/wp\/v2\/users\/69"}],"replies":[{"embeddable":true,"href":"https:\/\/centcols.org\/backup\/it\/wp-json\/wp\/v2\/comments?post=71862"}],"version-history":[{"count":0,"href":"https:\/\/centcols.org\/backup\/it\/wp-json\/wp\/v2\/pages\/71862\/revisions"}],"wp:attachment":[{"href":"https:\/\/centcols.org\/backup\/it\/wp-json\/wp\/v2\/media?parent=71862"}],"curies":[{"name":"wp","href":"https:\/\/api.w.org\/{rel}","templated":true}]}}

<p id="block-896b5a07-4d3e-4287-ad33-1e545f4ca92d">Recentemente (gennaio 2022) è stata sollevata dal Senato francese la questione dell&#8217;estensione a tutti i ciclisti dell&#8217;obbligo di indossare il casco, che attualmente è richiesto solo per i bambini fino a 12 anni.</p>



<p id="block-955434d3-31e4-4f18-88e2-b5f10e3db249">Come ciclista che indossa il casco da anni, il mio primo istinto è stato quello di rispondere &#8220;sì, certo&#8221;. Perché, come ho sperimentato esperienza, indossare il casco migliora ovviamente la sicurezza del ciclista. Se non si tratta di una protezione assoluta (il casco è leggero), con l&#8217;aumento del numero di ciclisti, che è quello che sta accadendo ora, la loro sicurezza diventerà una questione importante e ricorrente.</p>



<p id="block-df07dda7-3f23-4a44-ab9c-39fa1a2fe3d0">Mi sono anche chiesto come si possa essere contrari all&#8217;uso del casco: Nella vita di tutti i giorni indossiamo scarpe per proteggere i piedi, ma quando andiamo in bicicletta non indossiamo un casco per proteggere la testa?</p>



<p id="block-d870f123-6d1b-4abc-b78f-b88a641d8806">Con mia grande sorpresa, dopo aver fatto delle ricerche, ho trovato delle buone ragioni.</p>



<p id="block-1a85066a-2fad-4186-b94f-f146964373d4">Gli studi sugli incidenti dimostrano che le lesioni alla testa dei ciclisti (esclusi i mountain biker) sono per lo più causate da impatti laterali (veicoli a motore) per i quali indossare il casco è poco utile.<br><br><br>I Paesi con una lunga cultura del ciclismo quotidiano polivalente (Paesi Bassi, Danimarca, Germania) non hanno reso obbligatorio il casco.<br>Ci deve essere un motivo!<br><br>Tre Paesi al mondo lo hanno reso obbligatorio: Australia, Nuova Zelanda e alcune province del Canada. Il risultato è che in primo luogo, che il tasso di incidenti non è diminuito (ovviamente questo è il motivo 1) ma soprattutto che l&#8217;uso della bicicletta è diminuito.<br><br>Questo è l&#8217;opposto di ciò che stiamo cercando: sulle nostre strade è meglio avere 1.000 ciclisti senza casco è meglio di 1.000 automobilisti, i benefici dell&#8217;uso della bicicletta (in termini di salute pubblica rispetto a stili di vita sedentari o in termini di inquinamento) sono di gran lunga superiori ai rischi.<br>inquinamento) superano di gran lunga i rischi.</p>



<p id="block-8b0ebac1-329a-4f1b-b96c-605f8df3f4cd">La conclusione è quindi ovvia: SÌ all&#8217;uso del casco, su base individuale in base alla libertà, NO al suo obbligo.</p>



<p id="block-4c3d831e-8400-4694-97ef-38d7f3bb224a">Denis Chouquet-Stringer<br>CCC 6183<br>Aprile 2022</p>

<p>Recentemente (gennaio 2022) è stata sollevata dal Senato francese la questione dell&#8217;estensione a tutti i ciclisti dell&#8217;obbligo di indossare il casco, che attualmente è richiesto solo per i bambini fino a 12 anni. Come ciclista che indossa il casco da anni, il mio primo istinto è stato quello di rispondere &#8220;sì, certo&#8221;. Perché, come ho [&hellip;]</p>

<p>Recentemente (gennaio 2022) è stata sollevata dal Senato francese la questione dell&#8217;estensione a tutti i ciclisti dell&#8217;obbligo di indossare il casco, che attualmente è richiesto solo per i bambini fino a 12 anni. Come ciclista che indossa il casco da anni, il mio primo istinto è stato quello di rispondere &#8220;sì, certo&#8221;. Perché, come ho sperimentato esperienza, indossare il casco migliora ovviamente la sicurezza del ciclista. Se non si tratta di una protezione assoluta (il casco è leggero), con l&#8217;aumento del numero di ciclisti, che è quello che sta accadendo ora, la loro sicurezza diventerà una questione importante e ricorrente.&hellip;</p>
