{"id":71955,"date":"2023-04-13T15:09:11","date_gmt":"2023-04-13T13:09:11","guid":{"rendered":"https:\/\/centcols.org\/backup\/sejour-coreg-casteljau\/"},"modified":"2023-04-13T16:14:45","modified_gmt":"2023-04-13T14:14:45","slug":"sejour-coreg-casteljau","status":"publish","type":"page","link":"https:\/\/centcols.org\/backup\/it\/sejour-coreg-casteljau\/","title":{"rendered":"Soggiorno multi attivit\u00e0 del Coreg a Casteljau (07)"},"content":{"rendered":"\n<h3 class=\"wp-block-heading\">Dal 28 settembre al 2 ottobre 2023<\/h3>\n\n\n\n<p><span style=\"font-size: 20px;\">Il Comitato Regionale Auvergne &#8211; Rh\u00f4ne-Alpes organizza un soggiorno multi attivit\u00e0:<\/span><\/p>\n<ul>\n<li><span style=\"font-size: 20px;\">Ciclismo su strada (E-bike ammessa)<\/span><\/li>\n<li><span style=\"font-size: 20px;\">MTB (E-bike ammessa)<\/span><\/li>\n<li><span style=\"font-size: 20px;\">Randonn\u00e9 pedestre<\/span><\/li>\n<li><span style=\"font-size: 20px;\">canoa-kayak<\/span><\/li>\n<\/ul>\n\n\n\n<p class=\"has-medium-font-size\"> L&#8217;opuscolo della manifestazione \u00e8 <a href=\"https:\/\/centcols.org\/backup\/wp-content\/uploads\/2023\/04\/Visuel_LOU-CASTEL-2023.pdf\" target=\"_blank\" rel=\"noreferrer noopener\">consultabile qui<\/a><\/p>\n\n\n\n<p class=\"has-medium-font-size\">Qui troverete:<\/p>\n\n\n\n<ul style=\"list-style-type: disc;\">\n<li><a href=\"https:\/\/centcols.org\/backup\/wp-content\/uploads\/2023\/04\/BI_LOU-CASTEL-2023.doc\" target=\"_blank\" rel=\"noopener\"><span style=\"font-size: 20px;\">Modulo d&#8217;iscrizione<\/span><\/a><\/li>\n<li><a href=\"https:\/\/centcols.org\/backup\/wp-content\/uploads\/2023\/04\/Notice-dassurance-Annulation-Annulation-Multirisques-Assurance-Bagages_2023.pdf\" target=\"_blank\" rel=\"noopener\"><span style=\"font-size: 20px;\">Informazioni sull&#8217;assicurazione annullamento<\/span><\/a><\/li>\n<li><a href=\"https:\/\/centcols.org\/backup\/wp-content\/uploads\/2023\/04\/Bulletin_Inscription_Assurance-Annulation-2023.pdf\" target=\"_blank\" rel=\"noopener\"><span style=\"font-size: 20px;\">Modulo di sottoscrizione dell&#8217;assicurazione<\/span><\/a><\/li>\n<\/ul>\n\n\n\n<p><\/p>\n","protected":false},"excerpt":{"rendered":"<p>Dal 28 settembre al 2 ottobre 2023 Il Comitato Regionale Auvergne &#8211; Rh\u00f4ne-Alpes organizza un soggiorno multi attivit\u00e0: Ciclismo su strada (E-bike ammessa) MTB (E-bike ammessa) Randonn\u00e9 pedestre canoa-kayak L&#8217;opuscolo della manifestazione \u00e8 consultabile qui Qui troverete: Modulo d&#8217;iscrizione Informazioni sull&#8217;assicurazione annullamento Modulo di sottoscrizione dell&#8217;assicurazione<\/p>\n","protected":false},"author":69,"featured_media":0,"parent":0,"menu_order":0,"comment_status":"closed","ping_status":"closed","template":"","meta":{"_acf_changed":false,"ub_ctt_via":"","_monsterinsights_skip_tracking":false,"_monsterinsights_sitenote_active":false,"_monsterinsights_sitenote_note":"","_monsterinsights_sitenote_category":0,"footnotes":""},"acf":[],"featured_image_urls":{"full":"","thumbnail":"","medium":"","medium_large":"","large":"","1536x1536":"","2048x2048":"","woocommerce_thumbnail":"","woocommerce_single":"","woocommerce_gallery_thumbnail":""},"post_excerpt_stackable":"<p>Dal 28 settembre al 2 ottobre 2023 Il Comitato Regionale Auvergne &#8211; Rh\u00f4ne-Alpes organizza un soggiorno multi attivit\u00e0: Ciclismo su strada (E-bike ammessa) MTB (E-bike ammessa) Randonn\u00e9 pedestre canoa-kayak L&#8217;opuscolo della manifestazione \u00e8 consultabile qui Qui troverete: Modulo d&#8217;iscrizione Informazioni sull&#8217;assicurazione annullamento Modulo di sottoscrizione dell&#8217;assicurazione<\/p>\n","category_list":"","author_info":{"name":"Enrico Alberini","url":"https:\/\/centcols.org\/backup\/it\/author\/5065\/"},"comments_num":"0 commenti","featured_image_urls_v2":{"full":"","thumbnail":"","medium":"","medium_large":"","large":"","1536x1536":"","2048x2048":"","woocommerce_thumbnail":"","woocommerce_single":"","woocommerce_gallery_thumbnail":""},"post_excerpt_stackable_v2":"<p>Dal 28 settembre al 2 ottobre 2023 Il Comitato Regionale Auvergne &#8211; Rh\u00f4ne-Alpes organizza un soggiorno multi attivit\u00e0: Ciclismo su strada (E-bike ammessa) MTB (E-bike ammessa) Randonn\u00e9 pedestre canoa-kayak L&#8217;opuscolo della manifestazione \u00e8 consultabile qui Qui troverete: Modulo d&#8217;iscrizione Informazioni sull&#8217;assicurazione annullamento Modulo di sottoscrizione dell&#8217;assicurazione<\/p>\n","category_list_v2":"","author_info_v2":{"name":"Enrico Alberini","url":"https:\/\/centcols.org\/backup\/it\/author\/5065\/"},"comments_num_v2":"0 commenti","featured_image_src":null,"_links":{"self":[{"href":"https:\/\/centcols.org\/backup\/it\/wp-json\/wp\/v2\/pages\/71955"}],"collection":[{"href":"https:\/\/centcols.org\/backup\/it\/wp-json\/wp\/v2\/pages"}],"about":[{"href":"https:\/\/centcols.org\/backup\/it\/wp-json\/wp\/v2\/types\/page"}],"author":[{"embeddable":true,"href":"https:\/\/centcols.org\/backup\/it\/wp-json\/wp\/v2\/users\/69"}],"replies":[{"embeddable":true,"href":"https:\/\/centcols.org\/backup\/it\/wp-json\/wp\/v2\/comments?post=71955"}],"version-history":[{"count":0,"href":"https:\/\/centcols.org\/backup\/it\/wp-json\/wp\/v2\/pages\/71955\/revisions"}],"wp:attachment":[{"href":"https:\/\/centcols.org\/backup\/it\/wp-json\/wp\/v2\/media?parent=71955"}],"curies":[{"name":"wp","href":"https:\/\/api.w.org\/{rel}","templated":true}]}}

Soggiorno multi attività del Coreg a Casteljau (07)

<h3 class="wp-block-heading">Dal 28 settembre al 2 ottobre 2023</h3>



<p><span style="font-size: 20px;">Il Comitato Regionale Auvergne &#8211; Rhône-Alpes organizza un soggiorno multi attività:</span></p>
<ul>
<li><span style="font-size: 20px;">Ciclismo su strada (E-bike ammessa)</span></li>
<li><span style="font-size: 20px;">MTB (E-bike ammessa)</span></li>
<li><span style="font-size: 20px;">Randonné pedestre</span></li>
<li><span style="font-size: 20px;">canoa-kayak</span></li>
</ul>



<p class="has-medium-font-size"> L&#8217;opuscolo della manifestazione è <a href="https://centcols.org/backup/wp-content/uploads/2023/04/Visuel_LOU-CASTEL-2023.pdf" target="_blank" rel="noreferrer noopener">consultabile qui</a></p>



<p class="has-medium-font-size">Qui troverete:</p>



<ul style="list-style-type: disc;">
<li><a href="https://centcols.org/backup/wp-content/uploads/2023/04/BI_LOU-CASTEL-2023.doc" target="_blank" rel="noopener"><span style="font-size: 20px;">Modulo d&#8217;iscrizione</span></a></li>
<li><a href="https://centcols.org/backup/wp-content/uploads/2023/04/Notice-dassurance-Annulation-Annulation-Multirisques-Assurance-Bagages_2023.pdf" target="_blank" rel="noopener"><span style="font-size: 20px;">Informazioni sull&#8217;assicurazione annullamento</span></a></li>
<li><a href="https://centcols.org/backup/wp-content/uploads/2023/04/Bulletin_Inscription_Assurance-Annulation-2023.pdf" target="_blank" rel="noopener"><span style="font-size: 20px;">Modulo di sottoscrizione dell&#8217;assicurazione</span></a></li>
</ul>



<p></p>

<p>Dal 28 settembre al 2 ottobre 2023 Il Comitato Regionale Auvergne &#8211; Rhône-Alpes organizza un soggiorno multi attività: Ciclismo su strada (E-bike ammessa) MTB (E-bike ammessa) Randonné pedestre canoa-kayak L&#8217;opuscolo della manifestazione è consultabile qui Qui troverete: Modulo d&#8217;iscrizione Informazioni sull&#8217;assicurazione annullamento Modulo di sottoscrizione dell&#8217;assicurazione</p>
