{"id":75958,"date":"2023-08-03T19:09:40","date_gmt":"2023-08-03T17:09:40","guid":{"rendered":"https:\/\/centcols.org\/backup\/?page_id=75958"},"modified":"2023-08-03T19:11:43","modified_gmt":"2023-08-03T17:11:43","slug":"be-wlx-durbuy","status":"publish","type":"page","link":"https:\/\/centcols.org\/backup\/it\/be-wlx-durbuy\/","title":{"rendered":"BE-WLX Les cols du Luxembourg belge"},"content":{"rendered":"\n<h2 class=\"kt-adv-heading_808a09-02 wp-block-kadence-advancedheading\" data-kb-block=\"kb-adv-heading_808a09-02\">Parcours des membres &#8211; Route &#8211; 5 cols<\/h2>\n\n\n\n<div class=\"wp-block-image\"><figure class=\"aligncenter size-large is-resized\"><img loading=\"lazy\" decoding=\"async\" src=\"https:\/\/centcols.org\/backup\/wp-content\/uploads\/2023\/08\/Capture-decran-2023-08-03-184310.jpg\" alt=\"\" class=\"wp-image-75960\" width=\"1182\" height=\"796\" srcset=\"https:\/\/centcols.org\/backup\/wp-content\/uploads\/2023\/08\/Capture-decran-2023-08-03-184310.jpg 1000w, https:\/\/centcols.org\/backup\/wp-content\/uploads\/2023\/08\/Capture-decran-2023-08-03-184310-500x337.jpg 500w, https:\/\/centcols.org\/backup\/wp-content\/uploads\/2023\/08\/Capture-decran-2023-08-03-184310-768x518.jpg 768w, https:\/\/centcols.org\/backup\/wp-content\/uploads\/2023\/08\/Capture-decran-2023-08-03-184310-600x404.jpg 600w\" sizes=\"(max-width: 1182px) 100vw, 1182px\" \/><\/figure><\/div>\n\n\n\n<div class=\"wp-block-image\"><figure class=\"aligncenter size-large is-resized\"><img loading=\"lazy\" decoding=\"async\" src=\"https:\/\/centcols.org\/backup\/wp-content\/uploads\/2023\/08\/BE-WLX-Cols-du-Luxembourg-Belge-1200x320.jpeg\" alt=\"\" class=\"wp-image-75966\" width=\"1186\" height=\"316\" srcset=\"https:\/\/centcols.org\/backup\/wp-content\/uploads\/2023\/08\/BE-WLX-Cols-du-Luxembourg-Belge-1200x320.jpeg 1200w, https:\/\/centcols.org\/backup\/wp-content\/uploads\/2023\/08\/BE-WLX-Cols-du-Luxembourg-Belge-500x133.jpeg 500w, https:\/\/centcols.org\/backup\/wp-content\/uploads\/2023\/08\/BE-WLX-Cols-du-Luxembourg-Belge-768x205.jpeg 768w, https:\/\/centcols.org\/backup\/wp-content\/uploads\/2023\/08\/BE-WLX-Cols-du-Luxembourg-Belge-1536x410.jpeg 1536w, https:\/\/centcols.org\/backup\/wp-content\/uploads\/2023\/08\/BE-WLX-Cols-du-Luxembourg-Belge-2048x546.jpeg 2048w, https:\/\/centcols.org\/backup\/wp-content\/uploads\/2023\/08\/BE-WLX-Cols-du-Luxembourg-Belge-600x160.jpeg 600w\" sizes=\"(max-width: 1186px) 100vw, 1186px\" \/><\/figure><\/div>\n\n\n\n<h2 class=\"wp-block-heading\">Description de l&#8217;auteur<\/h2>\n\n\n\n<p class=\"has-medium-font-size\"><span style=\"font-size: 20px; font-family: arial, helvetica, sans-serif;\"><strong>Auteur<\/strong> : Etienne Mayeur<\/span><\/p>\n\n\n\n<p class=\"has-medium-font-size\"><strong>Parcours<\/strong> effectu\u00e9 en\u00a0octobre 2021<\/p>\n\n\n<p class=\"has-medium-font-size\"><span style=\"font-family: arial, helvetica, sans-serif;\"><span style=\"font-size: 20px;\"><strong>D\u00e9part <\/strong> : <\/span><\/span><span style=\"font-size: 20px; font-family: arial, helvetica, sans-serif;\">A Barvaux-sur-Ourthe, une aire de stationnement se trouve le long de l\u2019Ourthe Quai des Outleux, rond-point N86 \/ N831. Alt : 135 m.<br \/><\/span><span style=\"font-family: arial, helvetica, sans-serif;\">Attention il y a le march\u00e9 hebdomadaire le mercredi sur ce parking.<\/span><\/p>\n\n\n<p class=\"has-medium-font-size\"><strong>Description touristique<\/strong><\/p>\n\n\n\n<p class=\"has-medium-font-size\">Le parcours part de Barvaux-sur-Ourthe commune de <a href=\"https:\/\/fr.wikipedia.org\/wiki\/Durbuy\" target=\"_blank\" rel=\"noopener\" title=\"\">Durbuy<\/a> souvent appel\u00e9e la plus petite ville du monde. Non loin du parking les touristes peuvent s\u2019amuser dans le <a href=\"https:\/\/www.lelabyrinthe.be\/\" target=\"_blank\" rel=\"noopener\" title=\"\">labyrinthe<\/a>, champ de ma\u00efs de 11 ha o\u00f9 l\u2019on peut vite perdre son chemin&#8230; Cap ensuite vers Heyd o\u00f9 les choses s\u00e9rieuses commencent, Erez\u00e9e, Manhay <a href=\"http:\/\/www.mhm44.be\/fr\/\" target=\"_blank\" rel=\"noopener\" title=\"\">mus\u00e9e de la guerre 40<\/a>, Lamorm\u00e9nil terminus du <a href=\"http:\/\/www.mhm44.be\/fr\/\" target=\"_blank\" rel=\"noopener\" title=\"\">tramway de l\u2019Aisne<\/a> et <a href=\"https:\/\/fr.wikipedia.org\/wiki\/La_Roche-en-Ardenne\" target=\"_blank\" rel=\"noopener\" title=\"\">La Roche en Ardenne<\/a> et son ch\u00e2teau surplombant la ville avant de rentrer vers Barvaux.<\/p>\n\n\n\n<p class=\"has-medium-font-size\"><strong>5 cols dont 2 BIGs<\/strong><\/p>\n\n\n\n<p class=\"has-medium-font-size\">1\u00a0\u2013 Col du Rideux\u00a0\u00a0\u00a0\u00a0\u00a0\u00a0 <a href=\"https:\/\/centcols.org\/backup\/util\/geo\/visuGen.php?code=BE-WLX-0370\" target=\"_blank\" rel=\"noopener\" title=\"\">BE-WLX-0370<\/a> <a href=\"https:\/\/www.bigcycling.eu\/fr\/big\/index\/index\/big\/129\" target=\"_blank\" rel=\"noopener\" title=\"\">BIG 129<\/a> versant Nord<br>2 \u2013 Trou du Loup\u00a0\u00a0\u00a0\u00a0\u00a0\u00a0\u00a0 <a href=\"https:\/\/centcols.org\/backup\/util\/geo\/visu.php?code=BE-WLX-0464\" target=\"_blank\" rel=\"noopener\" title=\"\">BE-WLX-0464<\/a><br>3 \u2013 Col de Lamorm\u00e9nil\u00a0\u00a0 <a href=\"https:\/\/centcols.org\/backup\/util\/geo\/visu.php?code=BE-WLX-0468\" target=\"_blank\" rel=\"noopener\" title=\"\">BE-WLX-0468<\/a><br>4 \u2013 Col de Haussire\u00a0\u00a0\u00a0\u00a0 <a href=\"https:\/\/centcols.org\/backup\/util\/geo\/visu.php?code=BE-WLX-0488\" target=\"_blank\" rel=\"noopener\" title=\"\">BE-WLX-0488<\/a>\u00a0\u00a0 <a href=\"https:\/\/www.bigcycling.eu\/fr\/big\/index\/index\/big\/136\">BIG 136<\/a> versant SW<br>5 \u2013 Pas Bayard\u00a0\u00a0\u00a0\u00a0\u00a0\u00a0\u00a0\u00a0\u00a0 <a href=\"https:\/\/centcols.org\/backup\/util\/geo\/visu.php?code=BE-WLX-0329\" title=\"\">BE-WLX-0329<\/a><\/p>\n\n\n\n<p><\/p>\n\n\n\n<p class=\"has-medium-font-size\"><strong>Description technique<\/strong><\/p>\n\n\n\n<p class=\"has-medium-font-size\">Sur ce circuit vous traverserez nombre de petits villages principalement sur des routes \u00e9troites. Vous ne rencontrerez que peu de portions plates. Le plat pays n\u2019est pas celui qu\u2019on croit.<\/p>\n\n\n\n<p class=\"has-medium-font-size\">Pour les grimpeurs de BIG, un aller-retour vers Aisne \u00e0 partir de Heyd permet d\u2019aller chercher le pied Nord r\u00e9el du Col\/BIG du Rideux. Il y a aussi une boucle \u00e0 La Roche-en-Ardenne pour prendre le versant SW le plus difficile du Col\/BIG d\u2019Haussire, qui en points, repr\u00e9sente alors l\u2019ascension la plus difficile de Belgique.<\/p>\n\n\n\n<p class=\"has-medium-font-size\">Pour les grimpeurs de cols, la trace passe de toute fa\u00e7on par ces cols. La descente initiale \u00e0 Aisne et la remont\u00e9e depuis Roche-en-Ardenne ne sont pas indispensables et \u00e9vitent environ 10 km et 300 m D+<\/p>\n\n\n\n<p class=\"has-medium-font-size\"><strong>Lien<\/strong> <strong><strong>Openrunner, carte interactive, profil, trace gpx<\/strong><\/strong> <strong><a href=\"https:\/\/www.openrunner.com\/route-details\/17343755\" target=\"_blank\" rel=\"noopener\" title=\"\">https:\/\/www.openrunner.com\/route-details\/17187246<\/a><\/strong><\/p>\n\n\n\n<p class=\"has-medium-font-size\"><strong>Mots cl\u00e9s<\/strong> : Rideux, Trou du Loup, Lamorm\u00e9nil, Haussire, centcols<\/p>\n\n\n\n<p class=\"has-medium-font-size\">Cet itin\u00e9raire est donn\u00e9 \u00e0 titre indicatif. L&#8217;auteur d\u00e9cline toute responsabilit\u00e9, ainsi que celle du Club des Cent Cols, pour les impond\u00e9rables caus\u00e9s par le cycliste lui-m\u00eame, le mat\u00e9riel utilis\u00e9 ou tout ce qui concerne la route, son environnement ou les autres usagers de la route.<\/p>\n\n\n\n<p class=\"has-medium-font-size\">Ici, un aper\u00e7u exhaustif des <a title=\"\" href=\"https:\/\/centcols.org\/backup\/liste-parcours-cent-cols-sur-or-2\/\" target=\"_blank\" rel=\"noopener\">parcours des membres<\/a> du Club des Cent Cols<\/p>\n\n\n\n<h2 class=\"kt-adv-heading_49b636-c8 wp-block-kadence-advancedheading\" data-kb-block=\"kb-adv-heading_49b636-c8\">Photos<\/h2>\n\n\n\n<div class=\"wp-block-image\"><figure class=\"aligncenter size-large\"><img decoding=\"async\" src=\"https:\/\/centcols.org\/backup\/util\/geo\/visu\/BE\/img\/1050\/4700.jpg\" alt=\"\"\/><figcaption><strong>Col du Rideux<\/strong><\/figcaption><\/figure><\/div>\n\n\n\n<div class=\"wp-block-image\"><figure class=\"aligncenter size-large\"><img decoding=\"async\" src=\"https:\/\/centcols.org\/backup\/util\/geo\/visu\/BE\/img\/1050\/4803.jpg\" alt=\"\"\/><figcaption><strong>Trou du Loup<\/strong><\/figcaption><\/figure><\/div>\n\n\n\n<div class=\"wp-block-image\"><figure class=\"aligncenter size-large\"><img decoding=\"async\" src=\"https:\/\/centcols.org\/backup\/util\/geo\/visu\/BE\/img\/1868\/9602.jpg\" alt=\"\"\/><figcaption><strong>Col de Lamorm\u00e9nil\u00a0<\/strong><\/figcaption><\/figure><\/div>\n\n\n\n<div class=\"wp-block-image\"><figure class=\"aligncenter size-large\"><img decoding=\"async\" src=\"https:\/\/centcols.org\/backup\/util\/geo\/visu\/BE\/img\/1868\/9703.jpg\" alt=\"\"\/><figcaption><strong>Col de Haussire<\/strong><\/figcaption><\/figure><\/div>\n\n\n\n<div class=\"wp-block-image\"><figure class=\"aligncenter size-large\"><img decoding=\"async\" src=\"https:\/\/centcols.org\/backup\/util\/geo\/visu\/BE\/img\/1050\/4601.jpg\" alt=\"\"\/><figcaption><strong>Pas Bayard<\/strong><\/figcaption><\/figure><\/div>\n","protected":false},"excerpt":{"rendered":"<p>Description de l&#8217;auteur Auteur : Etienne Mayeur Parcours effectu\u00e9 en\u00a0octobre 2021 D\u00e9part : A Barvaux-sur-Ourthe, une aire de stationnement se trouve le long de l\u2019Ourthe Quai des Outleux, rond-point N86 \/ N831. Alt : 135 m.Attention il y a le march\u00e9 hebdomadaire le mercredi sur ce parking. Description touristique Le parcours part de Barvaux-sur-Ourthe commune [&hellip;]<\/p>\n","protected":false},"author":397,"featured_media":0,"parent":0,"menu_order":0,"comment_status":"closed","ping_status":"closed","template":"","meta":{"_acf_changed":false,"ub_ctt_via":"","_monsterinsights_skip_tracking":false,"_monsterinsights_sitenote_active":false,"_monsterinsights_sitenote_note":"","_monsterinsights_sitenote_category":0,"footnotes":""},"acf":[],"featured_image_urls":{"full":"","thumbnail":"","medium":"","medium_large":"","large":"","1536x1536":"","2048x2048":"","woocommerce_thumbnail":"","woocommerce_single":"","woocommerce_gallery_thumbnail":""},"post_excerpt_stackable":"<p>Parcours des membres &#8211; Route &#8211; 5 cols Description de l&#8217;auteur Auteur : Etienne Mayeur Parcours effectu\u00e9 en\u00a0octobre 2021 D\u00e9part : A Barvaux-sur-Ourthe, une aire de stationnement se trouve le long de l\u2019Ourthe Quai des Outleux, rond-point N86 \/ N831. Alt : 135 m.Attention il y a le march\u00e9 hebdomadaire le mercredi sur ce parking. Description touristique Le parcours part de Barvaux-sur-Ourthe commune de Durbuy souvent appel\u00e9e la plus petite ville du monde. Non loin du parking les touristes peuvent s\u2019amuser dans le labyrinthe, champ de ma\u00efs de 11 ha o\u00f9 l\u2019on peut vite perdre son chemin&#8230; Cap ensuite vers&hellip;<\/p>\n","category_list":"","author_info":{"name":"Denis Chouquet-Stringer","url":"https:\/\/centcols.org\/backup\/it\/author\/6183\/"},"comments_num":"0 commenti","featured_image_urls_v2":{"full":"","thumbnail":"","medium":"","medium_large":"","large":"","1536x1536":"","2048x2048":"","woocommerce_thumbnail":"","woocommerce_single":"","woocommerce_gallery_thumbnail":""},"post_excerpt_stackable_v2":"<p>Parcours des membres &#8211; Route &#8211; 5 cols Description de l&#8217;auteur Auteur : Etienne Mayeur Parcours effectu\u00e9 en\u00a0octobre 2021 D\u00e9part : A Barvaux-sur-Ourthe, une aire de stationnement se trouve le long de l\u2019Ourthe Quai des Outleux, rond-point N86 \/ N831. Alt : 135 m.Attention il y a le march\u00e9 hebdomadaire le mercredi sur ce parking. Description touristique Le parcours part de Barvaux-sur-Ourthe commune de Durbuy souvent appel\u00e9e la plus petite ville du monde. Non loin du parking les touristes peuvent s\u2019amuser dans le labyrinthe, champ de ma\u00efs de 11 ha o\u00f9 l\u2019on peut vite perdre son chemin&#8230; Cap ensuite vers&hellip;<\/p>\n","category_list_v2":"","author_info_v2":{"name":"Denis Chouquet-Stringer","url":"https:\/\/centcols.org\/backup\/it\/author\/6183\/"},"comments_num_v2":"0 commenti","featured_image_src":null,"_links":{"self":[{"href":"https:\/\/centcols.org\/backup\/it\/wp-json\/wp\/v2\/pages\/75958"}],"collection":[{"href":"https:\/\/centcols.org\/backup\/it\/wp-json\/wp\/v2\/pages"}],"about":[{"href":"https:\/\/centcols.org\/backup\/it\/wp-json\/wp\/v2\/types\/page"}],"author":[{"embeddable":true,"href":"https:\/\/centcols.org\/backup\/it\/wp-json\/wp\/v2\/users\/397"}],"replies":[{"embeddable":true,"href":"https:\/\/centcols.org\/backup\/it\/wp-json\/wp\/v2\/comments?post=75958"}],"version-history":[{"count":0,"href":"https:\/\/centcols.org\/backup\/it\/wp-json\/wp\/v2\/pages\/75958\/revisions"}],"wp:attachment":[{"href":"https:\/\/centcols.org\/backup\/it\/wp-json\/wp\/v2\/media?parent=75958"}],"curies":[{"name":"wp","href":"https:\/\/api.w.org\/{rel}","templated":true}]}}

<h2 class="kt-adv-heading_808a09-02 wp-block-kadence-advancedheading" data-kb-block="kb-adv-heading_808a09-02">Parcours des membres &#8211; Route &#8211; 5 cols</h2>



<div class="wp-block-image"><figure class="aligncenter size-large is-resized"><img loading="lazy" decoding="async" src="https://centcols.org/backup/wp-content/uploads/2023/08/Capture-decran-2023-08-03-184310.jpg" alt="" class="wp-image-75960" width="1182" height="796" srcset="https://centcols.org/backup/wp-content/uploads/2023/08/Capture-decran-2023-08-03-184310.jpg 1000w, https://centcols.org/backup/wp-content/uploads/2023/08/Capture-decran-2023-08-03-184310-500x337.jpg 500w, https://centcols.org/backup/wp-content/uploads/2023/08/Capture-decran-2023-08-03-184310-768x518.jpg 768w, https://centcols.org/backup/wp-content/uploads/2023/08/Capture-decran-2023-08-03-184310-600x404.jpg 600w" sizes="(max-width: 1182px) 100vw, 1182px" /></figure></div>



<div class="wp-block-image"><figure class="aligncenter size-large is-resized"><img loading="lazy" decoding="async" src="https://centcols.org/backup/wp-content/uploads/2023/08/BE-WLX-Cols-du-Luxembourg-Belge-1200x320.jpeg" alt="" class="wp-image-75966" width="1186" height="316" srcset="https://centcols.org/backup/wp-content/uploads/2023/08/BE-WLX-Cols-du-Luxembourg-Belge-1200x320.jpeg 1200w, https://centcols.org/backup/wp-content/uploads/2023/08/BE-WLX-Cols-du-Luxembourg-Belge-500x133.jpeg 500w, https://centcols.org/backup/wp-content/uploads/2023/08/BE-WLX-Cols-du-Luxembourg-Belge-768x205.jpeg 768w, https://centcols.org/backup/wp-content/uploads/2023/08/BE-WLX-Cols-du-Luxembourg-Belge-1536x410.jpeg 1536w, https://centcols.org/backup/wp-content/uploads/2023/08/BE-WLX-Cols-du-Luxembourg-Belge-2048x546.jpeg 2048w, https://centcols.org/backup/wp-content/uploads/2023/08/BE-WLX-Cols-du-Luxembourg-Belge-600x160.jpeg 600w" sizes="(max-width: 1186px) 100vw, 1186px" /></figure></div>



<h2 class="wp-block-heading">Description de l&#8217;auteur</h2>



<p class="has-medium-font-size"><span style="font-size: 20px; font-family: arial, helvetica, sans-serif;"><strong>Auteur</strong> : Etienne Mayeur</span></p>



<p class="has-medium-font-size"><strong>Parcours</strong> effectué en octobre 2021</p>


<p class="has-medium-font-size"><span style="font-family: arial, helvetica, sans-serif;"><span style="font-size: 20px;"><strong>Départ </strong> : </span></span><span style="font-size: 20px; font-family: arial, helvetica, sans-serif;">A Barvaux-sur-Ourthe, une aire de stationnement se trouve le long de l’Ourthe Quai des Outleux, rond-point N86 / N831. Alt : 135 m.<br /></span><span style="font-family: arial, helvetica, sans-serif;">Attention il y a le marché hebdomadaire le mercredi sur ce parking.</span></p>


<p class="has-medium-font-size"><strong>Description touristique</strong></p>



<p class="has-medium-font-size">Le parcours part de Barvaux-sur-Ourthe commune de <a href="https://fr.wikipedia.org/wiki/Durbuy" target="_blank" rel="noopener" title="">Durbuy</a> souvent appelée la plus petite ville du monde. Non loin du parking les touristes peuvent s’amuser dans le <a href="https://www.lelabyrinthe.be/" target="_blank" rel="noopener" title="">labyrinthe</a>, champ de maïs de 11 ha où l’on peut vite perdre son chemin&#8230; Cap ensuite vers Heyd où les choses sérieuses commencent, Erezée, Manhay <a href="http://www.mhm44.be/fr/" target="_blank" rel="noopener" title="">musée de la guerre 40</a>, Lamorménil terminus du <a href="http://www.mhm44.be/fr/" target="_blank" rel="noopener" title="">tramway de l’Aisne</a> et <a href="https://fr.wikipedia.org/wiki/La_Roche-en-Ardenne" target="_blank" rel="noopener" title="">La Roche en Ardenne</a> et son château surplombant la ville avant de rentrer vers Barvaux.</p>



<p class="has-medium-font-size"><strong>5 cols dont 2 BIGs</strong></p>



<p class="has-medium-font-size">1 – Col du Rideux       <a href="https://centcols.org/backup/util/geo/visuGen.php?code=BE-WLX-0370" target="_blank" rel="noopener" title="">BE-WLX-0370</a> <a href="https://www.bigcycling.eu/fr/big/index/index/big/129" target="_blank" rel="noopener" title="">BIG 129</a> versant Nord<br>2 – Trou du Loup        <a href="https://centcols.org/backup/util/geo/visu.php?code=BE-WLX-0464" target="_blank" rel="noopener" title="">BE-WLX-0464</a><br>3 – Col de Lamorménil   <a href="https://centcols.org/backup/util/geo/visu.php?code=BE-WLX-0468" target="_blank" rel="noopener" title="">BE-WLX-0468</a><br>4 – Col de Haussire     <a href="https://centcols.org/backup/util/geo/visu.php?code=BE-WLX-0488" target="_blank" rel="noopener" title="">BE-WLX-0488</a>   <a href="https://www.bigcycling.eu/fr/big/index/index/big/136">BIG 136</a> versant SW<br>5 – Pas Bayard          <a href="https://centcols.org/backup/util/geo/visu.php?code=BE-WLX-0329" title="">BE-WLX-0329</a></p>



<p></p>



<p class="has-medium-font-size"><strong>Description technique</strong></p>



<p class="has-medium-font-size">Sur ce circuit vous traverserez nombre de petits villages principalement sur des routes étroites. Vous ne rencontrerez que peu de portions plates. Le plat pays n’est pas celui qu’on croit.</p>



<p class="has-medium-font-size">Pour les grimpeurs de BIG, un aller-retour vers Aisne à partir de Heyd permet d’aller chercher le pied Nord réel du Col/BIG du Rideux. Il y a aussi une boucle à La Roche-en-Ardenne pour prendre le versant SW le plus difficile du Col/BIG d’Haussire, qui en points, représente alors l’ascension la plus difficile de Belgique.</p>



<p class="has-medium-font-size">Pour les grimpeurs de cols, la trace passe de toute façon par ces cols. La descente initiale à Aisne et la remontée depuis Roche-en-Ardenne ne sont pas indispensables et évitent environ 10 km et 300 m D+</p>



<p class="has-medium-font-size"><strong>Lien</strong> <strong><strong>Openrunner, carte interactive, profil, trace gpx</strong></strong> <strong><a href="https://www.openrunner.com/route-details/17343755" target="_blank" rel="noopener" title="">https://www.openrunner.com/route-details/17187246</a></strong></p>



<p class="has-medium-font-size"><strong>Mots clés</strong> : Rideux, Trou du Loup, Lamorménil, Haussire, centcols</p>



<p class="has-medium-font-size">Cet itinéraire est donné à titre indicatif. L&#8217;auteur décline toute responsabilité, ainsi que celle du Club des Cent Cols, pour les impondérables causés par le cycliste lui-même, le matériel utilisé ou tout ce qui concerne la route, son environnement ou les autres usagers de la route.</p>



<p class="has-medium-font-size">Ici, un aperçu exhaustif des <a title="" href="https://centcols.org/backup/liste-parcours-cent-cols-sur-or-2/" target="_blank" rel="noopener">parcours des membres</a> du Club des Cent Cols</p>



<h2 class="kt-adv-heading_49b636-c8 wp-block-kadence-advancedheading" data-kb-block="kb-adv-heading_49b636-c8">Photos</h2>



<div class="wp-block-image"><figure class="aligncenter size-large"><img decoding="async" src="https://centcols.org/backup/util/geo/visu/BE/img/1050/4700.jpg" alt=""/><figcaption><strong>Col du Rideux</strong></figcaption></figure></div>



<div class="wp-block-image"><figure class="aligncenter size-large"><img decoding="async" src="https://centcols.org/backup/util/geo/visu/BE/img/1050/4803.jpg" alt=""/><figcaption><strong>Trou du Loup</strong></figcaption></figure></div>



<div class="wp-block-image"><figure class="aligncenter size-large"><img decoding="async" src="https://centcols.org/backup/util/geo/visu/BE/img/1868/9602.jpg" alt=""/><figcaption><strong>Col de Lamorménil </strong></figcaption></figure></div>



<div class="wp-block-image"><figure class="aligncenter size-large"><img decoding="async" src="https://centcols.org/backup/util/geo/visu/BE/img/1868/9703.jpg" alt=""/><figcaption><strong>Col de Haussire</strong></figcaption></figure></div>



<div class="wp-block-image"><figure class="aligncenter size-large"><img decoding="async" src="https://centcols.org/backup/util/geo/visu/BE/img/1050/4601.jpg" alt=""/><figcaption><strong>Pas Bayard</strong></figcaption></figure></div>

<p>Description de l&#8217;auteur Auteur : Etienne Mayeur Parcours effectué en octobre 2021 Départ : A Barvaux-sur-Ourthe, une aire de stationnement se trouve le long de l’Ourthe Quai des Outleux, rond-point N86 / N831. Alt : 135 m.Attention il y a le marché hebdomadaire le mercredi sur ce parking. Description touristique Le parcours part de Barvaux-sur-Ourthe commune [&hellip;]</p>

<p>Parcours des membres &#8211; Route &#8211; 5 cols Description de l&#8217;auteur Auteur : Etienne Mayeur Parcours effectué en octobre 2021 Départ : A Barvaux-sur-Ourthe, une aire de stationnement se trouve le long de l’Ourthe Quai des Outleux, rond-point N86 / N831. Alt : 135 m.Attention il y a le marché hebdomadaire le mercredi sur ce parking. Description touristique Le parcours part de Barvaux-sur-Ourthe commune de Durbuy souvent appelée la plus petite ville du monde. Non loin du parking les touristes peuvent s’amuser dans le labyrinthe, champ de maïs de 11 ha où l’on peut vite perdre son chemin&#8230; Cap ensuite vers&hellip;</p>
