{"id":79004,"date":"2023-07-21T12:04:33","date_gmt":"2023-07-21T10:04:33","guid":{"rendered":"https:\/\/centcols.org\/backup\/cyclom-vosges\/"},"modified":"2023-12-22T16:51:27","modified_gmt":"2023-12-22T15:51:27","slug":"cyclom-vosges","status":"publish","type":"page","link":"https:\/\/centcols.org\/backup\/it\/cyclom-vosges\/","title":{"rendered":"Cyclomontagnarde dei Vosgi &#8211; Resoconto"},"content":{"rendered":"\n<p class=\"has-medium-font-size\">L&#8217;evento si \u00e8 svolto<\/p>\n\n\n\n<ul>\n<li class=\"has-medium-font-size\">in 2 giorni (8 e 9 luglio), 2 circuiti di circa 115 km con ritorno a Remiremont, circuiti percorsi da 320 persone,<\/li>\n\n\n\n<li class=\"has-medium-font-size\">oppure in un&#8217;unica giornata, domenica 9, su un circuito di 225 km percorso da 80 persone.<\/li>\n<\/ul>\n\n\n\n<p class=\"has-medium-font-size\">In occasione di questo evento, ho allestito uno stand con 2 tavoli e una rastrelliera.<br>Un tavolo era coperto da riviste e volantini del club e le magliette del club erano sullo scaffale.<br>Avevo il mio computer portatile con un GPS. Ho usato l&#8217;account 108 &#8220;Gaston Lagaffe&#8221; per dimostrare diverse utilit\u00e0 del sito.<br>I migliori scambi con i ciclisti sono avvenuti il sabato pomeriggio, quando alcuni tornavano dalla prima met\u00e0 del circuito e altri venivano a ritirare i loro numeri per la domenica.<\/p>\n\n\n\n<p class=\"has-medium-font-size\">I contatti si possono dividere in 2 gruppi:<\/p>\n\n\n\n<ul>\n<li class=\"has-medium-font-size\">soci del club e altri.<br>I membri del club sono venuti a cercare informazioni su come gestire le loro liste e sulle utilit\u00e0 disponibili sul sito (passi su traccia, Ccway, dichiarazione dei passi, brevetti).<\/li>\n\n\n\n<li class=\"has-medium-font-size\">Altri ciclisti, pi\u00f9 abituati a una struttura locale, sono stati &#8220;rassicurati&#8221; dalla nostra organizzazione a zone. Altri, in genere pi\u00f9 giovani e con pi\u00f9 conoscenze, non sono scioccati dalla nostra organizzazione. Tutti sono sorpresi dall&#8217;offerta del club, dalla qualit\u00e0 del sito e delle sue utilit\u00e0, dai database, dall&#8217;offerta di soggiorni, dai raduni regionali (di cui non conoscono le date e il calendario) e dai brevetti su strada (la popolazione incontrata \u00e8 fatta soprattutto da stradisti)<\/li>\n<\/ul>\n\n\n\n<p class=\"has-medium-font-size\">Quasi tutti conoscono il club des cent cols  o grazie a un amico del loro club (che va a cercare passi ovunque) o grazie agli incontri durante le uscite in montagna.<br>Molti hanno voluto comprare la mia maglia (quella nuova), e hanno pensato che fosse fantastica.<br>Quando si \u00e8 trattato di iscriversi, molti sono rimasti sorpresi dal requisito di aver valicato 100 passi (di cui 5 > 2000). Quasi tutti i ciclisti che ho incontrato avevano gi\u00e0 scalato pi\u00f9 di cento passi, ma non li avevano annotati; molto spesso mi chiedevano come fare per stilare questa lista e quali dettagli dovevano fornire.<br>Ogni volta ho ricordato loro il calendario (sconosciuto ai non soci) degli incontri regionali e, soprattutto, la possibilit\u00e0 di parteciparvi liberamente.<\/p>\n\n\n\n<p class=\"has-medium-font-size\">Alcuni suggerimenti per il miglioramento:<\/p>\n\n\n\n<ul>\n<li class=\"has-medium-font-size\">Rendere pi\u00f9 facile per i futuri soci l&#8217;individuazione dei passi sulla mappa. Chiarire i requisiti, semplificare e fornire esempi.<br>Nota del redattore: \u00e8 in preparazione una nota del Comitato in risposta a questa raccomandazione.<\/li>\n\n\n\n<li class=\"has-medium-font-size\">Migliorare la comunicazione dei nostri raduni su supporti accessibili ai non soci (sul sito della FFCT esiste un&#8217;agenda, ma non ho trovato informazioni su di noi).<br>Nota del redattore: questa \u00e8 una questione di competenza del segretario incaricato delle relazioni con la FFCT. Senza dubbio prender\u00e0 in considerazione l&#8217;opportunit\u00e0 di pubblicizzare i nostri incontri regionali.<\/li>\n\n\n\n<li class=\"has-medium-font-size\">Aggiungere alla rivista annuale una sezione &#8220;Novit\u00e0 sul sito&#8221; e ricordare l&#8217;esistenza dei servizi (Ccway, passi su traccia, brevetti stradali).<br>Nota del redattore: questo \u00e8 da vedere col redattore capo della rivista.<\/li>\n<\/ul>\n\n\n\n<p class=\"has-text-align-right has-vivid-cyan-blue-color has-text-color has-medium-font-size\"><strong>Denis Mathieu &#8211; cc 6820 &#8211; DT  03 E<\/strong><\/p>\n\n\n\n<p class=\"has-medium-font-size\"><br><\/p>\n","protected":false},"excerpt":{"rendered":"<p>L&#8217;evento si \u00e8 svolto In occasione di questo evento, ho allestito uno stand con 2 tavoli e una rastrelliera.Un tavolo era coperto da riviste e volantini del club e le magliette del club erano sullo scaffale.Avevo il mio computer portatile con un GPS. Ho usato l&#8217;account 108 &#8220;Gaston Lagaffe&#8221; per dimostrare diverse utilit\u00e0 del sito.I [&hellip;]<\/p>\n","protected":false},"author":69,"featured_media":0,"parent":0,"menu_order":0,"comment_status":"closed","ping_status":"closed","template":"","meta":{"_acf_changed":false,"ub_ctt_via":"","_monsterinsights_skip_tracking":false,"_monsterinsights_sitenote_active":false,"_monsterinsights_sitenote_note":"","_monsterinsights_sitenote_category":0,"footnotes":""},"acf":[],"featured_image_urls":{"full":"","thumbnail":"","medium":"","medium_large":"","large":"","1536x1536":"","2048x2048":"","woocommerce_thumbnail":"","woocommerce_single":"","woocommerce_gallery_thumbnail":""},"post_excerpt_stackable":"<p>L&#8217;evento si \u00e8 svolto in 2 giorni (8 e 9 luglio), 2 circuiti di circa 115 km con ritorno a Remiremont, circuiti percorsi da 320 persone, oppure in un&#8217;unica giornata, domenica 9, su un circuito di 225 km percorso da 80 persone. In occasione di questo evento, ho allestito uno stand con 2 tavoli e una rastrelliera.Un tavolo era coperto da riviste e volantini del club e le magliette del club erano sullo scaffale.Avevo il mio computer portatile con un GPS. Ho usato l&#8217;account 108 &#8220;Gaston Lagaffe&#8221; per dimostrare diverse utilit\u00e0 del sito.I migliori scambi con i ciclisti sono avvenuti&hellip;<\/p>\n","category_list":"","author_info":{"name":"Enrico Alberini","url":"https:\/\/centcols.org\/backup\/it\/author\/5065\/"},"comments_num":"0 commenti","featured_image_urls_v2":{"full":"","thumbnail":"","medium":"","medium_large":"","large":"","1536x1536":"","2048x2048":"","woocommerce_thumbnail":"","woocommerce_single":"","woocommerce_gallery_thumbnail":""},"post_excerpt_stackable_v2":"<p>L&#8217;evento si \u00e8 svolto in 2 giorni (8 e 9 luglio), 2 circuiti di circa 115 km con ritorno a Remiremont, circuiti percorsi da 320 persone, oppure in un&#8217;unica giornata, domenica 9, su un circuito di 225 km percorso da 80 persone. In occasione di questo evento, ho allestito uno stand con 2 tavoli e una rastrelliera.Un tavolo era coperto da riviste e volantini del club e le magliette del club erano sullo scaffale.Avevo il mio computer portatile con un GPS. Ho usato l&#8217;account 108 &#8220;Gaston Lagaffe&#8221; per dimostrare diverse utilit\u00e0 del sito.I migliori scambi con i ciclisti sono avvenuti&hellip;<\/p>\n","category_list_v2":"","author_info_v2":{"name":"Enrico Alberini","url":"https:\/\/centcols.org\/backup\/it\/author\/5065\/"},"comments_num_v2":"0 commenti","featured_image_src":null,"_links":{"self":[{"href":"https:\/\/centcols.org\/backup\/it\/wp-json\/wp\/v2\/pages\/79004"}],"collection":[{"href":"https:\/\/centcols.org\/backup\/it\/wp-json\/wp\/v2\/pages"}],"about":[{"href":"https:\/\/centcols.org\/backup\/it\/wp-json\/wp\/v2\/types\/page"}],"author":[{"embeddable":true,"href":"https:\/\/centcols.org\/backup\/it\/wp-json\/wp\/v2\/users\/69"}],"replies":[{"embeddable":true,"href":"https:\/\/centcols.org\/backup\/it\/wp-json\/wp\/v2\/comments?post=79004"}],"version-history":[{"count":0,"href":"https:\/\/centcols.org\/backup\/it\/wp-json\/wp\/v2\/pages\/79004\/revisions"}],"wp:attachment":[{"href":"https:\/\/centcols.org\/backup\/it\/wp-json\/wp\/v2\/media?parent=79004"}],"curies":[{"name":"wp","href":"https:\/\/api.w.org\/{rel}","templated":true}]}}

<p class="has-medium-font-size">L&#8217;evento si è svolto</p>



<ul>
<li class="has-medium-font-size">in 2 giorni (8 e 9 luglio), 2 circuiti di circa 115 km con ritorno a Remiremont, circuiti percorsi da 320 persone,</li>



<li class="has-medium-font-size">oppure in un&#8217;unica giornata, domenica 9, su un circuito di 225 km percorso da 80 persone.</li>
</ul>



<p class="has-medium-font-size">In occasione di questo evento, ho allestito uno stand con 2 tavoli e una rastrelliera.<br>Un tavolo era coperto da riviste e volantini del club e le magliette del club erano sullo scaffale.<br>Avevo il mio computer portatile con un GPS. Ho usato l&#8217;account 108 &#8220;Gaston Lagaffe&#8221; per dimostrare diverse utilità del sito.<br>I migliori scambi con i ciclisti sono avvenuti il sabato pomeriggio, quando alcuni tornavano dalla prima metà del circuito e altri venivano a ritirare i loro numeri per la domenica.</p>



<p class="has-medium-font-size">I contatti si possono dividere in 2 gruppi:</p>



<ul>
<li class="has-medium-font-size">soci del club e altri.<br>I membri del club sono venuti a cercare informazioni su come gestire le loro liste e sulle utilità disponibili sul sito (passi su traccia, Ccway, dichiarazione dei passi, brevetti).</li>



<li class="has-medium-font-size">Altri ciclisti, più abituati a una struttura locale, sono stati &#8220;rassicurati&#8221; dalla nostra organizzazione a zone. Altri, in genere più giovani e con più conoscenze, non sono scioccati dalla nostra organizzazione. Tutti sono sorpresi dall&#8217;offerta del club, dalla qualità del sito e delle sue utilità, dai database, dall&#8217;offerta di soggiorni, dai raduni regionali (di cui non conoscono le date e il calendario) e dai brevetti su strada (la popolazione incontrata è fatta soprattutto da stradisti)</li>
</ul>



<p class="has-medium-font-size">Quasi tutti conoscono il club des cent cols  o grazie a un amico del loro club (che va a cercare passi ovunque) o grazie agli incontri durante le uscite in montagna.<br>Molti hanno voluto comprare la mia maglia (quella nuova), e hanno pensato che fosse fantastica.<br>Quando si è trattato di iscriversi, molti sono rimasti sorpresi dal requisito di aver valicato 100 passi (di cui 5 > 2000). Quasi tutti i ciclisti che ho incontrato avevano già scalato più di cento passi, ma non li avevano annotati; molto spesso mi chiedevano come fare per stilare questa lista e quali dettagli dovevano fornire.<br>Ogni volta ho ricordato loro il calendario (sconosciuto ai non soci) degli incontri regionali e, soprattutto, la possibilità di parteciparvi liberamente.</p>



<p class="has-medium-font-size">Alcuni suggerimenti per il miglioramento:</p>



<ul>
<li class="has-medium-font-size">Rendere più facile per i futuri soci l&#8217;individuazione dei passi sulla mappa. Chiarire i requisiti, semplificare e fornire esempi.<br>Nota del redattore: è in preparazione una nota del Comitato in risposta a questa raccomandazione.</li>



<li class="has-medium-font-size">Migliorare la comunicazione dei nostri raduni su supporti accessibili ai non soci (sul sito della FFCT esiste un&#8217;agenda, ma non ho trovato informazioni su di noi).<br>Nota del redattore: questa è una questione di competenza del segretario incaricato delle relazioni con la FFCT. Senza dubbio prenderà in considerazione l&#8217;opportunità di pubblicizzare i nostri incontri regionali.</li>



<li class="has-medium-font-size">Aggiungere alla rivista annuale una sezione &#8220;Novità sul sito&#8221; e ricordare l&#8217;esistenza dei servizi (Ccway, passi su traccia, brevetti stradali).<br>Nota del redattore: questo è da vedere col redattore capo della rivista.</li>
</ul>



<p class="has-text-align-right has-vivid-cyan-blue-color has-text-color has-medium-font-size"><strong>Denis Mathieu &#8211; cc 6820 &#8211; DT  03 E</strong></p>



<p class="has-medium-font-size"><br></p>

<p>L&#8217;evento si è svolto In occasione di questo evento, ho allestito uno stand con 2 tavoli e una rastrelliera.Un tavolo era coperto da riviste e volantini del club e le magliette del club erano sullo scaffale.Avevo il mio computer portatile con un GPS. Ho usato l&#8217;account 108 &#8220;Gaston Lagaffe&#8221; per dimostrare diverse utilità del sito.I [&hellip;]</p>

<p>L&#8217;evento si è svolto in 2 giorni (8 e 9 luglio), 2 circuiti di circa 115 km con ritorno a Remiremont, circuiti percorsi da 320 persone, oppure in un&#8217;unica giornata, domenica 9, su un circuito di 225 km percorso da 80 persone. In occasione di questo evento, ho allestito uno stand con 2 tavoli e una rastrelliera.Un tavolo era coperto da riviste e volantini del club e le magliette del club erano sullo scaffale.Avevo il mio computer portatile con un GPS. Ho usato l&#8217;account 108 &#8220;Gaston Lagaffe&#8221; per dimostrare diverse utilità del sito.I migliori scambi con i ciclisti sono avvenuti&hellip;</p>
