{"id":18640,"date":"2015-04-24T15:02:51","date_gmt":"2015-04-24T13:02:51","guid":{"rendered":"http:\/\/centcols.org\/backup\/?page_id=18640"},"modified":"2015-05-09T18:41:49","modified_gmt":"2015-05-09T16:41:49","slug":"sites-membres","status":"publish","type":"page","link":"https:\/\/centcols.org\/backup\/sites-membres\/","title":{"rendered":"Sites de membres"},"content":{"rendered":"<h2>Les sites de v\u00e9lo des membres du Club des Cent Cols<\/h2>\n<blockquote><p>Ils maintiennent un site Internet, pour eux m\u00eame ou pour leur club&#8230; Une m\u00eame passion : le v\u00e9lo !<\/p><\/blockquote>\n<p>Les listes de cols pr\u00e9sent\u00e9es sur ces sites n&#8217;engagent que leurs auteurs.<br \/>\nLe Club des Cent Cols ne cautionne aucune d&#8217;entre elles.<br \/>\nLe Club des Cent Cols publie ses propres listes de cols r\u00e9pondant \u00e0 sa r\u00e8gle du jeu.<\/p>\n<ul>\n<li><strong>Jean Philippe Battu (n\u00b0 5874) :<\/strong> <a href=\"http:\/\/jeanpba.homeip.net\/\" target=\"_blank\">Le Cyclotourisme virtuel<\/a><br \/>\nNe manquez pas les pages d\u00e9di\u00e9es au Paris Brest Paris 2004, ainsi que le &#8220;coin cuisine&#8221;&#8230;<\/li>\n<li><strong>Hubert Becker (n\u00b0 5642) :<\/strong> <a href=\"http:\/\/www.hubertbecker-online.de\/bicycle.htm\" target=\"_blank\">Le site d&#8217;Hubert Becker<\/a><br \/>\nPlusieurs compte rendus des voyages d&#8217;Hubert; voyez son Munich \/ Provence par exemple&#8230;<\/li>\n<li><strong>Jacques Bonin (n\u00b0 5614) :<\/strong> <a href=\"http:\/\/sapho.pagesperso-orange.fr\/\" target=\"_blank\">R\u00e9sultats sportifs et Jeux culturels<\/a><\/li>\n<li><strong>Jos\u00e9 Bruffaerts (n\u00b0 1997) :<\/strong> <a href=\"http:\/\/www.cyclojose.be\/\" target=\"_blank\">Cyclo Jos\u00e9<\/a><\/li>\n<li><strong>Jean Pierre Canc\u00e9 (n\u00b04778) :<\/strong> <a href=\"http:\/\/carnetderandonnee.over-blog.com\/\" target=\"_blank\">Les chemins de musarde<\/a><\/li>\n<li><strong>Philippe Carrez (n\u00b0 3092) :<\/strong> <a href=\"http:\/\/vannescyclo.ovh.org\/\" target=\"_blank\">Vannes Cyclo Randonneurs<\/a><\/li>\n<li><strong>Maurice Cotte (n\u00b0 4758) :<\/strong> <a href=\"http:\/\/cyclo-maurice.monsite-orange.fr\/\">Cyclo Maurice<\/a><\/li>\n<li><strong>Philip Deeker (n\u00b0 6391) :<\/strong> <a href=\"http:\/\/centcolschallenge.com\/challenge\/\" target=\"_blank\">Cent Cols Challenge<\/a><br \/>\nUn site commercial proposant des stages d&#8217;entra\u00eenement pour la comp\u00e9tition inspir\u00e9s des randonn\u00e9es permanentes du Club des Cent Cols<\/li>\n<li><strong>Bastien Fabre (n\u00b06605) :<\/strong> <a href=\"http:\/\/cycols.com\/\" target=\"_blank\">Cycols<\/a><\/li>\n<li><strong>Fr\u00e9d\u00e9ric Ferchaux (n\u00b02523) :<\/strong> <a href=\"http:\/\/fred.ferchaux.free.fr\/index.htm\" target=\"_blank\">Une p&#8217;tite t\u00eate dans le v\u00e9lo<\/a><\/li>\n<li><strong>Guy Garcin (n\u00b02880) :<\/strong> <a href=\"https:\/\/guygarcin.wordpress.com\/\" target=\"_blank\">GuyGarcin&#8217;s Blog<\/a><\/li>\n<li><strong>Alain Gillodes (n\u00b0722) :<\/strong> <a href=\"http:\/\/www.alaingillodes.fr\/\" target=\"_blank\">Le site d&#8217;Alain Gillodes<\/a><\/li>\n<li><strong>Laurent Jubin (n\u00b05399) :<\/strong> <a href=\"http:\/\/tandem.noir.pagesperso-orange.fr\/\" target=\"_blank\">Tandem Noir<\/a><\/li>\n<li><strong>Mario Labelle (n\u00b04889) :<\/strong> <a href=\"http:\/\/www.cyclotouring.org\/misc\/passbagger\/index.htm\" target=\"_blank\">Cyclotouring<\/a><\/li>\n<li><strong>Jean Marc Lefevre (n\u00b03331) :<\/strong> <a href=\"http:\/\/jmlefevre.monsite-orange.fr\/\" target=\"_blank\">&#8220;le v\u00e9lo passionn\u00e9ment&#8221;<\/a> ainsi qu&#8217;un autre <a href=\"http:\/\/chaunyvenise.monsite-orange.fr\/\" target=\"_blank\">site consacr\u00e9 \u00e0 la randonn\u00e9e Chauny &#8211; Venise<\/a><\/li>\n<li><strong>Barbara Leonard (n\u00b05236) :<\/strong> <a href=\"http:\/\/users.rcn.com\/barbara.dnai\/\" target=\"_blank\">Bicycling \u00e0 la Fran\u00e7aise<\/a><\/li>\n<li><strong>Marc Liaudon (n\u00b0289) :<\/strong> <a href=\"http:\/\/marc.liaudon.pagesperso-orange.fr\/\" target=\"_blank\">Site personnel de Marc Liaudon<\/a><\/li>\n<li><strong>Alfeo Lotto (n\u00b05650) :<\/strong> <a href=\"http:\/\/cyclo-al.monsite-orange.fr\/\" target=\"_blank\">Bienvenue chez moi<\/a><\/li>\n<li><strong>Jacques Mancip (n\u00b04760) :<\/strong> <a href=\"http:\/\/passes-montagnes.fr\/\" target=\"_blank\">Mille Pertuis, cyclisme et cyclotourisme<\/a><\/li>\n<li><strong>Bernard Mareuil (n\u00b01836) :<\/strong> <a href=\"http:\/\/bmareuil-cyclo.levallois.pagesperso-orange.fr\/\" target=\"_blank\">Levallois Sporting Club Cyclotourisme<\/a><\/li>\n<li><strong>Jerry Nilson (n\u00b05627) :<\/strong> <a href=\"http:\/\/cycloclimbing.com\/\" target=\"_blank\">Cycloclimbing<\/a><br \/>\nUne ressource extr\u00eamement int\u00e9ressante concernant les hauts cols des Alpes et d&#8217;ailleurs.<\/li>\n<li><strong>Maurice Occelli (n\u00b0397) :<\/strong> <a href=\"http:\/\/mocc.pagesperso-orange.fr\/\" target=\"_blank\">le site de Momo le cyclo<\/a><\/li>\n<li><strong>R\u00e9gis Paraz (n\u00b03225)<\/strong> : <a href=\"http:\/\/www.modachulvelo.com\" target=\"_blank\">modachulvelo<\/a> c&#8217;est pas tout d&#8217;y dire faut y faire Site permettant de suivre les voyages itin\u00e9rants de R\u00e9gis Paraz<\/li>\n<li><strong>Bernard &#8220;Biki&#8221; Pommel (n\u00b03094) :<\/strong> <a href=\"http:\/\/bikithebiker.blogspot.fr\/\" target=\"_blank\">le blog \u00e0 Biki<\/a><\/li>\n<li><strong>Andr\u00e9 Rudaz (n\u00b0814) :<\/strong> <a href=\"http:\/\/web.ticino.com\/rudaz\/\" target=\"_blank\">Bienvenue sur le site d&#8217;Andr\u00e9 Rudaz<\/a><\/li>\n<li><strong>Andr\u00e9 Tignon (n\u00b01583) :<\/strong> <a href=\"http:\/\/tignon.andre.free.fr\/\" target=\"_blank\">Andr\u00e9 Tignon, Cent Cols 1583\u00a0<\/a><br \/>\ncyclo-reporter du Nord de France et de Belgique, invite \u00e0 visiter l&#8217;univers de son cyclotourisme. Par des reportages pr\u00e9sent\u00e9s comme des &#8220;romans-photos&#8221; il illustre la vari\u00e9t\u00e9 des pratiques cyclotouristes<\/li>\n<li><strong>Max Tissot (n\u00b06785) :\u00a0<\/strong><a href=\"http:\/\/velomaxou.com\/\" target=\"_blank\">velomaxou<\/a>\u00a0 cyclo des rues, cyclo des champs, actualit\u00e9 cyclo<\/li>\n<li><strong>Patricia V\u00e9ron (n\u00b03777) :<\/strong> <a href=\"http:\/\/desroutesdesoie.homeip.net\/\" target=\"_blank\">Des routes de soie<br \/>\n<\/a>D\u00e9routez-vous pour suivre le voyage \u00e0 v\u00e9lo sur les routes de la soie de Patricia V\u00e9ron, Christian Serret et Pierre-Andr\u00e9 Sonzogno&#8230; Ce site \u00e0 l&#8217;unique pr\u00e9tention de permettre de faire partager notre vagabondage sur une des nombreuses routes de la soie. Il vous permettra de suivre notre itin\u00e9raire, nos coups de coeur ou de g&#8230; Vous y d\u00e9couvrirez les participants, le mat\u00e9riel et d&#8217;autres petites informations g\u00e9n\u00e9rales sur le voyage \u00e0 v\u00e9lo. A compter d&#8217;Avril 2006, nous partons avec nos v\u00e9los de Valence, pour rejoindre Grenoble o\u00f9 nous habitons, avant de nous \u00e9loigner pendant un certain temps afin d&#8217;aller cycler vers une des Routes de la Soie&#8230;<br \/>\nFin Avril 2006, apr\u00e8s notre s\u00e9paration avec Pierre-Andr\u00e9 Sonzogno, nos itin\u00e9raires ont diverg\u00e9. Pour avoir de nos nouvelles, nous avons cr\u00e9\u00e9 un blog: <a href=\"http:\/\/bourlinguebike.over-blog.org\/\" target=\"_blank\">http:\/\/bourlinguebike.over-blog.org<\/a>. Une newsletter et un petit album photo vous y attendent&#8230;<\/li>\n<li><strong>Annick (et Bruno) Versolatto (n\u00b05054) :<\/strong> <a href=\"http:\/\/www.roulmaloute.com\/\" target=\"_blank\">Roul&#8217; ma loute&#8230;<\/a><br \/>\nDes voyages \u00e0 v\u00e9lo sur tous les continents, ou presque.<br \/>\nVous y trouverez entre autres l&#8217;album photos de la concentration allemande 2005 \u00e0 Wolfach en For\u00eat Noire<\/li>\n<li><strong>Eric Zammit (n\u00b07165) : :<\/strong> <a href=\"http:\/\/cyclomontagne.blogspot.fr\" target=\"_blank\">le blog d&#8217;Eric Zammit<\/a> cyclotourisme et cols en solitaire<\/li>\n<\/ul>\n","protected":false},"excerpt":{"rendered":"<p>Les sites de v\u00e9lo des membres du Club des Cent Cols Ils maintiennent un site Internet, pour eux m\u00eame ou pour leur club&#8230; Une m\u00eame passion : le v\u00e9lo ! Les listes de cols pr\u00e9sent\u00e9es sur ces sites n&#8217;engagent que leurs auteurs. Le Club des Cent Cols ne cautionne aucune d&#8217;entre elles. Le Club des [&hellip;]<\/p>\n","protected":false},"author":2001,"featured_media":0,"parent":0,"menu_order":0,"comment_status":"closed","ping_status":"closed","template":"","meta":{"_acf_changed":false,"ub_ctt_via":"","_monsterinsights_skip_tracking":false,"_monsterinsights_sitenote_active":false,"_monsterinsights_sitenote_note":"","_monsterinsights_sitenote_category":0,"footnotes":""},"acf":[],"featured_image_urls":{"full":"","thumbnail":"","medium":"","medium_large":"","large":"","1536x1536":"","2048x2048":"","woocommerce_thumbnail":"","woocommerce_single":"","woocommerce_gallery_thumbnail":""},"post_excerpt_stackable":"<p>Les sites de v\u00e9lo des membres du Club des Cent Cols Ils maintiennent un site Internet, pour eux m\u00eame ou pour leur club&#8230; Une m\u00eame passion : le v\u00e9lo ! Les listes de cols pr\u00e9sent\u00e9es sur ces sites n&#8217;engagent que leurs auteurs. Le Club des Cent Cols ne cautionne aucune d&#8217;entre elles. Le Club des Cent Cols publie ses propres listes de cols r\u00e9pondant \u00e0 sa r\u00e8gle du jeu. Jean Philippe Battu (n\u00b0 5874) : Le Cyclotourisme virtuel Ne manquez pas les pages d\u00e9di\u00e9es au Paris Brest Paris 2004, ainsi que le &#8220;coin cuisine&#8221;&#8230; Hubert Becker (n\u00b0 5642) : Le\u2026<\/p>\n","category_list":"","author_info":{"name":"Webmestre","url":"https:\/\/centcols.org\/backup\/author\/webmestre\/"},"comments_num":"0 commentaire","featured_image_urls_v2":{"full":"","thumbnail":"","medium":"","medium_large":"","large":"","1536x1536":"","2048x2048":"","woocommerce_thumbnail":"","woocommerce_single":"","woocommerce_gallery_thumbnail":""},"post_excerpt_stackable_v2":"<p>Les sites de v\u00e9lo des membres du Club des Cent Cols Ils maintiennent un site Internet, pour eux m\u00eame ou pour leur club&#8230; Une m\u00eame passion : le v\u00e9lo ! Les listes de cols pr\u00e9sent\u00e9es sur ces sites n&#8217;engagent que leurs auteurs. Le Club des Cent Cols ne cautionne aucune d&#8217;entre elles. Le Club des Cent Cols publie ses propres listes de cols r\u00e9pondant \u00e0 sa r\u00e8gle du jeu. Jean Philippe Battu (n\u00b0 5874) : Le Cyclotourisme virtuel Ne manquez pas les pages d\u00e9di\u00e9es au Paris Brest Paris 2004, ainsi que le &#8220;coin cuisine&#8221;&#8230; Hubert Becker (n\u00b0 5642) : Le\u2026<\/p>\n","category_list_v2":"","author_info_v2":{"name":"Webmestre","url":"https:\/\/centcols.org\/backup\/author\/webmestre\/"},"comments_num_v2":"0 commentaire","featured_image_src":null,"_links":{"self":[{"href":"https:\/\/centcols.org\/backup\/wp-json\/wp\/v2\/pages\/18640"}],"collection":[{"href":"https:\/\/centcols.org\/backup\/wp-json\/wp\/v2\/pages"}],"about":[{"href":"https:\/\/centcols.org\/backup\/wp-json\/wp\/v2\/types\/page"}],"author":[{"embeddable":true,"href":"https:\/\/centcols.org\/backup\/wp-json\/wp\/v2\/users\/2001"}],"replies":[{"embeddable":true,"href":"https:\/\/centcols.org\/backup\/wp-json\/wp\/v2\/comments?post=18640"}],"version-history":[{"count":0,"href":"https:\/\/centcols.org\/backup\/wp-json\/wp\/v2\/pages\/18640\/revisions"}],"wp:attachment":[{"href":"https:\/\/centcols.org\/backup\/wp-json\/wp\/v2\/media?parent=18640"}],"curies":[{"name":"wp","href":"https:\/\/api.w.org\/{rel}","templated":true}]}}