{"id":18641,"date":"2015-04-24T15:12:23","date_gmt":"2015-04-24T13:12:23","guid":{"rendered":"http:\/\/centcols.org\/backup\/?page_id=18641"},"modified":"2015-05-05T21:04:08","modified_gmt":"2015-05-05T19:04:08","slug":"organismes","status":"publish","type":"page","link":"https:\/\/centcols.org\/backup\/organismes\/","title":{"rendered":"Organismes"},"content":{"rendered":"<h2>F\u00e9d\u00e9rations, Confr\u00e9ries et\u00a0 Amicales :<\/h2>\n<h3>France<\/h3>\n<ul>\n<li>\u00a0<a href=\"http:\/\/ffct.org\/\" target=\"_blank\">F\u00e9d\u00e9ration Fran\u00e7aise de Cyclotourisme<\/a><\/li>\n<li><a href=\"http:\/\/www.confreriedes650.org\/\" target=\"_blank\">Confr\u00e9rie des 650<\/a><\/li>\n<li><a href=\"http:\/\/www.cci.asso.fr\/\" target=\"_blank\">Cyclo-Camping International<\/a><\/li>\n<li><a href=\"http:\/\/diagonales.homelinux.net\/adf\/index.php\" target=\"_blank\">Diagonales de France<\/a><\/li>\n<li><a href=\"http:\/\/www.audax-uaf.com\/\" target=\"_blank\">Union des Audax Fran\u00e7ais<\/a><\/li>\n<li><a href=\"http:\/\/www.audax-club-parisien.com\/FR\/\" target=\"_blank\">Audax Club Parisien<\/a><\/li>\n<li><a href=\"http:\/\/www.cyclocardiaques.org\/\" target=\"_blank\">Amicale des Cyclos Cardiaques<\/a><\/li>\n<li><a href=\"http:\/\/cingles.ventoux.perso.neuf.fr\/\" target=\"_blank\">Les Cingl\u00e9s du Mont Ventoux<\/a><\/li>\n<li><a href=\"http:\/\/www.felesducolombier.fr\/\" target=\"_blank\">Les F\u00eal\u00e9s du Grand Colombier<\/a><\/li>\n<li><a href=\"http:\/\/www.cyclos-cyclotes.org\/favoris.html\" target=\"_blank\">Sites cyclotouristes fran\u00e7ais<\/a>\u00a0 : page de liens du site de l&#8217;Union Sportive Municipale des Clayes sous Bois, section cyclotourisme. Merci \u00e0 Jean Claude Allonneau de maintenir cette tr\u00e8s exhaustive page de liens<\/li>\n<li><a href=\"https:\/\/fr.warmshowers.org\/\" target=\"_blank\">Warmshowers<\/a> : la communaut\u00e9 <strong>Warm Showers<\/strong> est un syst\u00e8me d&#8217;\u00e9change gratuit d&#8217;h\u00e9bergement entre cyclo-randonneurs \u00e0 travers le monde.<\/li>\n<\/ul>\n<h3>Europe<\/h3>\n<ul>\n<li><a href=\"http:\/\/www.ocd.org.uk\/\" target=\"_blank\">OCD<\/a> : Ordre des Cols Durs in the UK\u00a0 (anglais)<\/li>\n<li><a href=\"http:\/\/www.challenge-big.eu\/\" target=\"_blank\">BIG <\/a>: Site du challenge BIG<\/li>\n<li><a href=\"http:\/\/www.ccriviera.com\/\" target=\"_blank\">Le Club Cyclotouriste de la Riviera<\/a> de notre ami Pierre-Henri Mai organise le <a href=\"http:\/\/www.ccriviera.com\/BARFrame.htm\" target=\"_blank\">Brevet des Alpes Romandes<\/a><\/li>\n<\/ul>\n<h2>Divers :<\/h2>\n<ul>\n<li><a href=\"http:\/\/www.vtt.org\/\" target=\"_blank\">VTTnet <\/a>: le grand site VTT de Roudou, Tom, et toute la bande<\/li>\n<\/ul>\n","protected":false},"excerpt":{"rendered":"<p>F\u00e9d\u00e9rations, Confr\u00e9ries et\u00a0 Amicales : France \u00a0F\u00e9d\u00e9ration Fran\u00e7aise de Cyclotourisme Confr\u00e9rie des 650 Cyclo-Camping International Diagonales de France Union des Audax Fran\u00e7ais Audax Club Parisien Amicale des Cyclos Cardiaques Les Cingl\u00e9s du Mont Ventoux Les F\u00eal\u00e9s du Grand Colombier Sites cyclotouristes fran\u00e7ais\u00a0 : page de liens du site de l&#8217;Union Sportive Municipale des Clayes sous [&hellip;]<\/p>\n","protected":false},"author":2001,"featured_media":0,"parent":0,"menu_order":0,"comment_status":"closed","ping_status":"closed","template":"","meta":{"_acf_changed":false,"ub_ctt_via":"","_monsterinsights_skip_tracking":false,"_monsterinsights_sitenote_active":false,"_monsterinsights_sitenote_note":"","_monsterinsights_sitenote_category":0,"footnotes":""},"acf":[],"featured_image_urls":{"full":"","thumbnail":"","medium":"","medium_large":"","large":"","1536x1536":"","2048x2048":"","woocommerce_thumbnail":"","woocommerce_single":"","woocommerce_gallery_thumbnail":""},"post_excerpt_stackable":"<p>F\u00e9d\u00e9rations, Confr\u00e9ries et\u00a0 Amicales : France \u00a0F\u00e9d\u00e9ration Fran\u00e7aise de Cyclotourisme Confr\u00e9rie des 650 Cyclo-Camping International Diagonales de France Union des Audax Fran\u00e7ais Audax Club Parisien Amicale des Cyclos Cardiaques Les Cingl\u00e9s du Mont Ventoux Les F\u00eal\u00e9s du Grand Colombier Sites cyclotouristes fran\u00e7ais\u00a0 : page de liens du site de l&#8217;Union Sportive Municipale des Clayes sous Bois, section cyclotourisme. Merci \u00e0 Jean Claude Allonneau de maintenir cette tr\u00e8s exhaustive page de liens Warmshowers : la communaut\u00e9 Warm Showers est un syst\u00e8me d&#8217;\u00e9change gratuit d&#8217;h\u00e9bergement entre cyclo-randonneurs \u00e0 travers le monde. Europe OCD : Ordre des Cols Durs in the UK\u00a0 (anglais)\u2026<\/p>\n","category_list":"","author_info":{"name":"Webmestre","url":"https:\/\/centcols.org\/backup\/author\/webmestre\/"},"comments_num":"0 commentaire","featured_image_urls_v2":{"full":"","thumbnail":"","medium":"","medium_large":"","large":"","1536x1536":"","2048x2048":"","woocommerce_thumbnail":"","woocommerce_single":"","woocommerce_gallery_thumbnail":""},"post_excerpt_stackable_v2":"<p>F\u00e9d\u00e9rations, Confr\u00e9ries et\u00a0 Amicales : France \u00a0F\u00e9d\u00e9ration Fran\u00e7aise de Cyclotourisme Confr\u00e9rie des 650 Cyclo-Camping International Diagonales de France Union des Audax Fran\u00e7ais Audax Club Parisien Amicale des Cyclos Cardiaques Les Cingl\u00e9s du Mont Ventoux Les F\u00eal\u00e9s du Grand Colombier Sites cyclotouristes fran\u00e7ais\u00a0 : page de liens du site de l&#8217;Union Sportive Municipale des Clayes sous Bois, section cyclotourisme. Merci \u00e0 Jean Claude Allonneau de maintenir cette tr\u00e8s exhaustive page de liens Warmshowers : la communaut\u00e9 Warm Showers est un syst\u00e8me d&#8217;\u00e9change gratuit d&#8217;h\u00e9bergement entre cyclo-randonneurs \u00e0 travers le monde. Europe OCD : Ordre des Cols Durs in the UK\u00a0 (anglais)\u2026<\/p>\n","category_list_v2":"","author_info_v2":{"name":"Webmestre","url":"https:\/\/centcols.org\/backup\/author\/webmestre\/"},"comments_num_v2":"0 commentaire","featured_image_src":null,"_links":{"self":[{"href":"https:\/\/centcols.org\/backup\/wp-json\/wp\/v2\/pages\/18641"}],"collection":[{"href":"https:\/\/centcols.org\/backup\/wp-json\/wp\/v2\/pages"}],"about":[{"href":"https:\/\/centcols.org\/backup\/wp-json\/wp\/v2\/types\/page"}],"author":[{"embeddable":true,"href":"https:\/\/centcols.org\/backup\/wp-json\/wp\/v2\/users\/2001"}],"replies":[{"embeddable":true,"href":"https:\/\/centcols.org\/backup\/wp-json\/wp\/v2\/comments?post=18641"}],"version-history":[{"count":0,"href":"https:\/\/centcols.org\/backup\/wp-json\/wp\/v2\/pages\/18641\/revisions"}],"wp:attachment":[{"href":"https:\/\/centcols.org\/backup\/wp-json\/wp\/v2\/media?parent=18641"}],"curies":[{"name":"wp","href":"https:\/\/api.w.org\/{rel}","templated":true}]}}