{"id":2,"date":"2013-10-04T09:26:10","date_gmt":"2013-10-04T07:26:10","guid":{"rendered":"http:\/\/centcols.org\/backup\/?page_id=2"},"modified":"2023-11-19T16:01:13","modified_gmt":"2023-11-19T15:01:13","slug":"le-club-des-cent-cols-ancien","status":"publish","type":"page","link":"https:\/\/centcols.org\/backup\/le-club-des-cent-cols-ancien\/","title":{"rendered":"Le Club des Cent Cols ancien"},"content":{"rendered":"\n<div class=\"container cf\">\n<div class=\"col-1-4 cf\">\n<h2>Fond\u00e9 en 1972<\/h2>\n<\/div>\n<div class=\"col-3-4 cf\">\n<p style=\"text-align: justify;\">Nous sommes une association de cyclotouristes, adh\u00e9rente \u00e0 la <a href=\"http:\/\/www.ffct.org\/\" target=\"_blank\" rel=\"noopener noreferrer\">F\u00e9d\u00e9ration Fran\u00e7aise de Cyclotourisme<\/a>&nbsp;(FFCT), amoureux du v\u00e9lo en montagne et nous souhaitons consacrer nos rubriques, directement ou indirectement, uniquement \u00e0 ce sujet. Notre Confr\u00e9rie accepte toute pratique v\u00e9locip\u00e9dique dans le respect de notre <a title=\"R\u00e8gle du jeu\" href=\"https:\/\/centcols.org\/backup\/regle-du-jeu\/\">R\u00e8gle du Jeu<\/a>.<br>Pour entrer au Club des Cent Cols, il faut avoir franchi \u00e0 bicyclette au moins cent cols diff\u00e9rents, dont cinq cols de 2000&nbsp;m ou plus pour chaque centaine propos\u00e9e.<\/p>\n<p><a class=\"btn-arrow\" href=\"https:\/\/centcols.org\/backup\/historique-cent-cols\/\">En savoir plus<\/a><\/p>\n<\/div>\n<\/div>\n\n\n","protected":false},"excerpt":{"rendered":"<p>Fond\u00e9 en 1972 Nous sommes une association de cyclotouristes, adh\u00e9rente \u00e0 la F\u00e9d\u00e9ration Fran\u00e7aise de Cyclotourisme&nbsp;(FFCT), amoureux du v\u00e9lo en montagne et nous souhaitons consacrer nos rubriques, directement ou indirectement, uniquement \u00e0 ce sujet. Notre Confr\u00e9rie accepte toute pratique v\u00e9locip\u00e9dique dans le respect de notre R\u00e8gle du Jeu.Pour entrer au Club des Cent Cols, il [&hellip;]<\/p>\n","protected":false},"author":2001,"featured_media":0,"parent":0,"menu_order":0,"comment_status":"closed","ping_status":"open","template":"","meta":{"_acf_changed":false,"ub_ctt_via":"","_monsterinsights_skip_tracking":false,"_monsterinsights_sitenote_active":false,"_monsterinsights_sitenote_note":"","_monsterinsights_sitenote_category":0,"footnotes":""},"acf":[],"featured_image_urls":{"full":"","thumbnail":"","medium":"","medium_large":"","large":"","1536x1536":"","2048x2048":"","woocommerce_thumbnail":"","woocommerce_single":"","woocommerce_gallery_thumbnail":""},"post_excerpt_stackable":"<p>Fond\u00e9 en 1972 Nous sommes une association de cyclotouristes, adh\u00e9rente \u00e0 la F\u00e9d\u00e9ration Fran\u00e7aise de Cyclotourisme&nbsp;(FFCT), amoureux du v\u00e9lo en montagne et nous souhaitons consacrer nos rubriques, directement ou indirectement, uniquement \u00e0 ce sujet. Notre Confr\u00e9rie accepte toute pratique v\u00e9locip\u00e9dique dans le respect de notre R\u00e8gle du Jeu.Pour entrer au Club des Cent Cols, il faut avoir franchi \u00e0 bicyclette au moins cent cols diff\u00e9rents, dont cinq cols de 2000&nbsp;m ou plus pour chaque centaine propos\u00e9e. En savoir plus<\/p>\n","category_list":"","author_info":{"name":"Webmestre","url":"https:\/\/centcols.org\/backup\/author\/webmestre\/"},"comments_num":"0 commentaire","featured_image_urls_v2":{"full":"","thumbnail":"","medium":"","medium_large":"","large":"","1536x1536":"","2048x2048":"","woocommerce_thumbnail":"","woocommerce_single":"","woocommerce_gallery_thumbnail":""},"post_excerpt_stackable_v2":"<p>Fond\u00e9 en 1972 Nous sommes une association de cyclotouristes, adh\u00e9rente \u00e0 la F\u00e9d\u00e9ration Fran\u00e7aise de Cyclotourisme&nbsp;(FFCT), amoureux du v\u00e9lo en montagne et nous souhaitons consacrer nos rubriques, directement ou indirectement, uniquement \u00e0 ce sujet. Notre Confr\u00e9rie accepte toute pratique v\u00e9locip\u00e9dique dans le respect de notre R\u00e8gle du Jeu.Pour entrer au Club des Cent Cols, il faut avoir franchi \u00e0 bicyclette au moins cent cols diff\u00e9rents, dont cinq cols de 2000&nbsp;m ou plus pour chaque centaine propos\u00e9e. En savoir plus<\/p>\n","category_list_v2":"","author_info_v2":{"name":"Webmestre","url":"https:\/\/centcols.org\/backup\/author\/webmestre\/"},"comments_num_v2":"0 commentaire","featured_image_src":null,"_links":{"self":[{"href":"https:\/\/centcols.org\/backup\/wp-json\/wp\/v2\/pages\/2"}],"collection":[{"href":"https:\/\/centcols.org\/backup\/wp-json\/wp\/v2\/pages"}],"about":[{"href":"https:\/\/centcols.org\/backup\/wp-json\/wp\/v2\/types\/page"}],"author":[{"embeddable":true,"href":"https:\/\/centcols.org\/backup\/wp-json\/wp\/v2\/users\/2001"}],"replies":[{"embeddable":true,"href":"https:\/\/centcols.org\/backup\/wp-json\/wp\/v2\/comments?post=2"}],"version-history":[{"count":0,"href":"https:\/\/centcols.org\/backup\/wp-json\/wp\/v2\/pages\/2\/revisions"}],"wp:attachment":[{"href":"https:\/\/centcols.org\/backup\/wp-json\/wp\/v2\/media?parent=2"}],"curies":[{"name":"wp","href":"https:\/\/api.w.org\/{rel}","templated":true}]}}