{"id":29,"date":"2015-03-11T09:15:25","date_gmt":"2015-03-11T08:15:25","guid":{"rendered":"http:\/\/centcols.org\/backup\/?page_id=29"},"modified":"2020-11-15T19:05:32","modified_gmt":"2020-11-15T18:05:32","slug":"liens-utiles","status":"publish","type":"page","link":"https:\/\/centcols.org\/backup\/liens-utiles\/","title":{"rendered":"Liens utiles"},"content":{"rendered":"<h2>R\u00e8glementation :<\/h2>\n<ul>\n<li>15\/11\/2020 : <a href=\"https:\/\/centcols.org\/backup\/wp-content\/uploads\/2020\/11\/code-route-1-212.pdf\" target=\"_blank\" rel=\"noopener noreferrer\">Nouveaut\u00e9 du code de la route pour les cyclistes<\/a><\/li>\n<li>23\/10\/2017 : <a href=\"https:\/\/centcols.org\/backup\/wp-content\/uploads\/2017\/10\/arretevanoise.pdf\" target=\"_blank\" rel=\"noopener noreferrer\">Dernier arr\u00eat\u00e9 concernant la circulation des v\u00e9los dans le Parc National de la Vanoise<\/a><\/li>\n<li>09\/06\/2015 : <a href=\"https:\/\/centcols.org\/backup\/wp-content\/uploads\/2015\/06\/reglementation-cevennes.pdf\" target=\"_blank\" rel=\"noopener noreferrer\">Liste des itin\u00e9raires ou tron\u00e7ons d&#8217;itin\u00e9raires interdits \u00e0 la pratique du v\u00e9lo dans les C\u00e9vennes<\/a><\/li>\n<li>03\/06\/2013 : <a class=\"iframe-fancybox\" href=\"https:\/\/centcols.org\/backup\/wp-content\/uploads\/2015\/05\/2013-10_VTTMercantour.pdf\">R\u00e9glementation VTT dans le Parc National du Mercantour dernier arr\u00eat\u00e9<\/a><\/li>\n<li>23\/04\/2010 : <a class=\"iframe-fancybox\" href=\"https:\/\/centcols.org\/backup\/libre_service\/cols-interdits\/cols-interdits.htm\">Cols fran\u00e7ais interdits, une premi\u00e8re liste<\/a> (Jean-Paul Zuanon)<\/li>\n<\/ul>\n<h2>Tra\u00e7age de circuits pour gps :<\/h2>\n<ul>\n<li><a href=\"http:\/\/www.openrunner.com\" target=\"_blank\" rel=\"noopener noreferrer\">Openrunner<\/a> : le Club des Cent Cols a conclu un partenariat. Lors du tra\u00e7age de circuits, vous pouvez afficher les cols sur fonds de carte et bient\u00f4t pourrez cocher les cols franchis. Un espace Cent Cols permettra de d\u00e9poser ou t\u00e9l\u00e9charger des &#8220;topos \u00e9lectroniques&#8221; estampill\u00e9s &#8220;Cent Cols&#8221;<\/li>\n<li><a href=\"http:\/\/www.gpsies.com\" target=\"_blank\" rel=\"noopener noreferrer\">Gpsies<\/a> : un autre site<\/li>\n<\/ul>\n<h2>\u00a0Visualisation de cartes en ligne<\/h2>\n<ul>\n<li><a href=\"http:\/\/www.geoportail.gouv.fr\/accueil\" target=\"_blank\" rel=\"noopener noreferrer\">Geoportail<\/a> : le site de l&#8217;IGN . Visualisation de cartes \u00e0 diff\u00e9rentes \u00e9chelles, cadastrales&#8230;vues a\u00e9riennes<\/li>\n<li><a href=\"http:\/\/map.geo.admin.ch\/?\" target=\"_blank\" rel=\"noopener noreferrer\">SWISSGEO<\/a> : visualisation de cartes suisses \u00e0 diff\u00e9rentes \u00e9chelles\u00a0 (fran\u00e7ais, allemand, italien, anglais)<\/li>\n<li><a href=\"http:\/\/www.austrianmap.at\/amap\/index.php?SKN=1&amp;XPX=637&amp;YPX=492\" target=\"_blank\" rel=\"noopener noreferrer\">Visualisation des cartes autrichiennes en ligne<\/a> (allemand)<\/li>\n<li><a href=\"http:\/\/geoportal.bayern.de\/bayernatlas\/?X=5421649.25&amp;Y=4459462.00&amp;zoom=5&amp;lang=de&amp;topic=ba&amp;bgLayer=atkis&amp;catalogNodes=122\" target=\"_blank\" rel=\"noopener noreferrer\">Visualisation des cartes de Bavi\u00e8re en ligne<\/a> (allemand)<\/li>\n<li><a href=\"http:\/\/www.bing.com\/maps\/?FORM=MMREDR\" target=\"_blank\" rel=\"noopener noreferrer\">Visualisation des cartes anglaises en ligne<\/a> (l&#8217;\u00e9chelle 1\/25000<sup>e<\/sup> propose les Ordnance Survey Landranger)<\/li>\n<li><a href=\"http:\/\/www.icc.cat\/vissir3\/\" target=\"_blank\" rel=\"noopener noreferrer\">Visualisation des cartes de catalogne en ligne<\/a><\/li>\n<li><a href=\"http:\/\/marc.liaudon.pagesperso-orange.fr\/M2_Cols_US.htm\" target=\"_blank\" rel=\"noopener noreferrer\">Visualisation des cols des Etats Unis<\/a>, par <a href=\"http:\/\/marc.liaudon.pagesperso-orange.fr\/\" target=\"_blank\" rel=\"noopener noreferrer\">Marc Liaudon<\/a><\/li>\n<li><a href=\"http:\/\/www.topozone.com\/\" target=\"_blank\" rel=\"noopener noreferrer\">Topozone<\/a> vous permet de visualiser \u00e0 diff\u00e9rentes \u00e9chelles les cartes topographiques de l&#8217;USGS; plusieurs crit\u00e8res de recherche peuvent \u00eatre utilis\u00e9s (dans cet exemple c&#8217;est le Lewis &amp; Clark Pass qui est visualis\u00e9)<\/li>\n<\/ul>\n<h2>Parcours, voyages<\/h2>\n<ul>\n<li><a href=\"https:\/\/fr.warmshowers.org\/\" target=\"_blank\" rel=\"noopener noreferrer\">Warmshowers<\/a> : la communaut\u00e9 <strong>Warm Showers<\/strong> est un syst\u00e8me d&#8217;\u00e9change gratuit d&#8217;h\u00e9bergement entre cyclo-randonneurs \u00e0 travers le monde.<\/li>\n<\/ul>\n<h3>Espagne<\/h3>\n<ul>\n<li><a href=\"http:\/\/www.nevasport.com\/sierranevada\/bici\/\" target=\"_blank\" rel=\"noopener noreferrer\">La Sierra Nevada<\/a> : itin\u00e9raires VTT, refuges&#8230; (espagnol)<\/li>\n<li><a href=\"https:\/\/centcols.org\/backup\/libre_service\/divers\/TENERIFE.HTM\" target=\"_blank\" rel=\"noopener noreferrer\">Tenerife<\/a> (Christian Febvay)<\/li>\n<\/ul>\n<h3>Italie<\/h3>\n<ul>\n<li><a href=\"http:\/\/peverada.it\/mtb\/percorsi\/index.html\" target=\"_blank\" rel=\"noopener noreferrer\">Mountain Bike in Piemonte<\/a> tr\u00e8s bien fait, contient des tas de parcours avec description, profils, photos (italien)<\/li>\n<li><a href=\"http:\/\/www.cuneo360.it\/?ref=\" target=\"_blank\" rel=\"noopener noreferrer\">La Grande Travers\u00e9e des Alpes dans la province de Cuneo<\/a> : un site extr\u00eamement complet, voir en particulier les h\u00e9bergements (italien, fran\u00e7ais, allemand)<\/li>\n<\/ul>\n<h3 class=\"iframe-fancybox\">Suisse<\/h3>\n<ul>\n<li><a href=\"http:\/\/www.myswitzerland.com\/fr-fr\/accueil.html\" target=\"_blank\" rel=\"noopener noreferrer\">MySwitzerland.com<\/a>, site g\u00e9n\u00e9raliste, propose beaucoup de parcours int\u00e9ressants avec itin\u00e9raire, d\u00e9nivel\u00e9 et difficult\u00e9s, voire &#8220;waypoints&#8221;<\/li>\n<\/ul>\n<h3>\u00a0Etats-Unis<\/h3>\n<ul>\n<li><a class=\"iframe-fancybox\" href=\"https:\/\/centcols.org\/backup\/libre_service\/divers\/montee_des_usa.htm\">Liste des plus belles mont\u00e9es des USA<\/a> (Francis Cooke)<\/li>\n<li>Vous cherchez des voyages tout pr\u00eats ? Tournez vous vers <a href=\"http:\/\/www.adventurecycling.org\/index.cfm\" target=\"_blank\" rel=\"noopener noreferrer\">adventure cycling <\/a>qui propose des itin\u00e9raires (&#8221; tout pr\u00eat &#8221; ne veut pas dire &#8221; facile &#8220;, voyez par exemple la &#8220;<a href=\"http:\/\/www.adventurecycling.org\/routes-and-maps\/adventure-cycling-route-network\/great-divide-mountain-bike-route\/\" target=\"_blank\" rel=\"noopener noreferrer\"> Great Divide Road<\/a> &#8220;, 2490 miles, &#8221; longest off-pavement bike road in the world<\/li>\n<\/ul>\n<h2>Librairie<\/h2>\n<ul>\n<li><a class=\"iframe-fancybox\" href=\"https:\/\/centcols.org\/backup\/libre_service\/divers\/ou_acheter_cartes_internet.htm\">O\u00f9 acheter des cartes sur internet<\/a> (Bernard Pommel)<\/li>\n<li><a class=\"iframe-fancybox\" href=\"https:\/\/centcols.org\/backup\/libre_service\/divers\/librairies_specialisees.htm\">Les librairies sp\u00e9cialis\u00e9es<\/a> (Bernard Pommel)<\/li>\n<li><a href=\"http:\/\/www.travel-library.com\/\" target=\"_blank\" rel=\"noopener noreferrer\">Travel-library.com<\/a> : site compilant des journaux de voyage; un bon point de d\u00e9part pour pr\u00e9parer ses vacances<\/li>\n<li><a href=\"http:\/\/www.ediciclo.it\/index.php\" target=\"_blank\" rel=\"noopener noreferrer\">Ediciclo <\/a>: des livres sur le v\u00e9lo et la montagne\u00a0 (italien)<\/li>\n<li><a href=\"http:\/\/www.ernest-press.co.uk\/\" target=\"_blank\" rel=\"noopener noreferrer\">The Ernest Press<\/a> : \u00e9diteur de livres\u00a0 (anglais)<\/li>\n<li><a href=\"http:\/\/www.prames.com\/homepage.asp\" target=\"_blank\" rel=\"noopener noreferrer\">Aragon : PRAMES<\/a> (Proyectos y Realizaciones Aragonesas de Montana, Escalada y Senderismo), \u00e9manation de la F\u00e9d\u00e9ration Aragonaise de Montagne, \u00e9dite des cartes de randonn\u00e9es, principalement sur la partie montagneuse de l&#8217;Aragon (espagnol)<\/li>\n<li><a href=\"http:\/\/www.altigraph.fr\/\" target=\"_blank\" rel=\"noopener noreferrer\">Altigraph <\/a>: une analyse des cols fran\u00e7ais\u00a0 (fran\u00e7ais)<\/li>\n<\/ul>\n","protected":false},"excerpt":{"rendered":"<p>R\u00e8glementation : 15\/11\/2020 : Nouveaut\u00e9 du code de la route pour les cyclistes 23\/10\/2017 : Dernier arr\u00eat\u00e9 concernant la circulation des v\u00e9los dans le Parc National de la Vanoise 09\/06\/2015 : Liste des itin\u00e9raires ou tron\u00e7ons d&#8217;itin\u00e9raires interdits \u00e0 la pratique du v\u00e9lo dans les C\u00e9vennes 03\/06\/2013 : R\u00e9glementation VTT dans le Parc National du [&hellip;]<\/p>\n","protected":false},"author":2001,"featured_media":0,"parent":0,"menu_order":0,"comment_status":"closed","ping_status":"closed","template":"","meta":{"_acf_changed":false,"ub_ctt_via":"","_monsterinsights_skip_tracking":false,"_monsterinsights_sitenote_active":false,"_monsterinsights_sitenote_note":"","_monsterinsights_sitenote_category":0,"footnotes":""},"acf":[],"featured_image_urls":{"full":"","thumbnail":"","medium":"","medium_large":"","large":"","1536x1536":"","2048x2048":"","woocommerce_thumbnail":"","woocommerce_single":"","woocommerce_gallery_thumbnail":""},"post_excerpt_stackable":"<p>R\u00e8glementation : 15\/11\/2020 : Nouveaut\u00e9 du code de la route pour les cyclistes 23\/10\/2017 : Dernier arr\u00eat\u00e9 concernant la circulation des v\u00e9los dans le Parc National de la Vanoise 09\/06\/2015 : Liste des itin\u00e9raires ou tron\u00e7ons d&#8217;itin\u00e9raires interdits \u00e0 la pratique du v\u00e9lo dans les C\u00e9vennes 03\/06\/2013 : R\u00e9glementation VTT dans le Parc National du Mercantour dernier arr\u00eat\u00e9 23\/04\/2010 : Cols fran\u00e7ais interdits, une premi\u00e8re liste (Jean-Paul Zuanon) Tra\u00e7age de circuits pour gps : Openrunner : le Club des Cent Cols a conclu un partenariat. Lors du tra\u00e7age de circuits, vous pouvez afficher les cols sur fonds de carte et\u2026<\/p>\n","category_list":"","author_info":{"name":"Webmestre","url":"https:\/\/centcols.org\/backup\/author\/webmestre\/"},"comments_num":"0 commentaire","featured_image_urls_v2":{"full":"","thumbnail":"","medium":"","medium_large":"","large":"","1536x1536":"","2048x2048":"","woocommerce_thumbnail":"","woocommerce_single":"","woocommerce_gallery_thumbnail":""},"post_excerpt_stackable_v2":"<p>R\u00e8glementation : 15\/11\/2020 : Nouveaut\u00e9 du code de la route pour les cyclistes 23\/10\/2017 : Dernier arr\u00eat\u00e9 concernant la circulation des v\u00e9los dans le Parc National de la Vanoise 09\/06\/2015 : Liste des itin\u00e9raires ou tron\u00e7ons d&#8217;itin\u00e9raires interdits \u00e0 la pratique du v\u00e9lo dans les C\u00e9vennes 03\/06\/2013 : R\u00e9glementation VTT dans le Parc National du Mercantour dernier arr\u00eat\u00e9 23\/04\/2010 : Cols fran\u00e7ais interdits, une premi\u00e8re liste (Jean-Paul Zuanon) Tra\u00e7age de circuits pour gps : Openrunner : le Club des Cent Cols a conclu un partenariat. Lors du tra\u00e7age de circuits, vous pouvez afficher les cols sur fonds de carte et\u2026<\/p>\n","category_list_v2":"","author_info_v2":{"name":"Webmestre","url":"https:\/\/centcols.org\/backup\/author\/webmestre\/"},"comments_num_v2":"0 commentaire","featured_image_src":null,"_links":{"self":[{"href":"https:\/\/centcols.org\/backup\/wp-json\/wp\/v2\/pages\/29"}],"collection":[{"href":"https:\/\/centcols.org\/backup\/wp-json\/wp\/v2\/pages"}],"about":[{"href":"https:\/\/centcols.org\/backup\/wp-json\/wp\/v2\/types\/page"}],"author":[{"embeddable":true,"href":"https:\/\/centcols.org\/backup\/wp-json\/wp\/v2\/users\/2001"}],"replies":[{"embeddable":true,"href":"https:\/\/centcols.org\/backup\/wp-json\/wp\/v2\/comments?post=29"}],"version-history":[{"count":0,"href":"https:\/\/centcols.org\/backup\/wp-json\/wp\/v2\/pages\/29\/revisions"}],"wp:attachment":[{"href":"https:\/\/centcols.org\/backup\/wp-json\/wp\/v2\/media?parent=29"}],"curies":[{"name":"wp","href":"https:\/\/api.w.org\/{rel}","templated":true}]}}