{"id":62711,"date":"2022-02-26T11:13:53","date_gmt":"2022-02-26T10:13:53","guid":{"rendered":"https:\/\/centcols.org\/backup\/?page_id=62711"},"modified":"2023-12-14T16:59:09","modified_gmt":"2023-12-14T15:59:09","slug":"declaration-annuelle-des-cols","status":"publish","type":"page","link":"https:\/\/centcols.org\/backup\/declaration-annuelle-des-cols\/","title":{"rendered":"D\u00e9claration annuelle des cols"},"content":{"rendered":"\n<p>Entre le 1<sup>er<\/sup> octobre et le 31 janvier, outre le <a href=\"\/cotisation-annuelle\/\">paiement de leur cotisation<\/a>, les membres actifs doivent adresser leur liste de cols franchis \u00e0 leur d\u00e9l\u00e9gu\u00e9 territorial (DT) : <a href=\"https:\/\/centcols.org\/backup\/contact\/\">voir la rubrique \u00ab Contacts \u00bb<\/a>.<\/p>\n\n\n\n<p>Vous avez la possibilit\u00e9 de d\u00e9clarer les cols franchis durant la saison directement sur ce site : voir <a href=\"https:\/\/centcols.org\/backup\/declaration-en-ligne\/\">d\u00e9claration en ligne des cols<\/a>. Patrick Schleppi a pr\u00e9par\u00e9 un tutoriel vid\u00e9o pour vous aider \u00e0 comprendre le fonctionnement de la d\u00e9claration en ligne : voir <a href=\"https:\/\/centcols.org\/backup\/video-ballens-2021\/\">Base de donn\u00e9es des cols, d\u00e9claration en ligne et brevets routiers<\/a>.<\/p>\n\n\n\n<p>Vous avez toujours la possibilit\u00e9 d&#8217;envoyer cette mise \u00e0 jour \u00e0 votre d\u00e9l\u00e9gu\u00e9 territorial soit sous forme de fichier informatique ou \u00e0 d\u00e9faut sous forme de liste sur papier si vous ne ma\u00eetrisez pas d&#8217;outils informatiques.<br>T\u00e9l\u00e9charger \/ imprimer la fiche de mise \u00e0 jour des cols franchis pendant l&#8217;ann\u00e9e :<\/p>\n\n\n\n<ul>\n<li><a href=\"https:\/\/centcols.org\/backup\/wp-content\/uploads\/2023\/12\/Fiche-MAJ-Cols-FR.xlsx\" title=\"\">format Excel<\/a> (MS Office)<\/li>\n\n\n\n<li><a href=\"https:\/\/centcols.org\/backup\/wp-content\/uploads\/2023\/12\/Fiche-MAJ-Cols-FR.ods\" title=\"\">format Calc<\/a>\u00a0(LibreOffice)<\/li>\n\n\n\n<li><a href=\"https:\/\/centcols.org\/backup\/wp-content\/uploads\/2023\/12\/Fiche-MAJ-Cols-FR.pdf\" title=\"\">format PDF<\/a><\/li>\n<\/ul>\n\n\n\n<p>Les formats Excel et Calc sont ceux pr\u00e9f\u00e9r\u00e9s par vos DT par rapport au format PDF. Facilitez leur travail en utilisant !<\/p>\n","protected":false},"excerpt":{"rendered":"<p>Entre le 1er octobre et le 31 janvier, outre le paiement de leur cotisation, les membres actifs doivent adresser leur liste de cols franchis \u00e0 leur d\u00e9l\u00e9gu\u00e9 territorial (DT) : voir la rubrique \u00ab Contacts \u00bb. Vous avez la possibilit\u00e9 de d\u00e9clarer les cols franchis durant la saison directement sur ce site : voir d\u00e9claration [&hellip;]<\/p>\n","protected":false},"author":69,"featured_media":0,"parent":0,"menu_order":0,"comment_status":"closed","ping_status":"closed","template":"","meta":{"_acf_changed":false,"ub_ctt_via":"","_monsterinsights_skip_tracking":false,"_monsterinsights_sitenote_active":false,"_monsterinsights_sitenote_note":"","_monsterinsights_sitenote_category":0,"footnotes":""},"acf":[],"featured_image_urls":{"full":"","thumbnail":"","medium":"","medium_large":"","large":"","1536x1536":"","2048x2048":"","woocommerce_thumbnail":"","woocommerce_single":"","woocommerce_gallery_thumbnail":""},"post_excerpt_stackable":"<p>Entre le 1er octobre et le 31 janvier, outre le paiement de leur cotisation, les membres actifs doivent adresser leur liste de cols franchis \u00e0 leur d\u00e9l\u00e9gu\u00e9 territorial (DT) : voir la rubrique \u00ab Contacts \u00bb. Vous avez la possibilit\u00e9 de d\u00e9clarer les cols franchis durant la saison directement sur ce site : voir d\u00e9claration en ligne des cols. Patrick Schleppi a pr\u00e9par\u00e9 un tutoriel vid\u00e9o pour vous aider \u00e0 comprendre le fonctionnement de la d\u00e9claration en ligne : voir Base de donn\u00e9es des cols, d\u00e9claration en ligne et brevets routiers. Vous avez toujours la possibilit\u00e9 d&#8217;envoyer cette mise \u00e0\u2026<\/p>\n","category_list":"","author_info":{"name":"Enrico Alberini","url":"https:\/\/centcols.org\/backup\/author\/5065\/"},"comments_num":"0 commentaire","featured_image_urls_v2":{"full":"","thumbnail":"","medium":"","medium_large":"","large":"","1536x1536":"","2048x2048":"","woocommerce_thumbnail":"","woocommerce_single":"","woocommerce_gallery_thumbnail":""},"post_excerpt_stackable_v2":"<p>Entre le 1er octobre et le 31 janvier, outre le paiement de leur cotisation, les membres actifs doivent adresser leur liste de cols franchis \u00e0 leur d\u00e9l\u00e9gu\u00e9 territorial (DT) : voir la rubrique \u00ab Contacts \u00bb. Vous avez la possibilit\u00e9 de d\u00e9clarer les cols franchis durant la saison directement sur ce site : voir d\u00e9claration en ligne des cols. Patrick Schleppi a pr\u00e9par\u00e9 un tutoriel vid\u00e9o pour vous aider \u00e0 comprendre le fonctionnement de la d\u00e9claration en ligne : voir Base de donn\u00e9es des cols, d\u00e9claration en ligne et brevets routiers. Vous avez toujours la possibilit\u00e9 d&#8217;envoyer cette mise \u00e0\u2026<\/p>\n","category_list_v2":"","author_info_v2":{"name":"Enrico Alberini","url":"https:\/\/centcols.org\/backup\/author\/5065\/"},"comments_num_v2":"0 commentaire","featured_image_src":null,"_links":{"self":[{"href":"https:\/\/centcols.org\/backup\/wp-json\/wp\/v2\/pages\/62711"}],"collection":[{"href":"https:\/\/centcols.org\/backup\/wp-json\/wp\/v2\/pages"}],"about":[{"href":"https:\/\/centcols.org\/backup\/wp-json\/wp\/v2\/types\/page"}],"author":[{"embeddable":true,"href":"https:\/\/centcols.org\/backup\/wp-json\/wp\/v2\/users\/69"}],"replies":[{"embeddable":true,"href":"https:\/\/centcols.org\/backup\/wp-json\/wp\/v2\/comments?post=62711"}],"version-history":[{"count":0,"href":"https:\/\/centcols.org\/backup\/wp-json\/wp\/v2\/pages\/62711\/revisions"}],"wp:attachment":[{"href":"https:\/\/centcols.org\/backup\/wp-json\/wp\/v2\/media?parent=62711"}],"curies":[{"name":"wp","href":"https:\/\/api.w.org\/{rel}","templated":true}]}}