{"id":63878,"date":"2022-07-22T18:14:31","date_gmt":"2022-07-22T16:14:31","guid":{"rendered":"https:\/\/centcols.org\/backup\/?page_id=63878"},"modified":"2023-12-20T20:32:55","modified_gmt":"2023-12-20T19:32:55","slug":"activites-des-membres","status":"publish","type":"page","link":"https:\/\/centcols.org\/backup\/activites-des-membres\/","title":{"rendered":"Activit\u00e9s des membres"},"content":{"rendered":"\n<h3 class=\"kt-adv-heading63878_de11e3-b8 wp-block-kadence-advancedheading\" data-kb-block=\"kb-adv-heading63878_de11e3-b8\">Les membres le font<\/h3>\n\n\n\n<h3 class=\"kt-adv-heading63878_cff6db-4d wp-block-kadence-advancedheading\" data-kb-block=\"kb-adv-heading63878_cff6db-4d\">Les membres l&#8217;ont fait<\/h3>\n\n\n\n<p><strong>Challenge des 100, 150, 200 plus beaux cols routiers des Alpes<\/strong> : la mise \u00e0 jour des <a href=\"https:\/\/centcols.org\/backup\/challenge-des-cents\/\" target=\"_blank\" rel=\"noreferrer noopener\"><strong>participants<\/strong> <\/a><\/p>\n\n\n\n<p><a href=\"https:\/\/centcols.org\/backup\/?page_id=70169\">BCN &#8211; BPF, le bilan 2022 des membres<\/a><\/p>\n\n\n\n<p><a href=\"https:\/\/centcols.org\/backup\/les-brevets-nationaux\/\">Les brevets des cols routiers nationaux<\/a><\/p>\n\n\n\n<h3 class=\"wp-block-heading\">Ev\u00e8nements internes<\/h3>\n\n\n\n<p><\/p>\n\n\n\n<h3 class=\"wp-block-heading\"> Ev\u00e8nements externes<\/h3>\n\n\n\n<p><a href=\"https:\/\/centcols.org\/backup\/cyclom-vosges\/\" target=\"_blank\" rel=\"noopener\" title=\"\">La cyclo-montagnarde des Vosges &#8211; Compte rendu<\/a><\/p>\n\n\n\n<p><a href=\"https:\/\/centcols.org\/backup\/sf-2022-texte-et-photos-13-septembre-a-21h00-version-hre\/\">La semaine f\u00e9d\u00e9rale 2022 de la FFCT \u00e0 Loud\u00e9ac <\/a><\/p>\n\n\n\n<p><a href=\"https:\/\/centcols.org\/backup\/la-cyclomontagnarde-2022\/\">La Cyclomontagnarde d&#8217;Annecy 2022<\/a><\/p>\n\n\n\n<p><a href=\"https:\/\/centcols.org\/backup\/lardechoise-2022\/\">L&#8217;Ard\u00e9choise 2022, stand et parcours<\/a> <a href=\"https:\/\/photos.google.com\/share\/AF1QipNayhz2vT8qjUtZh7LVJIw9N4VbGQRFnUAcj9sRw-R1ZAXY2Itv9yqs5-MfKSpFTw?key=MGF2SzFqcXVsS0YxUDI5V1pVOXJvZDZpSWZvVUZ3\">et photos<\/a><\/p>\n\n\n\n<p><\/p>\n","protected":false},"excerpt":{"rendered":"<p>Challenge des 100, 150, 200 plus beaux cols routiers des Alpes : la mise \u00e0 jour des participants BCN &#8211; BPF, le bilan 2022 des membres Les brevets des cols routiers nationaux Ev\u00e8nements internes Ev\u00e8nements externes La cyclo-montagnarde des Vosges &#8211; Compte rendu La semaine f\u00e9d\u00e9rale 2022 de la FFCT \u00e0 Loud\u00e9ac La Cyclomontagnarde d&#8217;Annecy [&hellip;]<\/p>\n","protected":false},"author":69,"featured_media":0,"parent":0,"menu_order":0,"comment_status":"closed","ping_status":"closed","template":"","meta":{"_acf_changed":false,"ub_ctt_via":"","_monsterinsights_skip_tracking":false,"_monsterinsights_sitenote_active":false,"_monsterinsights_sitenote_note":"","_monsterinsights_sitenote_category":0,"footnotes":""},"acf":[],"featured_image_urls":{"full":"","thumbnail":"","medium":"","medium_large":"","large":"","1536x1536":"","2048x2048":"","woocommerce_thumbnail":"","woocommerce_single":"","woocommerce_gallery_thumbnail":""},"post_excerpt_stackable":"<p>Les membres le font Les membres l&#8217;ont fait Challenge des 100, 150, 200 plus beaux cols routiers des Alpes : la mise \u00e0 jour des participants BCN &#8211; BPF, le bilan 2022 des membres Les brevets des cols routiers nationaux Ev\u00e8nements internes Ev\u00e8nements externes La cyclo-montagnarde des Vosges &#8211; Compte rendu La semaine f\u00e9d\u00e9rale 2022 de la FFCT \u00e0 Loud\u00e9ac La Cyclomontagnarde d&#8217;Annecy 2022 L&#8217;Ard\u00e9choise 2022, stand et parcours et photos<\/p>\n","category_list":"","author_info":{"name":"Enrico Alberini","url":"https:\/\/centcols.org\/backup\/author\/5065\/"},"comments_num":"0 commentaire","featured_image_urls_v2":{"full":"","thumbnail":"","medium":"","medium_large":"","large":"","1536x1536":"","2048x2048":"","woocommerce_thumbnail":"","woocommerce_single":"","woocommerce_gallery_thumbnail":""},"post_excerpt_stackable_v2":"<p>Les membres le font Les membres l&#8217;ont fait Challenge des 100, 150, 200 plus beaux cols routiers des Alpes : la mise \u00e0 jour des participants BCN &#8211; BPF, le bilan 2022 des membres Les brevets des cols routiers nationaux Ev\u00e8nements internes Ev\u00e8nements externes La cyclo-montagnarde des Vosges &#8211; Compte rendu La semaine f\u00e9d\u00e9rale 2022 de la FFCT \u00e0 Loud\u00e9ac La Cyclomontagnarde d&#8217;Annecy 2022 L&#8217;Ard\u00e9choise 2022, stand et parcours et photos<\/p>\n","category_list_v2":"","author_info_v2":{"name":"Enrico Alberini","url":"https:\/\/centcols.org\/backup\/author\/5065\/"},"comments_num_v2":"0 commentaire","featured_image_src":null,"_links":{"self":[{"href":"https:\/\/centcols.org\/backup\/wp-json\/wp\/v2\/pages\/63878"}],"collection":[{"href":"https:\/\/centcols.org\/backup\/wp-json\/wp\/v2\/pages"}],"about":[{"href":"https:\/\/centcols.org\/backup\/wp-json\/wp\/v2\/types\/page"}],"author":[{"embeddable":true,"href":"https:\/\/centcols.org\/backup\/wp-json\/wp\/v2\/users\/69"}],"replies":[{"embeddable":true,"href":"https:\/\/centcols.org\/backup\/wp-json\/wp\/v2\/comments?post=63878"}],"version-history":[{"count":0,"href":"https:\/\/centcols.org\/backup\/wp-json\/wp\/v2\/pages\/63878\/revisions"}],"wp:attachment":[{"href":"https:\/\/centcols.org\/backup\/wp-json\/wp\/v2\/media?parent=63878"}],"curies":[{"name":"wp","href":"https:\/\/api.w.org\/{rel}","templated":true}]}}

Activités des membres

<h3 class="kt-adv-heading63878_de11e3-b8 wp-block-kadence-advancedheading" data-kb-block="kb-adv-heading63878_de11e3-b8">Les membres le font</h3>



<h3 class="kt-adv-heading63878_cff6db-4d wp-block-kadence-advancedheading" data-kb-block="kb-adv-heading63878_cff6db-4d">Les membres l&#8217;ont fait</h3>



<p><strong>Challenge des 100, 150, 200 plus beaux cols routiers des Alpes</strong> : la mise à jour des <a href="https://centcols.org/backup/challenge-des-cents/" target="_blank" rel="noreferrer noopener"><strong>participants</strong> </a></p>



<p><a href="https://centcols.org/backup/?page_id=70169">BCN &#8211; BPF, le bilan 2022 des membres</a></p>



<p><a href="https://centcols.org/backup/les-brevets-nationaux/">Les brevets des cols routiers nationaux</a></p>



<h3 class="wp-block-heading">Evènements internes</h3>



<p></p>



<h3 class="wp-block-heading"> Evènements externes</h3>



<p><a href="https://centcols.org/backup/cyclom-vosges/" target="_blank" rel="noopener" title="">La cyclo-montagnarde des Vosges &#8211; Compte rendu</a></p>



<p><a href="https://centcols.org/backup/sf-2022-texte-et-photos-13-septembre-a-21h00-version-hre/">La semaine fédérale 2022 de la FFCT à Loudéac </a></p>



<p><a href="https://centcols.org/backup/la-cyclomontagnarde-2022/">La Cyclomontagnarde d&#8217;Annecy 2022</a></p>



<p><a href="https://centcols.org/backup/lardechoise-2022/">L&#8217;Ardéchoise 2022, stand et parcours</a> <a href="https://photos.google.com/share/AF1QipNayhz2vT8qjUtZh7LVJIw9N4VbGQRFnUAcj9sRw-R1ZAXY2Itv9yqs5-MfKSpFTw?key=MGF2SzFqcXVsS0YxUDI5V1pVOXJvZDZpSWZvVUZ3">et photos</a></p>



<p></p>

<p>Challenge des 100, 150, 200 plus beaux cols routiers des Alpes : la mise à jour des participants BCN &#8211; BPF, le bilan 2022 des membres Les brevets des cols routiers nationaux Evènements internes Evènements externes La cyclo-montagnarde des Vosges &#8211; Compte rendu La semaine fédérale 2022 de la FFCT à Loudéac La Cyclomontagnarde d&#8217;Annecy [&hellip;]</p>

<p>Les membres le font Les membres l&#8217;ont fait Challenge des 100, 150, 200 plus beaux cols routiers des Alpes : la mise à jour des participants BCN &#8211; BPF, le bilan 2022 des membres Les brevets des cols routiers nationaux Evènements internes Evènements externes La cyclo-montagnarde des Vosges &#8211; Compte rendu La semaine fédérale 2022 de la FFCT à Loudéac La Cyclomontagnarde d&#8217;Annecy 2022 L&#8217;Ardéchoise 2022, stand et parcours et photos</p>
