{"id":63889,"date":"2022-07-22T18:21:11","date_gmt":"2022-07-22T16:21:11","guid":{"rendered":"https:\/\/centcols.org\/backup\/?page_id=63889"},"modified":"2023-07-08T18:42:45","modified_gmt":"2023-07-08T16:42:45","slug":"federation-francaise-de-cyclotourisme","status":"publish","type":"page","link":"https:\/\/centcols.org\/backup\/federation-francaise-de-cyclotourisme\/","title":{"rendered":"F\u00e9d\u00e9ration fran\u00e7aise de Cyclotourisme"},"content":{"rendered":"\n<h3 class=\"kt-adv-heading_550ab8-b7 wp-block-kadence-advancedheading\" data-kb-block=\"kb-adv-heading_550ab8-b7\">Le Challenge de France<\/h3>\n\n\n\n<p><a href=\"https:\/\/centcols.org\/backup\/le-club-des-cent-cols-remporte-le-challenge-de-france-2022\/\">Le Club des Cent Cols remporte le Challenge de France 2022<\/a><\/p>\n\n\n\n<h3 class=\"wp-block-heading\">Les Semaines F\u00e9d\u00e9rales<\/h3>\n\n\n\n<p><strong><a href=\"https:\/\/centcols.org\/backup\/sf-2023\/\" target=\"_blank\" rel=\"noopener\" title=\"\">La semaine f\u00e9d\u00e9rale 2023<\/a><\/strong> \u00e0 Pont-\u00e0-Mousson<\/p>\n\n\n\n<h3 class=\"wp-block-heading\">Les Assembl\u00e9es G\u00e9n\u00e9rales<\/h3>\n\n\n\n<p><a href=\"https:\/\/centcols.org\/backup\/intervention-du-club-des-cent-cols-a-lag-ffct\/\">L&#8217;intervention du Club des Cent Cols \u00e0 l&#8217;AG FFCT 2022<\/a><\/p>\n\n\n\n<h3 class=\"wp-block-heading\">La licence FFCT<\/h3>\n\n\n\n<p><a href=\"https:\/\/centcols.org\/backup\/les-licences-ffct-au-club-des-cent-cols\/\" target=\"_blank\" rel=\"noreferrer noopener\">Evolution des licences FFCT<\/a> au Club des Cent Cols<\/p>\n\n\n\n<h3 class=\"wp-block-heading\">Le Brevet des Provinces Fran\u00e7aises<\/h3>\n\n\n\n<p><a href=\"https:\/\/centcols.org\/backup\/gazette-bpf-docx\/\">Les BPF<\/a><\/p>\n\n\n\n<h3 class=\"wp-block-heading\">Le partenariat avec le Club des Cent Cols<\/h3>\n\n\n\n<p><a href=\"https:\/\/centcols.org\/backup\/un-coup-doeil-sur-les-fonctionnalites-de-veloenfrance\/\">Les fonctionnalit\u00e9s de veloenfrance<\/a><\/p>\n","protected":false},"excerpt":{"rendered":"<p>Le Club des Cent Cols remporte le Challenge de France 2022 Les Semaines F\u00e9d\u00e9rales La semaine f\u00e9d\u00e9rale 2023 \u00e0 Pont-\u00e0-Mousson Les Assembl\u00e9es G\u00e9n\u00e9rales L&#8217;intervention du Club des Cent Cols \u00e0 l&#8217;AG FFCT 2022 La licence FFCT Evolution des licences FFCT au Club des Cent Cols Le Brevet des Provinces Fran\u00e7aises Les BPF Le partenariat avec [&hellip;]<\/p>\n","protected":false},"author":69,"featured_media":0,"parent":0,"menu_order":0,"comment_status":"closed","ping_status":"closed","template":"","meta":{"_acf_changed":false,"ub_ctt_via":"","_monsterinsights_skip_tracking":false,"_monsterinsights_sitenote_active":false,"_monsterinsights_sitenote_note":"","_monsterinsights_sitenote_category":0,"footnotes":""},"acf":[],"featured_image_urls":{"full":"","thumbnail":"","medium":"","medium_large":"","large":"","1536x1536":"","2048x2048":"","woocommerce_thumbnail":"","woocommerce_single":"","woocommerce_gallery_thumbnail":""},"post_excerpt_stackable":"<p>Le Challenge de France Le Club des Cent Cols remporte le Challenge de France 2022 Les Semaines F\u00e9d\u00e9rales La semaine f\u00e9d\u00e9rale 2023 \u00e0 Pont-\u00e0-Mousson Les Assembl\u00e9es G\u00e9n\u00e9rales L&#8217;intervention du Club des Cent Cols \u00e0 l&#8217;AG FFCT 2022 La licence FFCT Evolution des licences FFCT au Club des Cent Cols Le Brevet des Provinces Fran\u00e7aises Les BPF Le partenariat avec le Club des Cent Cols Les fonctionnalit\u00e9s de veloenfrance<\/p>\n","category_list":"","author_info":{"name":"Enrico Alberini","url":"https:\/\/centcols.org\/backup\/author\/5065\/"},"comments_num":"0 commentaire","featured_image_urls_v2":{"full":"","thumbnail":"","medium":"","medium_large":"","large":"","1536x1536":"","2048x2048":"","woocommerce_thumbnail":"","woocommerce_single":"","woocommerce_gallery_thumbnail":""},"post_excerpt_stackable_v2":"<p>Le Challenge de France Le Club des Cent Cols remporte le Challenge de France 2022 Les Semaines F\u00e9d\u00e9rales La semaine f\u00e9d\u00e9rale 2023 \u00e0 Pont-\u00e0-Mousson Les Assembl\u00e9es G\u00e9n\u00e9rales L&#8217;intervention du Club des Cent Cols \u00e0 l&#8217;AG FFCT 2022 La licence FFCT Evolution des licences FFCT au Club des Cent Cols Le Brevet des Provinces Fran\u00e7aises Les BPF Le partenariat avec le Club des Cent Cols Les fonctionnalit\u00e9s de veloenfrance<\/p>\n","category_list_v2":"","author_info_v2":{"name":"Enrico Alberini","url":"https:\/\/centcols.org\/backup\/author\/5065\/"},"comments_num_v2":"0 commentaire","featured_image_src":null,"_links":{"self":[{"href":"https:\/\/centcols.org\/backup\/wp-json\/wp\/v2\/pages\/63889"}],"collection":[{"href":"https:\/\/centcols.org\/backup\/wp-json\/wp\/v2\/pages"}],"about":[{"href":"https:\/\/centcols.org\/backup\/wp-json\/wp\/v2\/types\/page"}],"author":[{"embeddable":true,"href":"https:\/\/centcols.org\/backup\/wp-json\/wp\/v2\/users\/69"}],"replies":[{"embeddable":true,"href":"https:\/\/centcols.org\/backup\/wp-json\/wp\/v2\/comments?post=63889"}],"version-history":[{"count":0,"href":"https:\/\/centcols.org\/backup\/wp-json\/wp\/v2\/pages\/63889\/revisions"}],"wp:attachment":[{"href":"https:\/\/centcols.org\/backup\/wp-json\/wp\/v2\/media?parent=63889"}],"curies":[{"name":"wp","href":"https:\/\/api.w.org\/{rel}","templated":true}]}}

Fédération française de Cyclotourisme

<h3 class="kt-adv-heading_550ab8-b7 wp-block-kadence-advancedheading" data-kb-block="kb-adv-heading_550ab8-b7">Le Challenge de France</h3>



<p><a href="https://centcols.org/backup/le-club-des-cent-cols-remporte-le-challenge-de-france-2022/">Le Club des Cent Cols remporte le Challenge de France 2022</a></p>



<h3 class="wp-block-heading">Les Semaines Fédérales</h3>



<p><strong><a href="https://centcols.org/backup/sf-2023/" target="_blank" rel="noopener" title="">La semaine fédérale 2023</a></strong> à Pont-à-Mousson</p>



<h3 class="wp-block-heading">Les Assemblées Générales</h3>



<p><a href="https://centcols.org/backup/intervention-du-club-des-cent-cols-a-lag-ffct/">L&#8217;intervention du Club des Cent Cols à l&#8217;AG FFCT 2022</a></p>



<h3 class="wp-block-heading">La licence FFCT</h3>



<p><a href="https://centcols.org/backup/les-licences-ffct-au-club-des-cent-cols/" target="_blank" rel="noreferrer noopener">Evolution des licences FFCT</a> au Club des Cent Cols</p>



<h3 class="wp-block-heading">Le Brevet des Provinces Françaises</h3>



<p><a href="https://centcols.org/backup/gazette-bpf-docx/">Les BPF</a></p>



<h3 class="wp-block-heading">Le partenariat avec le Club des Cent Cols</h3>



<p><a href="https://centcols.org/backup/un-coup-doeil-sur-les-fonctionnalites-de-veloenfrance/">Les fonctionnalités de veloenfrance</a></p>

<p>Le Club des Cent Cols remporte le Challenge de France 2022 Les Semaines Fédérales La semaine fédérale 2023 à Pont-à-Mousson Les Assemblées Générales L&#8217;intervention du Club des Cent Cols à l&#8217;AG FFCT 2022 La licence FFCT Evolution des licences FFCT au Club des Cent Cols Le Brevet des Provinces Françaises Les BPF Le partenariat avec [&hellip;]</p>

<p>Le Challenge de France Le Club des Cent Cols remporte le Challenge de France 2022 Les Semaines Fédérales La semaine fédérale 2023 à Pont-à-Mousson Les Assemblées Générales L&#8217;intervention du Club des Cent Cols à l&#8217;AG FFCT 2022 La licence FFCT Evolution des licences FFCT au Club des Cent Cols Le Brevet des Provinces Françaises Les BPF Le partenariat avec le Club des Cent Cols Les fonctionnalités de veloenfrance</p>
