{"id":63892,"date":"2022-07-22T18:22:53","date_gmt":"2022-07-22T16:22:53","guid":{"rendered":"https:\/\/centcols.org\/backup\/?page_id=63892"},"modified":"2023-04-13T15:19:39","modified_gmt":"2023-04-13T13:19:39","slug":"coreg","status":"publish","type":"page","link":"https:\/\/centcols.org\/backup\/coreg\/","title":{"rendered":"COREG"},"content":{"rendered":"\n<p>Le <strong><a href=\"https:\/\/centcols.org\/backup\/sejour-coreg-casteljau\/\" target=\"_blank\" rel=\"noreferrer noopener\">s\u00e9jour multi-activit\u00e9s<\/a><\/strong> du Coreg \u00e0 Casteljau (07) du 28 septembre au 2 octobre 2023<\/p>\n\n\n\n<p><a href=\"https:\/\/centcols.org\/backup\/?page_id=69343\">Le Coreg corse se pr\u00e9sente<\/a><\/p>\n\n\n\n<p>Participez au <a href=\"https:\/\/centcols.org\/backup\/note-pour-gazette-bandol-ffct\/\">s\u00e9jour cyclotouriste<\/a> du Coreg \u00e0 Bandol du 8 au 15 avril 2023<\/p>\n","protected":false},"excerpt":{"rendered":"<p>Le s\u00e9jour multi-activit\u00e9s du Coreg \u00e0 Casteljau (07) du 28 septembre au 2 octobre 2023 Le Coreg corse se pr\u00e9sente Participez au s\u00e9jour cyclotouriste du Coreg \u00e0 Bandol du 8 au 15 avril 2023<\/p>\n","protected":false},"author":69,"featured_media":0,"parent":0,"menu_order":0,"comment_status":"closed","ping_status":"closed","template":"","meta":{"_acf_changed":false,"ub_ctt_via":"","_monsterinsights_skip_tracking":false,"_monsterinsights_sitenote_active":false,"_monsterinsights_sitenote_note":"","_monsterinsights_sitenote_category":0,"footnotes":""},"acf":[],"featured_image_urls":{"full":"","thumbnail":"","medium":"","medium_large":"","large":"","1536x1536":"","2048x2048":"","woocommerce_thumbnail":"","woocommerce_single":"","woocommerce_gallery_thumbnail":""},"post_excerpt_stackable":"<p>Le s\u00e9jour multi-activit\u00e9s du Coreg \u00e0 Casteljau (07) du 28 septembre au 2 octobre 2023 Le Coreg corse se pr\u00e9sente Participez au s\u00e9jour cyclotouriste du Coreg \u00e0 Bandol du 8 au 15 avril 2023<\/p>\n","category_list":"","author_info":{"name":"Enrico Alberini","url":"https:\/\/centcols.org\/backup\/author\/5065\/"},"comments_num":"0 commentaire","featured_image_urls_v2":{"full":"","thumbnail":"","medium":"","medium_large":"","large":"","1536x1536":"","2048x2048":"","woocommerce_thumbnail":"","woocommerce_single":"","woocommerce_gallery_thumbnail":""},"post_excerpt_stackable_v2":"<p>Le s\u00e9jour multi-activit\u00e9s du Coreg \u00e0 Casteljau (07) du 28 septembre au 2 octobre 2023 Le Coreg corse se pr\u00e9sente Participez au s\u00e9jour cyclotouriste du Coreg \u00e0 Bandol du 8 au 15 avril 2023<\/p>\n","category_list_v2":"","author_info_v2":{"name":"Enrico Alberini","url":"https:\/\/centcols.org\/backup\/author\/5065\/"},"comments_num_v2":"0 commentaire","featured_image_src":null,"_links":{"self":[{"href":"https:\/\/centcols.org\/backup\/wp-json\/wp\/v2\/pages\/63892"}],"collection":[{"href":"https:\/\/centcols.org\/backup\/wp-json\/wp\/v2\/pages"}],"about":[{"href":"https:\/\/centcols.org\/backup\/wp-json\/wp\/v2\/types\/page"}],"author":[{"embeddable":true,"href":"https:\/\/centcols.org\/backup\/wp-json\/wp\/v2\/users\/69"}],"replies":[{"embeddable":true,"href":"https:\/\/centcols.org\/backup\/wp-json\/wp\/v2\/comments?post=63892"}],"version-history":[{"count":0,"href":"https:\/\/centcols.org\/backup\/wp-json\/wp\/v2\/pages\/63892\/revisions"}],"wp:attachment":[{"href":"https:\/\/centcols.org\/backup\/wp-json\/wp\/v2\/media?parent=63892"}],"curies":[{"name":"wp","href":"https:\/\/api.w.org\/{rel}","templated":true}]}}

<p>Le <strong><a href="https://centcols.org/backup/sejour-coreg-casteljau/" target="_blank" rel="noreferrer noopener">séjour multi-activités</a></strong> du Coreg à Casteljau (07) du 28 septembre au 2 octobre 2023</p>



<p><a href="https://centcols.org/backup/?page_id=69343">Le Coreg corse se présente</a></p>



<p>Participez au <a href="https://centcols.org/backup/note-pour-gazette-bandol-ffct/">séjour cyclotouriste</a> du Coreg à Bandol du 8 au 15 avril 2023</p>

<p>Le séjour multi-activités du Coreg à Casteljau (07) du 28 septembre au 2 octobre 2023 Le Coreg corse se présente Participez au séjour cyclotouriste du Coreg à Bandol du 8 au 15 avril 2023</p>
