{"id":63896,"date":"2022-07-22T18:26:55","date_gmt":"2022-07-22T16:26:55","guid":{"rendered":"https:\/\/centcols.org\/backup\/?page_id=63896"},"modified":"2023-04-29T12:22:13","modified_gmt":"2023-04-29T10:22:13","slug":"uect","status":"publish","type":"page","link":"https:\/\/centcols.org\/backup\/uect\/","title":{"rendered":"UECT"},"content":{"rendered":"\n<h3 class=\"wp-block-heading\">Les Semaines Europ\u00e9ennes <\/h3>\n\n\n\n<p>La <a href=\"https:\/\/centcols.org\/backup\/wp-content\/uploads\/2023\/04\/Cyclotourisme-FFCT-Plasencia.pdf\" target=\"_blank\" rel=\"noreferrer noopener\">pr\u00e9sentation de la 17\u00e8me Semaine Europ\u00e9enne de Plasencia<\/a> dans la revue Cyclotourisme de FFv\u00e9lo<\/p>\n\n\n\n<p class=\"has-normal-font-size\"><a href=\"https:\/\/centcols.org\/backup\/semaine-europeenne-a-plasencia-espagne-1er-au-8-juillet-2023\/\">La Semaine Europ\u00e9enne 2023 \u00e0 Plasencia (Espagne)<\/a><\/p>\n","protected":false},"excerpt":{"rendered":"<p>Les Semaines Europ\u00e9ennes La pr\u00e9sentation de la 17\u00e8me Semaine Europ\u00e9enne de Plasencia dans la revue Cyclotourisme de FFv\u00e9lo La Semaine Europ\u00e9enne 2023 \u00e0 Plasencia (Espagne)<\/p>\n","protected":false},"author":69,"featured_media":0,"parent":0,"menu_order":0,"comment_status":"closed","ping_status":"closed","template":"","meta":{"_acf_changed":false,"ub_ctt_via":"","_monsterinsights_skip_tracking":false,"_monsterinsights_sitenote_active":false,"_monsterinsights_sitenote_note":"","_monsterinsights_sitenote_category":0,"footnotes":""},"acf":[],"featured_image_urls":{"full":"","thumbnail":"","medium":"","medium_large":"","large":"","1536x1536":"","2048x2048":"","woocommerce_thumbnail":"","woocommerce_single":"","woocommerce_gallery_thumbnail":""},"post_excerpt_stackable":"<p>Les Semaines Europ\u00e9ennes La pr\u00e9sentation de la 17\u00e8me Semaine Europ\u00e9enne de Plasencia dans la revue Cyclotourisme de FFv\u00e9lo La Semaine Europ\u00e9enne 2023 \u00e0 Plasencia (Espagne)<\/p>\n","category_list":"","author_info":{"name":"Enrico Alberini","url":"https:\/\/centcols.org\/backup\/author\/5065\/"},"comments_num":"0 commentaire","featured_image_urls_v2":{"full":"","thumbnail":"","medium":"","medium_large":"","large":"","1536x1536":"","2048x2048":"","woocommerce_thumbnail":"","woocommerce_single":"","woocommerce_gallery_thumbnail":""},"post_excerpt_stackable_v2":"<p>Les Semaines Europ\u00e9ennes La pr\u00e9sentation de la 17\u00e8me Semaine Europ\u00e9enne de Plasencia dans la revue Cyclotourisme de FFv\u00e9lo La Semaine Europ\u00e9enne 2023 \u00e0 Plasencia (Espagne)<\/p>\n","category_list_v2":"","author_info_v2":{"name":"Enrico Alberini","url":"https:\/\/centcols.org\/backup\/author\/5065\/"},"comments_num_v2":"0 commentaire","featured_image_src":null,"_links":{"self":[{"href":"https:\/\/centcols.org\/backup\/wp-json\/wp\/v2\/pages\/63896"}],"collection":[{"href":"https:\/\/centcols.org\/backup\/wp-json\/wp\/v2\/pages"}],"about":[{"href":"https:\/\/centcols.org\/backup\/wp-json\/wp\/v2\/types\/page"}],"author":[{"embeddable":true,"href":"https:\/\/centcols.org\/backup\/wp-json\/wp\/v2\/users\/69"}],"replies":[{"embeddable":true,"href":"https:\/\/centcols.org\/backup\/wp-json\/wp\/v2\/comments?post=63896"}],"version-history":[{"count":0,"href":"https:\/\/centcols.org\/backup\/wp-json\/wp\/v2\/pages\/63896\/revisions"}],"wp:attachment":[{"href":"https:\/\/centcols.org\/backup\/wp-json\/wp\/v2\/media?parent=63896"}],"curies":[{"name":"wp","href":"https:\/\/api.w.org\/{rel}","templated":true}]}}

<h3 class="wp-block-heading">Les Semaines Européennes </h3>



<p>La <a href="https://centcols.org/backup/wp-content/uploads/2023/04/Cyclotourisme-FFCT-Plasencia.pdf" target="_blank" rel="noreferrer noopener">présentation de la 17ème Semaine Européenne de Plasencia</a> dans la revue Cyclotourisme de FFvélo</p>



<p class="has-normal-font-size"><a href="https://centcols.org/backup/semaine-europeenne-a-plasencia-espagne-1er-au-8-juillet-2023/">La Semaine Européenne 2023 à Plasencia (Espagne)</a></p>

<p>Les Semaines Européennes La présentation de la 17ème Semaine Européenne de Plasencia dans la revue Cyclotourisme de FFvélo La Semaine Européenne 2023 à Plasencia (Espagne)</p>
