{"id":63904,"date":"2022-07-22T18:33:22","date_gmt":"2022-07-22T16:33:22","guid":{"rendered":"https:\/\/centcols.org\/backup\/?page_id=63904"},"modified":"2023-06-05T22:49:31","modified_gmt":"2023-06-05T20:49:31","slug":"les-femmes-par-les-femmes-pour-les-femmes","status":"publish","type":"page","link":"https:\/\/centcols.org\/backup\/les-femmes-par-les-femmes-pour-les-femmes\/","title":{"rendered":"Les femmes, par les femmes, pour les femmes"},"content":{"rendered":"\n<p><a href=\"https:\/\/centcols.org\/backup\/feminines-action\/\" target=\"_blank\" rel=\"noopener\" title=\"\">Des f\u00e9minines dans l&#8217;action<\/a><\/p>\n\n\n\n<p><a href=\"https:\/\/centcols.org\/backup\/en\/mixite-et-parite-les-femmes-au-sein-des-structures-associatives\/\" target=\"_blank\" rel=\"noopener\" title=\"\">Mixit\u00e9 et parit\u00e9, les femmes au sein des structures associatives<\/a><\/p>\n\n\n\n<p><a href=\"https:\/\/centcols.org\/backup\/candidates\/\" target=\"_blank\" rel=\"noopener\" title=\"\">Candidates<\/a><\/p>\n\n\n\n<p><a href=\"https:\/\/centcols.org\/backup\/club-des-cent-cols-article-femmes-1\/\" target=\"_blank\" rel=\"noopener\" title=\"\">Les femmes par les femmes<\/a><\/p>\n","protected":false},"excerpt":{"rendered":"<p>Des f\u00e9minines dans l&#8217;action Mixit\u00e9 et parit\u00e9, les femmes au sein des structures associatives Candidates Les femmes par les femmes<\/p>\n","protected":false},"author":69,"featured_media":0,"parent":0,"menu_order":0,"comment_status":"closed","ping_status":"closed","template":"","meta":{"_acf_changed":false,"ub_ctt_via":"","_monsterinsights_skip_tracking":false,"_monsterinsights_sitenote_active":false,"_monsterinsights_sitenote_note":"","_monsterinsights_sitenote_category":0,"footnotes":""},"acf":[],"featured_image_urls":{"full":"","thumbnail":"","medium":"","medium_large":"","large":"","1536x1536":"","2048x2048":"","woocommerce_thumbnail":"","woocommerce_single":"","woocommerce_gallery_thumbnail":""},"post_excerpt_stackable":"<p>Des f\u00e9minines dans l&#8217;action Mixit\u00e9 et parit\u00e9, les femmes au sein des structures associatives Candidates Les femmes par les femmes<\/p>\n","category_list":"","author_info":{"name":"Enrico Alberini","url":"https:\/\/centcols.org\/backup\/author\/5065\/"},"comments_num":"0 commentaire","featured_image_urls_v2":{"full":"","thumbnail":"","medium":"","medium_large":"","large":"","1536x1536":"","2048x2048":"","woocommerce_thumbnail":"","woocommerce_single":"","woocommerce_gallery_thumbnail":""},"post_excerpt_stackable_v2":"<p>Des f\u00e9minines dans l&#8217;action Mixit\u00e9 et parit\u00e9, les femmes au sein des structures associatives Candidates Les femmes par les femmes<\/p>\n","category_list_v2":"","author_info_v2":{"name":"Enrico Alberini","url":"https:\/\/centcols.org\/backup\/author\/5065\/"},"comments_num_v2":"0 commentaire","featured_image_src":null,"_links":{"self":[{"href":"https:\/\/centcols.org\/backup\/wp-json\/wp\/v2\/pages\/63904"}],"collection":[{"href":"https:\/\/centcols.org\/backup\/wp-json\/wp\/v2\/pages"}],"about":[{"href":"https:\/\/centcols.org\/backup\/wp-json\/wp\/v2\/types\/page"}],"author":[{"embeddable":true,"href":"https:\/\/centcols.org\/backup\/wp-json\/wp\/v2\/users\/69"}],"replies":[{"embeddable":true,"href":"https:\/\/centcols.org\/backup\/wp-json\/wp\/v2\/comments?post=63904"}],"version-history":[{"count":0,"href":"https:\/\/centcols.org\/backup\/wp-json\/wp\/v2\/pages\/63904\/revisions"}],"wp:attachment":[{"href":"https:\/\/centcols.org\/backup\/wp-json\/wp\/v2\/media?parent=63904"}],"curies":[{"name":"wp","href":"https:\/\/api.w.org\/{rel}","templated":true}]}}

<p><a href="https://centcols.org/backup/feminines-action/" target="_blank" rel="noopener" title="">Des féminines dans l&#8217;action</a></p>



<p><a href="https://centcols.org/backup/en/mixite-et-parite-les-femmes-au-sein-des-structures-associatives/" target="_blank" rel="noopener" title="">Mixité et parité, les femmes au sein des structures associatives</a></p>



<p><a href="https://centcols.org/backup/candidates/" target="_blank" rel="noopener" title="">Candidates</a></p>



<p><a href="https://centcols.org/backup/club-des-cent-cols-article-femmes-1/" target="_blank" rel="noopener" title="">Les femmes par les femmes</a></p>

<p>Des féminines dans l&#8217;action Mixité et parité, les femmes au sein des structures associatives Candidates Les femmes par les femmes</p>
