{"id":69290,"date":"2022-12-22T11:57:32","date_gmt":"2022-12-22T10:57:32","guid":{"rendered":"https:\/\/centcols.org\/backup\/?page_id=69290"},"modified":"2023-05-19T11:34:27","modified_gmt":"2023-05-19T09:34:27","slug":"lours","status":"publish","type":"page","link":"https:\/\/centcols.org\/backup\/lours\/","title":{"rendered":"L&#8217;Ours"},"content":{"rendered":"\n<p class=\"has-medium-font-size\">Wikipedia en donne la d\u00e9finition : cf&nbsp;<a href=\"https:\/\/fr.wikipedia.org\/wiki\/Ours_(imprimerie)#:~:text=Dans%20l'%C3%A9dition%2C%20l',la%20fin%20d'un%20imprim%C3%A9.\">L&#8217;Ours dans Wikipedia<\/a><\/p>\n\n\n\n<p class=\"has-medium-font-size\" id=\"block-dbe0c735-c54b-4585-a765-250f6768990e\">Autrement dit, c&#8217;est la liste des intervenants ayant particip\u00e9 \u00e0 la r\u00e9daction et la publication de pages mises en avant par la Gazette.<\/p>\n\n\n\n<p class=\"has-medium-font-size\">Ils sont class\u00e9s ici par ordre ant\u00e9chronologique.<\/p>\n\n\n\n<figure class=\"wp-block-table aligncenter is-style-stripes\"><table class=\"has-subtle-pale-green-background-color has-fixed-layout has-background\"><thead><tr><th class=\"has-text-align-left\" data-align=\"left\">Auteur<\/th><th class=\"has-text-align-left\" data-align=\"left\">Texte<\/th><th class=\"has-text-align-left\" data-align=\"left\">Rubriques<\/th><\/tr><\/thead><tbody><tr><td class=\"has-text-align-left\" data-align=\"left\">Gerard Galland<\/td><td class=\"has-text-align-left\" data-align=\"left\">Les cols des Alpes qui furent frontaliers&#8230; et ceux qui le sont devenus<\/td><td class=\"has-text-align-left\" data-align=\"left\">A lire, \u00e0 voir \/ Documentaires<\/td><\/tr><tr><td class=\"has-text-align-left\" data-align=\"left\">Jean-Marie Gilouin<\/td><td class=\"has-text-align-left\" data-align=\"left\">La Cyclomontagnarde du Vercors<\/td><td class=\"has-text-align-left\" data-align=\"left\">A la Une<\/td><\/tr><tr><td class=\"has-text-align-left\" data-align=\"left\">Christophe Badonnel<\/td><td class=\"has-text-align-left\" data-align=\"left\">La Cyclomontagnarde des Vosges du Sud<br>Donne tes km pour l&#8217;autisme<\/td><td class=\"has-text-align-left\" data-align=\"left\">A la Une<br>Solidarit\u00e9<\/td><\/tr><tr><td class=\"has-text-align-left\" data-align=\"left\">Herv\u00e9 Reti\u00e8re<\/td><td class=\"has-text-align-left\" data-align=\"left\">Les licences FFCT<\/td><td class=\"has-text-align-left\" data-align=\"left\">Les F\u00e9d\u00e9s \/ FFCT<\/td><\/tr><tr><td class=\"has-text-align-left\" data-align=\"left\">Patrice Godard<\/td><td class=\"has-text-align-left\" data-align=\"left\">La Semaine Europ\u00e9enne 2023 de Plasencia (Espagne)<\/td><td class=\"has-text-align-left\" data-align=\"left\">Les F\u00e9d\u00e9s \/ UECT<\/td><\/tr><tr><td class=\"has-text-align-left\" data-align=\"left\">Pierre Mai<\/td><td class=\"has-text-align-left\" data-align=\"left\">La fondue de Vevey<\/td><td class=\"has-text-align-left\" data-align=\"left\">Activit\u00e9s des membres<\/td><\/tr><tr><td class=\"has-text-align-left\" data-align=\"left\">Graham Cutting<\/td><td class=\"has-text-align-left\" data-align=\"left\">Les catalogues \u00e9voluent en temps r\u00e9el<\/td><td class=\"has-text-align-left\" data-align=\"left\">Le site, quoi de neuf ?<\/td><\/tr><tr><td class=\"has-text-align-left\" data-align=\"left\">G\u00e9rard Birelli<\/td><td class=\"has-text-align-left\" data-align=\"left\">Openrunner : <br>Exporter sa liste de cols<\/td><td class=\"has-text-align-left\" data-align=\"left\">Partenariats<br>Quoi de neuf sur le site<br>Trucs et trocs \/ Bo\u00eetes \u00e0 outils \/ modes d&#8217;emploi<\/td><\/tr><tr><td class=\"has-text-align-left\" data-align=\"left\">Jean-Marc Lef\u00e8vre<br>Didier R\u00e9mond<br>Henri Dusseau<\/td><td class=\"has-text-align-left\" data-align=\"left\">D\u00e9c\u00e8s de Christian G\u00e9rard<\/td><td class=\"has-text-align-left\" data-align=\"left\">Ils nous ont quitt\u00e9s<\/td><\/tr><tr><td class=\"has-text-align-left\" data-align=\"left\">Reine et Jean Llacer<\/td><td class=\"has-text-align-left\" data-align=\"left\">D\u00e9c\u00e8s de Paul Fabre<\/td><td class=\"has-text-align-left\" data-align=\"left\">Ils nous ont quitt\u00e9s<\/td><\/tr><tr><td class=\"has-text-align-left\" data-align=\"left\">Enrico Alberini<br>Thierry Labour<\/td><td class=\"has-text-align-left\" data-align=\"left\">D\u00e9c\u00e8s de Constant Van Watershoot<\/td><td class=\"has-text-align-left\" data-align=\"left\">Ils nous ont quitt\u00e9s<\/td><\/tr><tr><td class=\"has-text-align-left\" data-align=\"left\">Claude et Michel Rabuteau<br>Alain Brault<br>Guy Harl\u00e9<br>Max Tissot<br>Philippe Fee<br>Guy Chaurin<br>Bernard Chinal<br>Alain Schoebel<br>Marie-Th\u00e9r\u00e8se Frumy<\/td><td class=\"has-text-align-left\" data-align=\"left\">D\u00e9c\u00e8s de Michel Minard<\/td><td class=\"has-text-align-left\" data-align=\"left\">Ils nous ont quitt\u00e9s<\/td><\/tr><tr><td class=\"has-text-align-left\" data-align=\"left\">Guy Harl\u00e9<\/td><td class=\"has-text-align-left\" data-align=\"left\">D\u00e9c\u00e8s de Guy Fignon<\/td><td class=\"has-text-align-left\" data-align=\"left\">Ils nous ont quitt\u00e9s<\/td><\/tr><tr><td class=\"has-text-align-left\" data-align=\"left\">Claude et Francine Mabillot<\/td><td class=\"has-text-align-left\" data-align=\"left\">Rencontre Auvergne<\/td><td class=\"has-text-align-left\" data-align=\"left\">Activit\u00e9s des membres<\/td><\/tr><tr><td class=\"has-text-align-left\" data-align=\"left\">Fran\u00e7oise Valluche<\/td><td class=\"has-text-align-left\" data-align=\"left\">Mixit\u00e9 et parit\u00e9, les femmes au sein des structures associatives<br>Candidates !<br>Les femmes par les femmes<\/td><td class=\"has-text-align-left\" data-align=\"left\">Les femmes, <br>par les femmes, <br>pour les femmes<\/td><\/tr><tr><td class=\"has-text-align-left\" data-align=\"left\">Pierre Mai et Christian Binggeli<\/td><td class=\"has-text-align-left\" data-align=\"left\">Rencontres suisses 2022<\/td><td class=\"has-text-align-left\" data-align=\"left\">Activit\u00e9s des membres<\/td><\/tr><tr><td class=\"has-text-align-left\" data-align=\"left\">Gerald Cowham<\/td><td class=\"has-text-align-left\" data-align=\"left\">La Saga du Parpaillon<\/td><td class=\"has-text-align-left\" data-align=\"left\">Lire, relire, voir, revoir<\/td><\/tr><tr><td class=\"has-text-align-left\" data-align=\"left\">Fred Singla<\/td><td class=\"has-text-align-left\" data-align=\"left\">La Bernardini<\/td><td class=\"has-text-align-left\" data-align=\"left\">Activit\u00e9s des membres<\/td><\/tr><tr><td class=\"has-text-align-left\" data-align=\"left\">Bernard Henry et Jean-Fran\u00e7ois Piccirillo<\/td><td class=\"has-text-align-left\" data-align=\"left\">Rencontre r\u00e9gionale Alpes du Sud<\/td><td class=\"has-text-align-left\" data-align=\"left\">Activit\u00e9s des membres<\/td><\/tr><tr><td class=\"has-text-align-left\" data-align=\"left\">Alain Gillodes<\/td><td class=\"has-text-align-left\" data-align=\"left\">Rencontre r\u00e9gionale dans les Pyr\u00e9n\u00e9es<\/td><td class=\"has-text-align-left\" data-align=\"left\">Activit\u00e9s des membres<\/td><\/tr><tr><td class=\"has-text-align-left\" data-align=\"left\">Herv\u00e9 Reti\u00e8re<\/td><td class=\"has-text-align-left\" data-align=\"left\">83<sup>\u00e8me<\/sup> semaine f\u00e9d\u00e9rale FFCT<\/td><td class=\"has-text-align-left\" data-align=\"left\">Activit\u00e9s des membres<\/td><\/tr><tr><td class=\"has-text-align-left\" data-align=\"left\">Denis Mathieu<\/td><td class=\"has-text-align-left\" data-align=\"left\">Rencontre r\u00e9gionale Grand Est<\/td><td class=\"has-text-align-left\" data-align=\"left\">Activit\u00e9s des membres<\/td><\/tr><tr><td class=\"has-text-align-left\" data-align=\"left\">Christain Vailloud<\/td><td class=\"has-text-align-left\" data-align=\"left\">D\u00e9c\u00e8s de Mireille F\u00e9vrier<\/td><td class=\"has-text-align-left\" data-align=\"left\">Ils nous ont quitt\u00e9s<\/td><\/tr><tr><td class=\"has-text-align-left\" data-align=\"left\">Henk Leroy<\/td><td class=\"has-text-align-left\" data-align=\"left\">Rencontre Nationale en Belgique<\/td><td class=\"has-text-align-left\" data-align=\"left\">Activit\u00e9s des membres<\/td><\/tr><tr><td class=\"has-text-align-left\" data-align=\"left\">Jo\u00eblle Mingat<br>Gerald Cowham<br>Ludger Vorberg<br>Henk Leroy<br>Laurent Tahcuac<br>Enrico Alberini<\/td><td class=\"has-text-align-left\" data-align=\"left\">La traductrice et les traducteurs r\u00e9guli\u00e8rement mobilis\u00e9s par le club pour le site<\/td><td class=\"has-text-align-left\" data-align=\"left\"><\/td><\/tr><tr><td class=\"has-text-align-left\" data-align=\"left\">Bernard Giraudeau<br>Denis Chouquet-Stringer<\/td><td class=\"has-text-align-left\" data-align=\"left\">Les autres textes<\/td><td class=\"has-text-align-left\" data-align=\"left\"><\/td><\/tr><\/tbody><\/table><\/figure>\n","protected":false},"excerpt":{"rendered":"<p>Wikipedia en donne la d\u00e9finition : cf&nbsp;L&#8217;Ours dans Wikipedia Autrement dit, c&#8217;est la liste des intervenants ayant particip\u00e9 \u00e0 la r\u00e9daction et la publication de pages mises en avant par la Gazette. Ils sont class\u00e9s ici par ordre ant\u00e9chronologique. Auteur Texte Rubriques Gerard Galland Les cols des Alpes qui furent frontaliers&#8230; et ceux qui le [&hellip;]<\/p>\n","protected":false},"author":397,"featured_media":0,"parent":0,"menu_order":0,"comment_status":"closed","ping_status":"closed","template":"","meta":{"_acf_changed":false,"ub_ctt_via":"","_monsterinsights_skip_tracking":false,"_monsterinsights_sitenote_active":false,"_monsterinsights_sitenote_note":"","_monsterinsights_sitenote_category":0,"footnotes":""},"acf":[],"featured_image_urls":{"full":"","thumbnail":"","medium":"","medium_large":"","large":"","1536x1536":"","2048x2048":"","woocommerce_thumbnail":"","woocommerce_single":"","woocommerce_gallery_thumbnail":""},"post_excerpt_stackable":"<p>Wikipedia en donne la d\u00e9finition : cf&nbsp;L&#8217;Ours dans Wikipedia Autrement dit, c&#8217;est la liste des intervenants ayant particip\u00e9 \u00e0 la r\u00e9daction et la publication de pages mises en avant par la Gazette. Ils sont class\u00e9s ici par ordre ant\u00e9chronologique. AuteurTexteRubriquesGerard GallandLes cols des Alpes qui furent frontaliers&#8230; et ceux qui le sont devenusA lire, \u00e0 voir \/ DocumentairesJean-Marie GilouinLa Cyclomontagnarde du VercorsA la UneChristophe BadonnelLa Cyclomontagnarde des Vosges du SudDonne tes km pour l&#8217;autismeA la UneSolidarit\u00e9Herv\u00e9 Reti\u00e8reLes licences FFCTLes F\u00e9d\u00e9s \/ FFCTPatrice GodardLa Semaine Europ\u00e9enne 2023 de Plasencia (Espagne)Les F\u00e9d\u00e9s \/ UECTPierre MaiLa fondue de VeveyActivit\u00e9s des membresGraham CuttingLes catalogues\u2026<\/p>\n","category_list":"","author_info":{"name":"Denis Chouquet-Stringer","url":"https:\/\/centcols.org\/backup\/author\/6183\/"},"comments_num":"0 commentaire","featured_image_urls_v2":{"full":"","thumbnail":"","medium":"","medium_large":"","large":"","1536x1536":"","2048x2048":"","woocommerce_thumbnail":"","woocommerce_single":"","woocommerce_gallery_thumbnail":""},"post_excerpt_stackable_v2":"<p>Wikipedia en donne la d\u00e9finition : cf&nbsp;L&#8217;Ours dans Wikipedia Autrement dit, c&#8217;est la liste des intervenants ayant particip\u00e9 \u00e0 la r\u00e9daction et la publication de pages mises en avant par la Gazette. Ils sont class\u00e9s ici par ordre ant\u00e9chronologique. AuteurTexteRubriquesGerard GallandLes cols des Alpes qui furent frontaliers&#8230; et ceux qui le sont devenusA lire, \u00e0 voir \/ DocumentairesJean-Marie GilouinLa Cyclomontagnarde du VercorsA la UneChristophe BadonnelLa Cyclomontagnarde des Vosges du SudDonne tes km pour l&#8217;autismeA la UneSolidarit\u00e9Herv\u00e9 Reti\u00e8reLes licences FFCTLes F\u00e9d\u00e9s \/ FFCTPatrice GodardLa Semaine Europ\u00e9enne 2023 de Plasencia (Espagne)Les F\u00e9d\u00e9s \/ UECTPierre MaiLa fondue de VeveyActivit\u00e9s des membresGraham CuttingLes catalogues\u2026<\/p>\n","category_list_v2":"","author_info_v2":{"name":"Denis Chouquet-Stringer","url":"https:\/\/centcols.org\/backup\/author\/6183\/"},"comments_num_v2":"0 commentaire","featured_image_src":null,"_links":{"self":[{"href":"https:\/\/centcols.org\/backup\/wp-json\/wp\/v2\/pages\/69290"}],"collection":[{"href":"https:\/\/centcols.org\/backup\/wp-json\/wp\/v2\/pages"}],"about":[{"href":"https:\/\/centcols.org\/backup\/wp-json\/wp\/v2\/types\/page"}],"author":[{"embeddable":true,"href":"https:\/\/centcols.org\/backup\/wp-json\/wp\/v2\/users\/397"}],"replies":[{"embeddable":true,"href":"https:\/\/centcols.org\/backup\/wp-json\/wp\/v2\/comments?post=69290"}],"version-history":[{"count":0,"href":"https:\/\/centcols.org\/backup\/wp-json\/wp\/v2\/pages\/69290\/revisions"}],"wp:attachment":[{"href":"https:\/\/centcols.org\/backup\/wp-json\/wp\/v2\/media?parent=69290"}],"curies":[{"name":"wp","href":"https:\/\/api.w.org\/{rel}","templated":true}]}}

<p class="has-medium-font-size">Wikipedia en donne la définition : cf&nbsp;<a href="https://fr.wikipedia.org/wiki/Ours_(imprimerie)#:~:text=Dans%20l'%C3%A9dition%2C%20l',la%20fin%20d'un%20imprim%C3%A9.">L&#8217;Ours dans Wikipedia</a></p>



<p class="has-medium-font-size" id="block-dbe0c735-c54b-4585-a765-250f6768990e">Autrement dit, c&#8217;est la liste des intervenants ayant participé à la rédaction et la publication de pages mises en avant par la Gazette.</p>



<p class="has-medium-font-size">Ils sont classés ici par ordre antéchronologique.</p>



<figure class="wp-block-table aligncenter is-style-stripes"><table class="has-subtle-pale-green-background-color has-fixed-layout has-background"><thead><tr><th class="has-text-align-left" data-align="left">Auteur</th><th class="has-text-align-left" data-align="left">Texte</th><th class="has-text-align-left" data-align="left">Rubriques</th></tr></thead><tbody><tr><td class="has-text-align-left" data-align="left">Gerard Galland</td><td class="has-text-align-left" data-align="left">Les cols des Alpes qui furent frontaliers&#8230; et ceux qui le sont devenus</td><td class="has-text-align-left" data-align="left">A lire, à voir / Documentaires</td></tr><tr><td class="has-text-align-left" data-align="left">Jean-Marie Gilouin</td><td class="has-text-align-left" data-align="left">La Cyclomontagnarde du Vercors</td><td class="has-text-align-left" data-align="left">A la Une</td></tr><tr><td class="has-text-align-left" data-align="left">Christophe Badonnel</td><td class="has-text-align-left" data-align="left">La Cyclomontagnarde des Vosges du Sud<br>Donne tes km pour l&#8217;autisme</td><td class="has-text-align-left" data-align="left">A la Une<br>Solidarité</td></tr><tr><td class="has-text-align-left" data-align="left">Hervé Retière</td><td class="has-text-align-left" data-align="left">Les licences FFCT</td><td class="has-text-align-left" data-align="left">Les Fédés / FFCT</td></tr><tr><td class="has-text-align-left" data-align="left">Patrice Godard</td><td class="has-text-align-left" data-align="left">La Semaine Européenne 2023 de Plasencia (Espagne)</td><td class="has-text-align-left" data-align="left">Les Fédés / UECT</td></tr><tr><td class="has-text-align-left" data-align="left">Pierre Mai</td><td class="has-text-align-left" data-align="left">La fondue de Vevey</td><td class="has-text-align-left" data-align="left">Activités des membres</td></tr><tr><td class="has-text-align-left" data-align="left">Graham Cutting</td><td class="has-text-align-left" data-align="left">Les catalogues évoluent en temps réel</td><td class="has-text-align-left" data-align="left">Le site, quoi de neuf ?</td></tr><tr><td class="has-text-align-left" data-align="left">Gérard Birelli</td><td class="has-text-align-left" data-align="left">Openrunner : <br>Exporter sa liste de cols</td><td class="has-text-align-left" data-align="left">Partenariats<br>Quoi de neuf sur le site<br>Trucs et trocs / Boîtes à outils / modes d&#8217;emploi</td></tr><tr><td class="has-text-align-left" data-align="left">Jean-Marc Lefèvre<br>Didier Rémond<br>Henri Dusseau</td><td class="has-text-align-left" data-align="left">Décès de Christian Gérard</td><td class="has-text-align-left" data-align="left">Ils nous ont quittés</td></tr><tr><td class="has-text-align-left" data-align="left">Reine et Jean Llacer</td><td class="has-text-align-left" data-align="left">Décès de Paul Fabre</td><td class="has-text-align-left" data-align="left">Ils nous ont quittés</td></tr><tr><td class="has-text-align-left" data-align="left">Enrico Alberini<br>Thierry Labour</td><td class="has-text-align-left" data-align="left">Décès de Constant Van Watershoot</td><td class="has-text-align-left" data-align="left">Ils nous ont quittés</td></tr><tr><td class="has-text-align-left" data-align="left">Claude et Michel Rabuteau<br>Alain Brault<br>Guy Harlé<br>Max Tissot<br>Philippe Fee<br>Guy Chaurin<br>Bernard Chinal<br>Alain Schoebel<br>Marie-Thérèse Frumy</td><td class="has-text-align-left" data-align="left">Décès de Michel Minard</td><td class="has-text-align-left" data-align="left">Ils nous ont quittés</td></tr><tr><td class="has-text-align-left" data-align="left">Guy Harlé</td><td class="has-text-align-left" data-align="left">Décès de Guy Fignon</td><td class="has-text-align-left" data-align="left">Ils nous ont quittés</td></tr><tr><td class="has-text-align-left" data-align="left">Claude et Francine Mabillot</td><td class="has-text-align-left" data-align="left">Rencontre Auvergne</td><td class="has-text-align-left" data-align="left">Activités des membres</td></tr><tr><td class="has-text-align-left" data-align="left">Françoise Valluche</td><td class="has-text-align-left" data-align="left">Mixité et parité, les femmes au sein des structures associatives<br>Candidates !<br>Les femmes par les femmes</td><td class="has-text-align-left" data-align="left">Les femmes, <br>par les femmes, <br>pour les femmes</td></tr><tr><td class="has-text-align-left" data-align="left">Pierre Mai et Christian Binggeli</td><td class="has-text-align-left" data-align="left">Rencontres suisses 2022</td><td class="has-text-align-left" data-align="left">Activités des membres</td></tr><tr><td class="has-text-align-left" data-align="left">Gerald Cowham</td><td class="has-text-align-left" data-align="left">La Saga du Parpaillon</td><td class="has-text-align-left" data-align="left">Lire, relire, voir, revoir</td></tr><tr><td class="has-text-align-left" data-align="left">Fred Singla</td><td class="has-text-align-left" data-align="left">La Bernardini</td><td class="has-text-align-left" data-align="left">Activités des membres</td></tr><tr><td class="has-text-align-left" data-align="left">Bernard Henry et Jean-François Piccirillo</td><td class="has-text-align-left" data-align="left">Rencontre régionale Alpes du Sud</td><td class="has-text-align-left" data-align="left">Activités des membres</td></tr><tr><td class="has-text-align-left" data-align="left">Alain Gillodes</td><td class="has-text-align-left" data-align="left">Rencontre régionale dans les Pyrénées</td><td class="has-text-align-left" data-align="left">Activités des membres</td></tr><tr><td class="has-text-align-left" data-align="left">Hervé Retière</td><td class="has-text-align-left" data-align="left">83<sup>ème</sup> semaine fédérale FFCT</td><td class="has-text-align-left" data-align="left">Activités des membres</td></tr><tr><td class="has-text-align-left" data-align="left">Denis Mathieu</td><td class="has-text-align-left" data-align="left">Rencontre régionale Grand Est</td><td class="has-text-align-left" data-align="left">Activités des membres</td></tr><tr><td class="has-text-align-left" data-align="left">Christain Vailloud</td><td class="has-text-align-left" data-align="left">Décès de Mireille Février</td><td class="has-text-align-left" data-align="left">Ils nous ont quittés</td></tr><tr><td class="has-text-align-left" data-align="left">Henk Leroy</td><td class="has-text-align-left" data-align="left">Rencontre Nationale en Belgique</td><td class="has-text-align-left" data-align="left">Activités des membres</td></tr><tr><td class="has-text-align-left" data-align="left">Joëlle Mingat<br>Gerald Cowham<br>Ludger Vorberg<br>Henk Leroy<br>Laurent Tahcuac<br>Enrico Alberini</td><td class="has-text-align-left" data-align="left">La traductrice et les traducteurs régulièrement mobilisés par le club pour le site</td><td class="has-text-align-left" data-align="left"></td></tr><tr><td class="has-text-align-left" data-align="left">Bernard Giraudeau<br>Denis Chouquet-Stringer</td><td class="has-text-align-left" data-align="left">Les autres textes</td><td class="has-text-align-left" data-align="left"></td></tr></tbody></table></figure>

<p>Wikipedia en donne la définition : cf&nbsp;L&#8217;Ours dans Wikipedia Autrement dit, c&#8217;est la liste des intervenants ayant participé à la rédaction et la publication de pages mises en avant par la Gazette. Ils sont classés ici par ordre antéchronologique. Auteur Texte Rubriques Gerard Galland Les cols des Alpes qui furent frontaliers&#8230; et ceux qui le [&hellip;]</p>

<p>Wikipedia en donne la définition : cf&nbsp;L&#8217;Ours dans Wikipedia Autrement dit, c&#8217;est la liste des intervenants ayant participé à la rédaction et la publication de pages mises en avant par la Gazette. Ils sont classés ici par ordre antéchronologique. AuteurTexteRubriquesGerard GallandLes cols des Alpes qui furent frontaliers&#8230; et ceux qui le sont devenusA lire, à voir / DocumentairesJean-Marie GilouinLa Cyclomontagnarde du VercorsA la UneChristophe BadonnelLa Cyclomontagnarde des Vosges du SudDonne tes km pour l&#8217;autismeA la UneSolidaritéHervé RetièreLes licences FFCTLes Fédés / FFCTPatrice GodardLa Semaine Européenne 2023 de Plasencia (Espagne)Les Fédés / UECTPierre MaiLa fondue de VeveyActivités des membresGraham CuttingLes catalogues…</p>
