{"id":69743,"date":"2023-01-12T20:46:24","date_gmt":"2023-01-12T19:46:24","guid":{"rendered":"https:\/\/centcols.org\/backup\/?page_id=69743"},"modified":"2023-01-13T14:59:42","modified_gmt":"2023-01-13T13:59:42","slug":"exportation-cols-openrunner","status":"publish","type":"page","link":"https:\/\/centcols.org\/backup\/exportation-cols-openrunner\/","title":{"rendered":"Exportation des cols gravis vers un compte OpenRunner"},"content":{"rendered":"\n<p>Tutoriel pr\u00e9par\u00e9 par G\u00e9rard Birelli (CC 5553)<\/p>\n\n\n\n<h2 class=\"wp-block-heading\">Introduction<\/h2>\n\n\n\n<p>Sur le site OpenRunner un collectionneur de cols peut r\u00e9pertorier les cols \u00ab&nbsp;gravis&nbsp;\u00bb et ceux qui sont \u00ab&nbsp;\u00e0 faire&nbsp;\u00bb au fur et \u00e0 mesure qu\u2019il trace un parcours.<\/p>\n\n\n\n<p>Un certain nombre d\u2019utilisateurs d\u2019OpenRunner du Club des Cent Cols a manifest\u00e9 le besoin d\u2019importer un lot de cols voire la totalit\u00e9 des cols qu\u2019ils ont franchi dans leur espace personnel.<\/p>\n\n\n\n<p>La proc\u00e9dure suivante donne le cheminement \u00e0 adopter pour importer une liste de cols en batch.<\/p>\n\n\n\n<h2 class=\"wp-block-heading\">Comment cr\u00e9er un lot de cols d\u00e9j\u00e0 gravis mais non r\u00e9pertori\u00e9s dans OpenRunner&nbsp;?<\/h2>\n\n\n\n<p>Il existe trois possibilit\u00e9s&nbsp;:<\/p>\n\n\n\n<ul><li>Soit manuellement&nbsp;:<\/li><\/ul>\n\n\n\n<p>Dans OpenRunner, Il suffit de cocher dans le pop-up d\u2019un col la case correspondante tout du long du trac\u00e9 d\u2019un parcours.<\/p>\n\n\n\n<p>Dans son espace personnel il y a donc l\u2019ensemble des cols. Une fois le col franchi lors d\u2019un s\u00e9jour, il faut le cocher dans la partie \u00ab&nbsp;Cols \u00e0 faire&nbsp;\u00bb avec une date de r\u00e9alisation et il se trouve dans la colonne \u00ab&nbsp;cols gravis&nbsp;\u00bb avec la date de r\u00e9alisation.<\/p>\n\n\n\n<ul><li>Soit \u00e0 partir d\u2019un fichier issu d\u2019un tableur du type Excel\u00a9 ou OpenOffice\u00a9 ou autre avec le format suivant&nbsp;:<\/li><li>Une colonne avec une ent\u00eate \u00ab&nbsp;Code&nbsp;\u00bb<\/li><li>Une s\u00e9rie de ligne de codes Cent Cols gravis.<\/li><\/ul>\n\n\n\n<p>Le fichier est sauvegard\u00e9 au format <strong>CSV<\/strong> (<em><strong>Comma Separated Values<\/strong><\/em>, ce qui se traduit par <em><strong>Valeurs s\u00e9par\u00e9es par des virgules<\/strong><\/em><em>)<\/em>.<\/p>\n\n\n\n<ul><li>Soit \u00e0 partir du fichier des cols franchis extrait de votre fiche de membres sur le site du Club des Cent Cols.<\/li><\/ul>\n\n\n\n<p>Pour obtenir ce fichier, il y a deux acc\u00e8s possibles actuellement dans l\u2019attente d\u2019un menu d\u00e9di\u00e9.<\/p>\n\n\n\n<p>A l\u2019ouverture de la session sur le site du Club des Cent Cols apr\u00e8s avoir valid\u00e9 l\u2019acc\u00e8s membre, on aboutit \u00e0 sa Fiche de Membre&nbsp;:<\/p>\n\n\n\n<ul><li>Dans sa fiche membre, au menu <strong>Outils pour membres<\/strong><\/li><\/ul>\n\n\n\n<figure class=\"wp-block-image size-large\"><img loading=\"lazy\" decoding=\"async\" width=\"953\" height=\"201\" src=\"https:\/\/centcols.org\/backup\/wp-content\/uploads\/2023\/01\/image.png\" alt=\"\" class=\"wp-image-69745\" srcset=\"https:\/\/centcols.org\/backup\/wp-content\/uploads\/2023\/01\/image.png 953w, https:\/\/centcols.org\/backup\/wp-content\/uploads\/2023\/01\/image-500x105.png 500w, https:\/\/centcols.org\/backup\/wp-content\/uploads\/2023\/01\/image-768x162.png 768w, https:\/\/centcols.org\/backup\/wp-content\/uploads\/2023\/01\/image-600x127.png 600w\" sizes=\"(max-width: 953px) 100vw, 953px\" \/><\/figure>\n\n\n\n<p>Cliquer sur Enregistrer <strong>vos cols<\/strong>. On aboutit sur la page suivante&nbsp;:<\/p>\n\n\n\n<figure class=\"wp-block-image size-large\"><img loading=\"lazy\" decoding=\"async\" width=\"1064\" height=\"240\" src=\"https:\/\/centcols.org\/backup\/wp-content\/uploads\/2023\/01\/image-1.png\" alt=\"\" class=\"wp-image-69751\" srcset=\"https:\/\/centcols.org\/backup\/wp-content\/uploads\/2023\/01\/image-1.png 1064w, https:\/\/centcols.org\/backup\/wp-content\/uploads\/2023\/01\/image-1-500x113.png 500w, https:\/\/centcols.org\/backup\/wp-content\/uploads\/2023\/01\/image-1-768x173.png 768w, https:\/\/centcols.org\/backup\/wp-content\/uploads\/2023\/01\/image-1-600x135.png 600w\" sizes=\"(max-width: 1064px) 100vw, 1064px\" \/><\/figure>\n\n\n\n<ul><li>Aller dans le menu <strong>Cols Faits<\/strong><\/li><\/ul>\n\n\n\n<p>On aboutit sur la page<\/p>\n\n\n\n<figure class=\"wp-block-image size-large\"><img loading=\"lazy\" decoding=\"async\" width=\"953\" height=\"212\" src=\"https:\/\/centcols.org\/backup\/wp-content\/uploads\/2023\/01\/image-2.png\" alt=\"\" class=\"wp-image-69757\" srcset=\"https:\/\/centcols.org\/backup\/wp-content\/uploads\/2023\/01\/image-2.png 953w, https:\/\/centcols.org\/backup\/wp-content\/uploads\/2023\/01\/image-2-500x111.png 500w, https:\/\/centcols.org\/backup\/wp-content\/uploads\/2023\/01\/image-2-768x171.png 768w, https:\/\/centcols.org\/backup\/wp-content\/uploads\/2023\/01\/image-2-600x133.png 600w\" sizes=\"(max-width: 953px) 100vw, 953px\" \/><\/figure>\n\n\n\n<h4 class=\"has-text-align-center has-luminous-vivid-orange-color has-text-color wp-block-heading\">Avant d\u2019extraire ce fichier il faut choisir le statut valide<\/h4>\n\n\n\n<div class=\"wp-block-columns is-layout-flex wp-container-core-columns-is-layout-1 wp-block-columns-is-layout-flex\">\n<div class=\"wp-block-column is-layout-flow wp-block-column-is-layout-flow\" style=\"flex-basis:100%\"><\/div>\n<\/div>\n\n\n\n<h4 class=\"has-kb-palette-3-color has-text-color wp-block-heading\">ATTENTION&nbsp;: le fichier extrait ne comprend que les cols dans les catalogues derni\u00e8re version. Sont donc absents les cols supprim\u00e9s. Ceci est n\u00e9cessaire car la base de donn\u00e9es cols dans OpenRunner est en coh\u00e9rence avec la base de donn\u00e9es cols du Club des cent Cols derni\u00e8re version.<\/h4>\n\n\n\n<p>Pour extraire le fichier de tous les cols enregistr\u00e9s ou partiellement avec un tri sp\u00e9cifi\u00e9, il faut cliquer sur le bouton Excel.<\/p>\n\n\n\n<p>Le fichier t\u00e9l\u00e9charg\u00e9 est au format CSV. Il contient les informations&nbsp;:<\/p>\n\n\n\n<figure class=\"wp-block-image size-large\"><img loading=\"lazy\" decoding=\"async\" width=\"953\" height=\"146\" src=\"https:\/\/centcols.org\/backup\/wp-content\/uploads\/2023\/01\/image-3.png\" alt=\"\" class=\"wp-image-69763\" srcset=\"https:\/\/centcols.org\/backup\/wp-content\/uploads\/2023\/01\/image-3.png 953w, https:\/\/centcols.org\/backup\/wp-content\/uploads\/2023\/01\/image-3-500x77.png 500w, https:\/\/centcols.org\/backup\/wp-content\/uploads\/2023\/01\/image-3-768x118.png 768w, https:\/\/centcols.org\/backup\/wp-content\/uploads\/2023\/01\/image-3-600x92.png 600w\" sizes=\"(max-width: 953px) 100vw, 953px\" \/><\/figure>\n\n\n\n<p>Il est inutile de traiter le fichier pour l\u2019avoir sous cette forme, on peut l\u2019importer directement dans OpenRunner tel qu\u2019il a \u00e9t\u00e9 t\u00e9l\u00e9charg\u00e9.<\/p>\n\n\n\n<h2 class=\"wp-block-heading\">Espace personnel dans Openrunner<\/h2>\n\n\n\n<p>A l\u2019ouverture d\u2019une session OpenRunner<\/p>\n\n\n\n<p>1 Ouvrir OpenRunner&nbsp;;<\/p>\n\n\n\n<p>2 Aller dans &#8220;Mon espace&#8221;&nbsp;;<\/p>\n\n\n\n<p>3 Aller dans l\u2019Onglet &#8220;Club des Cent Cols&#8221;,<\/p>\n\n\n\n<p>4.On notera une premi\u00e8re nouveaut\u00e9.<\/p>\n\n\n\n<p>Dans la page Cent cols on trouve<\/p>\n\n\n\n<figure class=\"wp-block-image size-large\"><img loading=\"lazy\" decoding=\"async\" width=\"949\" height=\"105\" src=\"https:\/\/centcols.org\/backup\/wp-content\/uploads\/2023\/01\/image-4.png\" alt=\"\" class=\"wp-image-69769\" srcset=\"https:\/\/centcols.org\/backup\/wp-content\/uploads\/2023\/01\/image-4.png 949w, https:\/\/centcols.org\/backup\/wp-content\/uploads\/2023\/01\/image-4-500x55.png 500w, https:\/\/centcols.org\/backup\/wp-content\/uploads\/2023\/01\/image-4-768x85.png 768w, https:\/\/centcols.org\/backup\/wp-content\/uploads\/2023\/01\/image-4-600x66.png 600w\" sizes=\"(max-width: 949px) 100vw, 949px\" \/><\/figure>\n\n\n\n<p>Il y a un compteur des cols franchis (total et sup\u00e9rieur \u00e0 2000m) et sur la droite un bouton commandant l\u2019export des cols franchis. Le fichier export\u00e9 est au format CSV.<\/p>\n\n\n\n<p>L\u2019utilisateur a donc la possibilit\u00e9 d\u2019extraire en fin d\u2019ann\u00e9e ou \u00e0 tout moment la liste des cols franchis et la soumettre \u00e0 son d\u00e9l\u00e9gu\u00e9 Territorial.<\/p>\n\n\n\n<h2 class=\"wp-block-heading\">Comment Importer un lot de cols d\u00e9j\u00e0 gravis mais non r\u00e9pertori\u00e9s dans OpenRunner&nbsp;?<\/h2>\n\n\n\n<p>L\u2019importation d\u2019un lot de cols soit \u00e0 partir d\u2019un fichier issu d\u2019un tableur ou de sa fiche de membre comme supra.<\/p>\n\n\n\n<p>Dans la partie Cols Gravis<\/p>\n\n\n\n<figure class=\"wp-block-image size-large\"><img loading=\"lazy\" decoding=\"async\" width=\"953\" height=\"92\" src=\"https:\/\/centcols.org\/backup\/wp-content\/uploads\/2023\/01\/image-5.png\" alt=\"\" class=\"wp-image-69775\" srcset=\"https:\/\/centcols.org\/backup\/wp-content\/uploads\/2023\/01\/image-5.png 953w, https:\/\/centcols.org\/backup\/wp-content\/uploads\/2023\/01\/image-5-500x48.png 500w, https:\/\/centcols.org\/backup\/wp-content\/uploads\/2023\/01\/image-5-768x74.png 768w, https:\/\/centcols.org\/backup\/wp-content\/uploads\/2023\/01\/image-5-600x58.png 600w\" sizes=\"(max-width: 953px) 100vw, 953px\" \/><\/figure>\n\n\n\n<div class=\"wp-block-image\"><figure class=\"aligncenter size-large\"><img loading=\"lazy\" decoding=\"async\" width=\"311\" height=\"129\" src=\"https:\/\/centcols.org\/backup\/wp-content\/uploads\/2023\/01\/image-6.png\" alt=\"\" class=\"wp-image-69781\"\/><\/figure><\/div>\n\n\n\n<p>En cliquant sur le bouton \u00ab&nbsp;Importer des cols gravis&nbsp;\u00bb il suffit de s\u00e9lectionner le fichier \u00e0 importer sur son ordinateur.<\/p>\n\n\n\n<div class=\"wp-block-image\"><figure class=\"aligncenter size-large\"><img loading=\"lazy\" decoding=\"async\" width=\"459\" height=\"284\" src=\"https:\/\/centcols.org\/backup\/wp-content\/uploads\/2023\/01\/image-7.png\" alt=\"\" class=\"wp-image-69787\"\/><\/figure><\/div>\n\n\n\n<p class=\"has-text-align-center\"><\/p>\n","protected":false},"excerpt":{"rendered":"<p>Tutoriel pr\u00e9par\u00e9 par G\u00e9rard Birelli (CC 5553) Introduction Sur le site OpenRunner un collectionneur de cols peut r\u00e9pertorier les cols \u00ab&nbsp;gravis&nbsp;\u00bb et ceux qui sont \u00ab&nbsp;\u00e0 faire&nbsp;\u00bb au fur et \u00e0 mesure qu\u2019il trace un parcours. Un certain nombre d\u2019utilisateurs d\u2019OpenRunner du Club des Cent Cols a manifest\u00e9 le besoin d\u2019importer un lot de cols [&hellip;]<\/p>\n","protected":false},"author":69,"featured_media":0,"parent":0,"menu_order":0,"comment_status":"closed","ping_status":"closed","template":"","meta":{"_acf_changed":false,"ub_ctt_via":"","_monsterinsights_skip_tracking":false,"_monsterinsights_sitenote_active":false,"_monsterinsights_sitenote_note":"","_monsterinsights_sitenote_category":0,"footnotes":""},"acf":[],"featured_image_urls":{"full":"","thumbnail":"","medium":"","medium_large":"","large":"","1536x1536":"","2048x2048":"","woocommerce_thumbnail":"","woocommerce_single":"","woocommerce_gallery_thumbnail":""},"post_excerpt_stackable":"<p>Tutoriel pr\u00e9par\u00e9 par G\u00e9rard Birelli (CC 5553) Introduction Sur le site OpenRunner un collectionneur de cols peut r\u00e9pertorier les cols \u00ab&nbsp;gravis&nbsp;\u00bb et ceux qui sont \u00ab&nbsp;\u00e0 faire&nbsp;\u00bb au fur et \u00e0 mesure qu\u2019il trace un parcours. Un certain nombre d\u2019utilisateurs d\u2019OpenRunner du Club des Cent Cols a manifest\u00e9 le besoin d\u2019importer un lot de cols voire la totalit\u00e9 des cols qu\u2019ils ont franchi dans leur espace personnel. La proc\u00e9dure suivante donne le cheminement \u00e0 adopter pour importer une liste de cols en batch. Comment cr\u00e9er un lot de cols d\u00e9j\u00e0 gravis mais non r\u00e9pertori\u00e9s dans OpenRunner&nbsp;? Il existe trois possibilit\u00e9s&nbsp;:\u2026<\/p>\n","category_list":"","author_info":{"name":"Enrico Alberini","url":"https:\/\/centcols.org\/backup\/author\/5065\/"},"comments_num":"0 commentaire","featured_image_urls_v2":{"full":"","thumbnail":"","medium":"","medium_large":"","large":"","1536x1536":"","2048x2048":"","woocommerce_thumbnail":"","woocommerce_single":"","woocommerce_gallery_thumbnail":""},"post_excerpt_stackable_v2":"<p>Tutoriel pr\u00e9par\u00e9 par G\u00e9rard Birelli (CC 5553) Introduction Sur le site OpenRunner un collectionneur de cols peut r\u00e9pertorier les cols \u00ab&nbsp;gravis&nbsp;\u00bb et ceux qui sont \u00ab&nbsp;\u00e0 faire&nbsp;\u00bb au fur et \u00e0 mesure qu\u2019il trace un parcours. Un certain nombre d\u2019utilisateurs d\u2019OpenRunner du Club des Cent Cols a manifest\u00e9 le besoin d\u2019importer un lot de cols voire la totalit\u00e9 des cols qu\u2019ils ont franchi dans leur espace personnel. La proc\u00e9dure suivante donne le cheminement \u00e0 adopter pour importer une liste de cols en batch. Comment cr\u00e9er un lot de cols d\u00e9j\u00e0 gravis mais non r\u00e9pertori\u00e9s dans OpenRunner&nbsp;? Il existe trois possibilit\u00e9s&nbsp;:\u2026<\/p>\n","category_list_v2":"","author_info_v2":{"name":"Enrico Alberini","url":"https:\/\/centcols.org\/backup\/author\/5065\/"},"comments_num_v2":"0 commentaire","featured_image_src":null,"_links":{"self":[{"href":"https:\/\/centcols.org\/backup\/wp-json\/wp\/v2\/pages\/69743"}],"collection":[{"href":"https:\/\/centcols.org\/backup\/wp-json\/wp\/v2\/pages"}],"about":[{"href":"https:\/\/centcols.org\/backup\/wp-json\/wp\/v2\/types\/page"}],"author":[{"embeddable":true,"href":"https:\/\/centcols.org\/backup\/wp-json\/wp\/v2\/users\/69"}],"replies":[{"embeddable":true,"href":"https:\/\/centcols.org\/backup\/wp-json\/wp\/v2\/comments?post=69743"}],"version-history":[{"count":0,"href":"https:\/\/centcols.org\/backup\/wp-json\/wp\/v2\/pages\/69743\/revisions"}],"wp:attachment":[{"href":"https:\/\/centcols.org\/backup\/wp-json\/wp\/v2\/media?parent=69743"}],"curies":[{"name":"wp","href":"https:\/\/api.w.org\/{rel}","templated":true}]}}