{"id":70298,"date":"2023-01-29T12:18:27","date_gmt":"2023-01-29T11:18:27","guid":{"rendered":"https:\/\/centcols.org\/backup\/le-club-des-cent-cols-remporte-le-challenge-de-france-2022\/"},"modified":"2023-02-15T20:27:00","modified_gmt":"2023-02-15T19:27:00","slug":"le-club-des-cent-cols-remporte-le-challenge-de-france-2022","status":"publish","type":"page","link":"https:\/\/centcols.org\/backup\/le-club-des-cent-cols-remporte-le-challenge-de-france-2022\/","title":{"rendered":"Le club des Cent cols remporte le Challenge de France 2022"},"content":{"rendered":"\n<div class=\"wp-block-image\"><figure class=\"alignleft\"><img loading=\"lazy\" decoding=\"async\" width=\"341\" height=\"278\" src=\"https:\/\/centcols.org\/backup\/wp-content\/uploads\/2023\/01\/Challenge-de-France.jpg\" alt=\"\" class=\"wp-image-70293\"\/><\/figure><\/div>\n\n\n\n<p><span style=\"font-size: 14pt;\">C\u2019est un challenge mis en jeu chaque ann\u00e9e par la FFCT. Il est bas\u00e9 sur la participation des cyclotouristes licenci\u00e9s du club aux manifestations ou \u00e9v\u00e9nements organis\u00e9s par la FFCT et ses clubs affili\u00e9s.<\/span><\/p>\n\n\n\n<p><span style=\"font-size: 14pt;\"><\/span><\/p>\n\n\n\n<p><span style=\"font-size: 14pt;\">La participation importante des membres du club  \u00e0 la <strong>Cyclomontagnarde<\/strong> d\u2019Annecy est certainement un facteur cl\u00e9 de ce succ\u00e8s.<\/span><\/p>\n\n\n\n<p><span style=\"font-size: 14pt;\"><\/span><\/p>\n\n\n\n<\/span><\/p>\r\n<p><span style=\"font-size: 14pt;\">Mais aussi les nombreux <strong>brevets BCN et BPF <\/strong>valid\u00e9s cette ann\u00e9e par quelques membres, tout sp\u00e9cialement <strong>Claudine et Guy REINE<\/strong> (voir <a href=\"https:\/\/centcols.org\/backup\/bcn-bpf-les-laureats-2022-du-club\/\">BCN &#8211; BPF &#8211; Les laur\u00e9ats 2022 du club<\/a>)<\/span><\/p>\r\n<p><span style=\"font-size: 14pt;\">\n\n\n\n<\/span><\/p>\r\n<p>&nbsp;<\/p>\n\n\n\n<p><\/p>\n\n\n\n<p><img loading=\"lazy\" decoding=\"async\" class=\" wp-image-70285 alignright\" src=\"https:\/\/centcols.org\/backup\/wp-content\/uploads\/2023\/01\/Challenge-de-France2-375x500.jpg\" alt=\"\" width=\"338\" height=\"451\" srcset=\"https:\/\/centcols.org\/backup\/wp-content\/uploads\/2023\/01\/Challenge-de-France2-375x500.jpg 375w, https:\/\/centcols.org\/backup\/wp-content\/uploads\/2023\/01\/Challenge-de-France2-900x1200.jpg 900w, https:\/\/centcols.org\/backup\/wp-content\/uploads\/2023\/01\/Challenge-de-France2-768x1024.jpg 768w, https:\/\/centcols.org\/backup\/wp-content\/uploads\/2023\/01\/Challenge-de-France2-1152x1536.jpg 1152w, https:\/\/centcols.org\/backup\/wp-content\/uploads\/2023\/01\/Challenge-de-France2-1536x2048.jpg 1536w, https:\/\/centcols.org\/backup\/wp-content\/uploads\/2023\/01\/Challenge-de-France2-600x800.jpg 600w, https:\/\/centcols.org\/backup\/wp-content\/uploads\/2023\/01\/Challenge-de-France2-scaled.jpg 1920w\" sizes=\"(max-width: 338px) 100vw, 338px\" \/><span style=\"font-size: 14pt;\">Le Challenge de France a \u00e9t\u00e9 remis officiellement, ce samedi 28 janvier \u00e0 Roanne (42), par <strong>Catherine BORGEAIS ROUET<\/strong>, membre du Club des Cent Cols, Pr\u00e9sidente du COREG AURA (Comit\u00e9 R\u00e9gional Auvergne &#8211; Rh\u00f4ne-Alpes) \u00a0et \u00e9galement Pr\u00e9sidente du CODEP Haute-Savoie (le CODEP du club des Cent Cols).<\/span><\/p>\r\n<p><span style=\"font-size: 14pt;\">\n\n\n\n<\/span><\/p>\r\n<p><span style=\"font-size: 14pt;\">C\u2019est <strong>Bruno LITWIN<\/strong>, membre du Conseil d\u2019administration du Club des Cent Cols qui a re\u00e7u le challenge. Il repr\u00e9sentait le Pr\u00e9sident, <strong>Enrico ALBERINI.<\/strong><\/span><\/p>\r\n<p><span style=\"font-size: 14pt;\">\n\n\n\n<\/span><\/p>\r\n<p><span style=\"font-size: 14pt;\">C&#8217;est la premi\u00e8re fois que le Club re\u00e7oit ce challenge. Bruno \u00e9tait particuli\u00e8rement \u00e9mu de le recevoir : il a \u00e9t\u00e9 le Pr\u00e9sident du Velo Club d&#8217;Annecy (le club \u00e0 l&#8217;origine du Club des Cent Cols), il en avait fait un objectif lors de son mandat, sans jamais r\u00e9ussir \u00e0 l&#8217;atteindre.<\/span><\/p>\r\n<p><span style=\"font-size: 14pt;\">\n\n\n\n<\/span><\/p>\r\n<p><span style=\"font-size: 14pt;\">Gageons que ce challenge, difficile et rare, sera compliqu\u00e9 \u00e0 conserver l&#8217;ann\u00e9e prochaine. Il n&#8217;est acquis d\u00e9fintivement qu&#8217;apr\u00e8s 3 r\u00e9ussites cons\u00e9cutives.<\/span><\/p>\n\n\n\n<div class=\"wp-block-image\"><figure class=\"aligncenter size-large is-resized\"><img loading=\"lazy\" decoding=\"async\" src=\"https:\/\/centcols.org\/backup\/wp-content\/uploads\/2023\/02\/Challenge3-801x1200.jpg\" alt=\"\" class=\"wp-image-70573\" width=\"567\" height=\"849\" srcset=\"https:\/\/centcols.org\/backup\/wp-content\/uploads\/2023\/02\/Challenge3-801x1200.jpg 801w, https:\/\/centcols.org\/backup\/wp-content\/uploads\/2023\/02\/Challenge3-334x500.jpg 334w, https:\/\/centcols.org\/backup\/wp-content\/uploads\/2023\/02\/Challenge3-768x1150.jpg 768w, https:\/\/centcols.org\/backup\/wp-content\/uploads\/2023\/02\/Challenge3-1025x1536.jpg 1025w, https:\/\/centcols.org\/backup\/wp-content\/uploads\/2023\/02\/Challenge3-1367x2048.jpg 1367w, https:\/\/centcols.org\/backup\/wp-content\/uploads\/2023\/02\/Challenge3-600x899.jpg 600w, https:\/\/centcols.org\/backup\/wp-content\/uploads\/2023\/02\/Challenge3-scaled.jpg 1280w\" sizes=\"(max-width: 567px) 100vw, 567px\" \/><figcaption>Le challenge<\/figcaption><\/figure><\/div>\n","protected":false},"excerpt":{"rendered":"<p>C\u2019est un challenge mis en jeu chaque ann\u00e9e par la FFCT. Il est bas\u00e9 sur la participation des cyclotouristes licenci\u00e9s du club aux manifestations ou \u00e9v\u00e9nements organis\u00e9s par la FFCT et ses clubs affili\u00e9s. La participation importante des membres du club \u00e0 la Cyclomontagnarde d\u2019Annecy est certainement un facteur cl\u00e9 de ce succ\u00e8s. Mais aussi [&hellip;]<\/p>\n","protected":false},"author":397,"featured_media":0,"parent":0,"menu_order":0,"comment_status":"closed","ping_status":"closed","template":"","meta":{"_acf_changed":false,"ub_ctt_via":"","_monsterinsights_skip_tracking":false,"_monsterinsights_sitenote_active":false,"_monsterinsights_sitenote_note":"","_monsterinsights_sitenote_category":0,"footnotes":""},"acf":[],"featured_image_urls":{"full":"","thumbnail":"","medium":"","medium_large":"","large":"","1536x1536":"","2048x2048":"","woocommerce_thumbnail":"","woocommerce_single":"","woocommerce_gallery_thumbnail":""},"post_excerpt_stackable":"<p>C\u2019est un challenge mis en jeu chaque ann\u00e9e par la FFCT. Il est bas\u00e9 sur la participation des cyclotouristes licenci\u00e9s du club aux manifestations ou \u00e9v\u00e9nements organis\u00e9s par la FFCT et ses clubs affili\u00e9s. La participation importante des membres du club \u00e0 la Cyclomontagnarde d\u2019Annecy est certainement un facteur cl\u00e9 de ce succ\u00e8s. Mais aussi les nombreux brevets BCN et BPF valid\u00e9s cette ann\u00e9e par quelques membres, tout sp\u00e9cialement Claudine et Guy REINE (voir BCN &#8211; BPF &#8211; Les laur\u00e9ats 2022 du club) &nbsp; Le Challenge de France a \u00e9t\u00e9 remis officiellement, ce samedi 28 janvier \u00e0 Roanne (42), par\u2026<\/p>\n","category_list":"","author_info":{"name":"Denis Chouquet-Stringer","url":"https:\/\/centcols.org\/backup\/author\/6183\/"},"comments_num":"0 commentaire","featured_image_urls_v2":{"full":"","thumbnail":"","medium":"","medium_large":"","large":"","1536x1536":"","2048x2048":"","woocommerce_thumbnail":"","woocommerce_single":"","woocommerce_gallery_thumbnail":""},"post_excerpt_stackable_v2":"<p>C\u2019est un challenge mis en jeu chaque ann\u00e9e par la FFCT. Il est bas\u00e9 sur la participation des cyclotouristes licenci\u00e9s du club aux manifestations ou \u00e9v\u00e9nements organis\u00e9s par la FFCT et ses clubs affili\u00e9s. La participation importante des membres du club \u00e0 la Cyclomontagnarde d\u2019Annecy est certainement un facteur cl\u00e9 de ce succ\u00e8s. Mais aussi les nombreux brevets BCN et BPF valid\u00e9s cette ann\u00e9e par quelques membres, tout sp\u00e9cialement Claudine et Guy REINE (voir BCN &#8211; BPF &#8211; Les laur\u00e9ats 2022 du club) &nbsp; Le Challenge de France a \u00e9t\u00e9 remis officiellement, ce samedi 28 janvier \u00e0 Roanne (42), par\u2026<\/p>\n","category_list_v2":"","author_info_v2":{"name":"Denis Chouquet-Stringer","url":"https:\/\/centcols.org\/backup\/author\/6183\/"},"comments_num_v2":"0 commentaire","featured_image_src":null,"_links":{"self":[{"href":"https:\/\/centcols.org\/backup\/wp-json\/wp\/v2\/pages\/70298"}],"collection":[{"href":"https:\/\/centcols.org\/backup\/wp-json\/wp\/v2\/pages"}],"about":[{"href":"https:\/\/centcols.org\/backup\/wp-json\/wp\/v2\/types\/page"}],"author":[{"embeddable":true,"href":"https:\/\/centcols.org\/backup\/wp-json\/wp\/v2\/users\/397"}],"replies":[{"embeddable":true,"href":"https:\/\/centcols.org\/backup\/wp-json\/wp\/v2\/comments?post=70298"}],"version-history":[{"count":0,"href":"https:\/\/centcols.org\/backup\/wp-json\/wp\/v2\/pages\/70298\/revisions"}],"wp:attachment":[{"href":"https:\/\/centcols.org\/backup\/wp-json\/wp\/v2\/media?parent=70298"}],"curies":[{"name":"wp","href":"https:\/\/api.w.org\/{rel}","templated":true}]}}

<div class="wp-block-image"><figure class="alignleft"><img loading="lazy" decoding="async" width="341" height="278" src="https://centcols.org/backup/wp-content/uploads/2023/01/Challenge-de-France.jpg" alt="" class="wp-image-70293"/></figure></div>



<p><span style="font-size: 14pt;">C’est un challenge mis en jeu chaque année par la FFCT. Il est basé sur la participation des cyclotouristes licenciés du club aux manifestations ou événements organisés par la FFCT et ses clubs affiliés.</span></p>



<p><span style="font-size: 14pt;"></span></p>



<p><span style="font-size: 14pt;">La participation importante des membres du club  à la <strong>Cyclomontagnarde</strong> d’Annecy est certainement un facteur clé de ce succès.</span></p>



<p><span style="font-size: 14pt;"></span></p>



</span></p>
<p><span style="font-size: 14pt;">Mais aussi les nombreux <strong>brevets BCN et BPF </strong>validés cette année par quelques membres, tout spécialement <strong>Claudine et Guy REINE</strong> (voir <a href="https://centcols.org/backup/bcn-bpf-les-laureats-2022-du-club/">BCN &#8211; BPF &#8211; Les lauréats 2022 du club</a>)</span></p>
<p><span style="font-size: 14pt;">



</span></p>
<p>&nbsp;</p>



<p></p>



<p><img loading="lazy" decoding="async" class=" wp-image-70285 alignright" src="https://centcols.org/backup/wp-content/uploads/2023/01/Challenge-de-France2-375x500.jpg" alt="" width="338" height="451" srcset="https://centcols.org/backup/wp-content/uploads/2023/01/Challenge-de-France2-375x500.jpg 375w, https://centcols.org/backup/wp-content/uploads/2023/01/Challenge-de-France2-900x1200.jpg 900w, https://centcols.org/backup/wp-content/uploads/2023/01/Challenge-de-France2-768x1024.jpg 768w, https://centcols.org/backup/wp-content/uploads/2023/01/Challenge-de-France2-1152x1536.jpg 1152w, https://centcols.org/backup/wp-content/uploads/2023/01/Challenge-de-France2-1536x2048.jpg 1536w, https://centcols.org/backup/wp-content/uploads/2023/01/Challenge-de-France2-600x800.jpg 600w, https://centcols.org/backup/wp-content/uploads/2023/01/Challenge-de-France2-scaled.jpg 1920w" sizes="(max-width: 338px) 100vw, 338px" /><span style="font-size: 14pt;">Le Challenge de France a été remis officiellement, ce samedi 28 janvier à Roanne (42), par <strong>Catherine BORGEAIS ROUET</strong>, membre du Club des Cent Cols, Présidente du COREG AURA (Comité Régional Auvergne &#8211; Rhône-Alpes)  et également Présidente du CODEP Haute-Savoie (le CODEP du club des Cent Cols).</span></p>
<p><span style="font-size: 14pt;">



</span></p>
<p><span style="font-size: 14pt;">C’est <strong>Bruno LITWIN</strong>, membre du Conseil d’administration du Club des Cent Cols qui a reçu le challenge. Il représentait le Président, <strong>Enrico ALBERINI.</strong></span></p>
<p><span style="font-size: 14pt;">



</span></p>
<p><span style="font-size: 14pt;">C&#8217;est la première fois que le Club reçoit ce challenge. Bruno était particulièrement ému de le recevoir : il a été le Président du Velo Club d&#8217;Annecy (le club à l&#8217;origine du Club des Cent Cols), il en avait fait un objectif lors de son mandat, sans jamais réussir à l&#8217;atteindre.</span></p>
<p><span style="font-size: 14pt;">



</span></p>
<p><span style="font-size: 14pt;">Gageons que ce challenge, difficile et rare, sera compliqué à conserver l&#8217;année prochaine. Il n&#8217;est acquis défintivement qu&#8217;après 3 réussites consécutives.</span></p>



<div class="wp-block-image"><figure class="aligncenter size-large is-resized"><img loading="lazy" decoding="async" src="https://centcols.org/backup/wp-content/uploads/2023/02/Challenge3-801x1200.jpg" alt="" class="wp-image-70573" width="567" height="849" srcset="https://centcols.org/backup/wp-content/uploads/2023/02/Challenge3-801x1200.jpg 801w, https://centcols.org/backup/wp-content/uploads/2023/02/Challenge3-334x500.jpg 334w, https://centcols.org/backup/wp-content/uploads/2023/02/Challenge3-768x1150.jpg 768w, https://centcols.org/backup/wp-content/uploads/2023/02/Challenge3-1025x1536.jpg 1025w, https://centcols.org/backup/wp-content/uploads/2023/02/Challenge3-1367x2048.jpg 1367w, https://centcols.org/backup/wp-content/uploads/2023/02/Challenge3-600x899.jpg 600w, https://centcols.org/backup/wp-content/uploads/2023/02/Challenge3-scaled.jpg 1280w" sizes="(max-width: 567px) 100vw, 567px" /><figcaption>Le challenge</figcaption></figure></div>

<p>C’est un challenge mis en jeu chaque année par la FFCT. Il est basé sur la participation des cyclotouristes licenciés du club aux manifestations ou événements organisés par la FFCT et ses clubs affiliés. La participation importante des membres du club à la Cyclomontagnarde d’Annecy est certainement un facteur clé de ce succès. Mais aussi [&hellip;]</p>

<p>C’est un challenge mis en jeu chaque année par la FFCT. Il est basé sur la participation des cyclotouristes licenciés du club aux manifestations ou événements organisés par la FFCT et ses clubs affiliés. La participation importante des membres du club à la Cyclomontagnarde d’Annecy est certainement un facteur clé de ce succès. Mais aussi les nombreux brevets BCN et BPF validés cette année par quelques membres, tout spécialement Claudine et Guy REINE (voir BCN &#8211; BPF &#8211; Les lauréats 2022 du club) &nbsp; Le Challenge de France a été remis officiellement, ce samedi 28 janvier à Roanne (42), par…</p>
