{"id":70562,"date":"2023-02-06T11:13:17","date_gmt":"2023-02-06T10:13:17","guid":{"rendered":"https:\/\/centcols.org\/backup\/?page_id=70562"},"modified":"2023-05-30T15:37:30","modified_gmt":"2023-05-30T13:37:30","slug":"la-cyclomontagnarde-des-vosges-du-sud-une-premiere","status":"publish","type":"page","link":"https:\/\/centcols.org\/backup\/la-cyclomontagnarde-des-vosges-du-sud-une-premiere\/","title":{"rendered":"La cyclomontagnarde des Vosges du sud : une premi\u00e8re"},"content":{"rendered":"\n<p class=\"has-medium-font-size\">Pour le Massif des Vosges, une cyclomontagnarde n\u2019est pas r\u00e9ellement une nouveaut\u00e9. Plusieurs y ont \u00e9t\u00e9 organis\u00e9es depuis longtemps et dans diff\u00e9rents secteurs, sur le versant alsacien haut-rhinois, ou dans la partie nord bas-rhinoise et m\u00eame au c\u0153ur du d\u00e9partement vosgien depuis Saint-Di\u00e9-des-Vosges.&nbsp;<\/p>\n\n\n\n<p class=\"has-medium-font-size\">Situ\u00e9 aux confins sud du d\u00e9partement des Vosges, la ville de <strong>Remiremont<\/strong>, surnomm\u00e9e \u00ab&nbsp;<strong>La Belle des Vosges<\/strong>&nbsp;\u00bb, se niche au creux des collines du pi\u00e9mont vosgien \u00e0 pr\u00e8s de 400 m d\u2019altitude. C\u2019est la porte d\u2019entr\u00e9e du <a href=\"https:\/\/fr.wikipedia.org\/wiki\/Parc_naturel_r%C3%A9gional_des_Ballons_des_Vosges\"><strong>parc naturel r\u00e9gional des ballons des Vosges<\/strong><\/a> ,&nbsp; du plateau saonois des Mille Etangs et des hauts sommets vosgiens tout proches.<\/p>\n\n\n\n<p class=\"has-medium-font-size\">Une dizaine de cols Vosgiens (FR-88) ou Haut-Saonois (FR-70) sont au programme, ainsi que la c\u00e9l\u00e8bre Planche des Belles Filles, qui est en option.<\/p>\n\n\n\n<p class=\"has-medium-font-size\">Plusieurs formules sont propos\u00e9es par l\u2019organisateur&nbsp;:<\/p>\n\n\n\n<p class=\"has-medium-font-size\"><span style=\"text-decoration: underline;\"><strong>Samedi 8 et dimanche 9 juillet<\/strong><\/span>&nbsp;: La cyclomontagnarde en 2 jours (d\u00e9parts et arriv\u00e9es \u00e0 Remiremont) avec ou sans la Planche des Belles Filles gravie le deuxi\u00e8me jour.<\/p>\n\n\n\n<ul>\n<li class=\"has-medium-font-size\">1<sup>er<\/sup> jour&nbsp;: 104 km &#8211; 1898 m en D+&nbsp;<\/li>\n<\/ul>\n\n\n\n<ul>\n<li class=\"has-medium-font-size\">2<sup>ieme<\/sup> jour : 115 km &#8211; 2187 m en D+ ou 127 km &#8211; 2682 m en D+<\/li>\n<\/ul>\n\n\n\n<p class=\"has-medium-font-size\"><span style=\"text-decoration: underline;\"><strong>Dimanche 9 juillet<\/strong><\/span> : La cyclomontagnarde en 1 jour, avec ou sans la Planche des Belles Filles\u00a0: 218 km \u2013 4183 m en D+\u00a0 ou\u00a0 232 km &#8211; 4748m en D+<\/p>\n\n\n\n<p class=\"has-medium-font-size\">Des parcours \u00ab&nbsp;d\u00e9couvertes&nbsp;\u00bb, dont certains en gravel, sont \u00e9galement au programme.<\/p>\n\n\n\n<p class=\"has-medium-font-size\">Parmi les membres du CODEP 88 figurent quelques adh\u00e9rents du Club des Cents Cols (Christophe Badonnel, Fran\u00e7ois Li\u00e9nard, Jean-Philippe Grandadam et Jean-Marie Duluard). De nombreux\u00a0 membres du Club des Cent Cols ont r\u00e9pondu \u00e0 leurs invitations et sont d\u2019ores et d\u00e9j\u00e0 inscrits. Un pot du club sera organis\u00e9 le samedi soir \u00e0 Remiremont.<\/p>\n<div class=\"gmail_default\"><span style=\"font-size: 20px;\">En outre, Denis Mathieu, D\u00e9l\u00e9gu\u00e9 Territorial du Club des Cent Cols pour la zone Est, sera pr\u00e9sent les 2 jours pour pr\u00e9senter aux membres, non membres, concurrents, visiteurs, les outils que le club met \u00e0 disposition de ses membres pour leur permettre de vivre pleinement leur passion du v\u00e9lo en montagne :<\/span><\/div>\n<ul>\n<li class=\"gmail_default\"><span style=\"font-size: 20px;\">le catalogue mondial des cols,<\/span><\/li>\n<li class=\"gmail_default\"><span style=\"font-size: 20px;\">ccWay, le logiciel pour s\u00e9lectionner, dans le monde entier, les cols d&#8217;une zone g\u00e9ographique,<\/span><\/li>\n<li class=\"gmail_default\"><span style=\"font-size: 20px;\">cols sur traces, l&#8217;application qui, \u00e0 partir d&#8217;une trace, fournit tous les cols qui y sont pr\u00e9sents ou proches,<\/span><\/li>\n<li class=\"gmail_default\"><span style=\"font-size: 20px;\">les parcours membres, une s\u00e9lection des meilleurs parcours recommand\u00e9s par les membres du club<\/span><\/li>\n<\/ul>\n\n\n\n<p class=\"has-medium-font-size\"><a href=\"https:\/\/inscriptions-ffct.org\/cyclomontagnardevosgesdusud-2023\/select_competition\">Informations sur les parcours&nbsp; et inscriptions en ligne <strong>ici <\/strong><\/a><\/p>\n\n\n\n<p class=\"has-medium-font-size\"><a href=\"https:\/\/centcols.org\/backup\/bat3_vosges\/\">Informations et inscription par voie postale <strong>ici<\/strong><\/a><\/p>\n","protected":false},"excerpt":{"rendered":"<p>Pour le Massif des Vosges, une cyclomontagnarde n\u2019est pas r\u00e9ellement une nouveaut\u00e9. Plusieurs y ont \u00e9t\u00e9 organis\u00e9es depuis longtemps et dans diff\u00e9rents secteurs, sur le versant alsacien haut-rhinois, ou dans la partie nord bas-rhinoise et m\u00eame au c\u0153ur du d\u00e9partement vosgien depuis Saint-Di\u00e9-des-Vosges.&nbsp; Situ\u00e9 aux confins sud du d\u00e9partement des Vosges, la ville de Remiremont, [&hellip;]<\/p>\n","protected":false},"author":397,"featured_media":0,"parent":0,"menu_order":0,"comment_status":"closed","ping_status":"closed","template":"","meta":{"_acf_changed":false,"ub_ctt_via":"","_monsterinsights_skip_tracking":false,"_monsterinsights_sitenote_active":false,"_monsterinsights_sitenote_note":"","_monsterinsights_sitenote_category":0,"footnotes":""},"acf":[],"featured_image_urls":{"full":"","thumbnail":"","medium":"","medium_large":"","large":"","1536x1536":"","2048x2048":"","woocommerce_thumbnail":"","woocommerce_single":"","woocommerce_gallery_thumbnail":""},"post_excerpt_stackable":"<p>Pour le Massif des Vosges, une cyclomontagnarde n\u2019est pas r\u00e9ellement une nouveaut\u00e9. Plusieurs y ont \u00e9t\u00e9 organis\u00e9es depuis longtemps et dans diff\u00e9rents secteurs, sur le versant alsacien haut-rhinois, ou dans la partie nord bas-rhinoise et m\u00eame au c\u0153ur du d\u00e9partement vosgien depuis Saint-Di\u00e9-des-Vosges.&nbsp; Situ\u00e9 aux confins sud du d\u00e9partement des Vosges, la ville de Remiremont, surnomm\u00e9e \u00ab&nbsp;La Belle des Vosges&nbsp;\u00bb, se niche au creux des collines du pi\u00e9mont vosgien \u00e0 pr\u00e8s de 400 m d\u2019altitude. C\u2019est la porte d\u2019entr\u00e9e du parc naturel r\u00e9gional des ballons des Vosges ,&nbsp; du plateau saonois des Mille Etangs et des hauts sommets vosgiens tout\u2026<\/p>\n","category_list":"","author_info":{"name":"Denis Chouquet-Stringer","url":"https:\/\/centcols.org\/backup\/author\/6183\/"},"comments_num":"0 commentaire","featured_image_urls_v2":{"full":"","thumbnail":"","medium":"","medium_large":"","large":"","1536x1536":"","2048x2048":"","woocommerce_thumbnail":"","woocommerce_single":"","woocommerce_gallery_thumbnail":""},"post_excerpt_stackable_v2":"<p>Pour le Massif des Vosges, une cyclomontagnarde n\u2019est pas r\u00e9ellement une nouveaut\u00e9. Plusieurs y ont \u00e9t\u00e9 organis\u00e9es depuis longtemps et dans diff\u00e9rents secteurs, sur le versant alsacien haut-rhinois, ou dans la partie nord bas-rhinoise et m\u00eame au c\u0153ur du d\u00e9partement vosgien depuis Saint-Di\u00e9-des-Vosges.&nbsp; Situ\u00e9 aux confins sud du d\u00e9partement des Vosges, la ville de Remiremont, surnomm\u00e9e \u00ab&nbsp;La Belle des Vosges&nbsp;\u00bb, se niche au creux des collines du pi\u00e9mont vosgien \u00e0 pr\u00e8s de 400 m d\u2019altitude. C\u2019est la porte d\u2019entr\u00e9e du parc naturel r\u00e9gional des ballons des Vosges ,&nbsp; du plateau saonois des Mille Etangs et des hauts sommets vosgiens tout\u2026<\/p>\n","category_list_v2":"","author_info_v2":{"name":"Denis Chouquet-Stringer","url":"https:\/\/centcols.org\/backup\/author\/6183\/"},"comments_num_v2":"0 commentaire","featured_image_src":null,"_links":{"self":[{"href":"https:\/\/centcols.org\/backup\/wp-json\/wp\/v2\/pages\/70562"}],"collection":[{"href":"https:\/\/centcols.org\/backup\/wp-json\/wp\/v2\/pages"}],"about":[{"href":"https:\/\/centcols.org\/backup\/wp-json\/wp\/v2\/types\/page"}],"author":[{"embeddable":true,"href":"https:\/\/centcols.org\/backup\/wp-json\/wp\/v2\/users\/397"}],"replies":[{"embeddable":true,"href":"https:\/\/centcols.org\/backup\/wp-json\/wp\/v2\/comments?post=70562"}],"version-history":[{"count":0,"href":"https:\/\/centcols.org\/backup\/wp-json\/wp\/v2\/pages\/70562\/revisions"}],"wp:attachment":[{"href":"https:\/\/centcols.org\/backup\/wp-json\/wp\/v2\/media?parent=70562"}],"curies":[{"name":"wp","href":"https:\/\/api.w.org\/{rel}","templated":true}]}}

La cyclomontagnarde des Vosges du sud : une première

<p class="has-medium-font-size">Pour le Massif des Vosges, une cyclomontagnarde n’est pas réellement une nouveauté. Plusieurs y ont été organisées depuis longtemps et dans différents secteurs, sur le versant alsacien haut-rhinois, ou dans la partie nord bas-rhinoise et même au cœur du département vosgien depuis Saint-Dié-des-Vosges.&nbsp;</p>



<p class="has-medium-font-size">Situé aux confins sud du département des Vosges, la ville de <strong>Remiremont</strong>, surnommée «&nbsp;<strong>La Belle des Vosges</strong>&nbsp;», se niche au creux des collines du piémont vosgien à près de 400 m d’altitude. C’est la porte d’entrée du <a href="https://fr.wikipedia.org/wiki/Parc_naturel_r%C3%A9gional_des_Ballons_des_Vosges"><strong>parc naturel régional des ballons des Vosges</strong></a> ,&nbsp; du plateau saonois des Mille Etangs et des hauts sommets vosgiens tout proches.</p>



<p class="has-medium-font-size">Une dizaine de cols Vosgiens (FR-88) ou Haut-Saonois (FR-70) sont au programme, ainsi que la célèbre Planche des Belles Filles, qui est en option.</p>



<p class="has-medium-font-size">Plusieurs formules sont proposées par l’organisateur&nbsp;:</p>



<p class="has-medium-font-size"><span style="text-decoration: underline;"><strong>Samedi 8 et dimanche 9 juillet</strong></span>&nbsp;: La cyclomontagnarde en 2 jours (départs et arrivées à Remiremont) avec ou sans la Planche des Belles Filles gravie le deuxième jour.</p>



<ul>
<li class="has-medium-font-size">1<sup>er</sup> jour&nbsp;: 104 km &#8211; 1898 m en D+&nbsp;</li>
</ul>



<ul>
<li class="has-medium-font-size">2<sup>ieme</sup> jour : 115 km &#8211; 2187 m en D+ ou 127 km &#8211; 2682 m en D+</li>
</ul>



<p class="has-medium-font-size"><span style="text-decoration: underline;"><strong>Dimanche 9 juillet</strong></span> : La cyclomontagnarde en 1 jour, avec ou sans la Planche des Belles Filles : 218 km – 4183 m en D+  ou  232 km &#8211; 4748m en D+</p>



<p class="has-medium-font-size">Des parcours «&nbsp;découvertes&nbsp;», dont certains en gravel, sont également au programme.</p>



<p class="has-medium-font-size">Parmi les membres du CODEP 88 figurent quelques adhérents du Club des Cents Cols (Christophe Badonnel, François Liénard, Jean-Philippe Grandadam et Jean-Marie Duluard). De nombreux  membres du Club des Cent Cols ont répondu à leurs invitations et sont d’ores et déjà inscrits. Un pot du club sera organisé le samedi soir à Remiremont.</p>
<div class="gmail_default"><span style="font-size: 20px;">En outre, Denis Mathieu, Délégué Territorial du Club des Cent Cols pour la zone Est, sera présent les 2 jours pour présenter aux membres, non membres, concurrents, visiteurs, les outils que le club met à disposition de ses membres pour leur permettre de vivre pleinement leur passion du vélo en montagne :</span></div>
<ul>
<li class="gmail_default"><span style="font-size: 20px;">le catalogue mondial des cols,</span></li>
<li class="gmail_default"><span style="font-size: 20px;">ccWay, le logiciel pour sélectionner, dans le monde entier, les cols d&#8217;une zone géographique,</span></li>
<li class="gmail_default"><span style="font-size: 20px;">cols sur traces, l&#8217;application qui, à partir d&#8217;une trace, fournit tous les cols qui y sont présents ou proches,</span></li>
<li class="gmail_default"><span style="font-size: 20px;">les parcours membres, une sélection des meilleurs parcours recommandés par les membres du club</span></li>
</ul>



<p class="has-medium-font-size"><a href="https://inscriptions-ffct.org/cyclomontagnardevosgesdusud-2023/select_competition">Informations sur les parcours&nbsp; et inscriptions en ligne <strong>ici </strong></a></p>



<p class="has-medium-font-size"><a href="https://centcols.org/backup/bat3_vosges/">Informations et inscription par voie postale <strong>ici</strong></a></p>

<p>Pour le Massif des Vosges, une cyclomontagnarde n’est pas réellement une nouveauté. Plusieurs y ont été organisées depuis longtemps et dans différents secteurs, sur le versant alsacien haut-rhinois, ou dans la partie nord bas-rhinoise et même au cœur du département vosgien depuis Saint-Dié-des-Vosges.&nbsp; Situé aux confins sud du département des Vosges, la ville de Remiremont, [&hellip;]</p>

<p>Pour le Massif des Vosges, une cyclomontagnarde n’est pas réellement une nouveauté. Plusieurs y ont été organisées depuis longtemps et dans différents secteurs, sur le versant alsacien haut-rhinois, ou dans la partie nord bas-rhinoise et même au cœur du département vosgien depuis Saint-Dié-des-Vosges.&nbsp; Situé aux confins sud du département des Vosges, la ville de Remiremont, surnommée «&nbsp;La Belle des Vosges&nbsp;», se niche au creux des collines du piémont vosgien à près de 400 m d’altitude. C’est la porte d’entrée du parc naturel régional des ballons des Vosges ,&nbsp; du plateau saonois des Mille Etangs et des hauts sommets vosgiens tout…</p>
