{"id":70996,"date":"2023-02-16T14:09:40","date_gmt":"2023-02-16T13:09:40","guid":{"rendered":"https:\/\/centcols.org\/backup\/?page_id=70996"},"modified":"2023-02-17T12:21:12","modified_gmt":"2023-02-17T11:21:12","slug":"le-partenariat-club-des-cent-cols-federation-francaise-de-cyclotourisme","status":"publish","type":"page","link":"https:\/\/centcols.org\/backup\/le-partenariat-club-des-cent-cols-federation-francaise-de-cyclotourisme\/","title":{"rendered":"Le partenariat Club des Cent Cols &#8211; F\u00e9d\u00e9ration Fran\u00e7aise de Cyclotourisme"},"content":{"rendered":"\n<p><\/p>\n\n\n\n<p><\/p>\n\n\n\n<p class=\"has-medium-font-size\">Les liens \u00e9troits unissant le Club des Cent Cols et la FFCT trouvent leurs origines d\u00e8s la cr\u00e9ation du club.<\/p>\n\n\n\n<p class=\"has-medium-font-size\">Jean Perdoux, alors membre du bureau directeur de la FFCT cr\u00e9e, sous forme de confr\u00e9rie, une section du Velo Club d\u2019Annecy en 1972 qu&#8217;il appelle&nbsp;&#8220;Club des Cent Cols&#8221;.<\/p>\n\n\n\n<p class=\"has-medium-font-size\">En 1991, la Confr\u00e9rie&nbsp;se d\u00e9tache du VCA et est prise en charge directement par la FFCT. Et en 1997, la confr\u00e9rie devient officiellement un Club, l&#8217;association loi 1901 correspondante \u00e9tant cr\u00e9\u00e9e. Le nouveau club reste bien \u00e9videmment affili\u00e9 \u00e0 la FFCT.<\/p>\n\n\n\n<p class=\"has-medium-font-size\">En janvier 2019, dans les locaux de la FFCT, une r\u00e9union de concertation r\u00e9unit <br>Christian Proponet, secr\u00e9taire g\u00e9n\u00e9ral de la FFCT,<br>Pierre-Antoine Morin, responsable de l\u2019informatique,<br>G\u00e9rard Birelli et Bernard Giraudeau, respectivement vice-pr\u00e9sident et pr\u00e9sident du Club des Cent Cols.<\/p>\n\n\n\n<p class=\"has-medium-font-size\">Une premi\u00e8re convention de &nbsp;partenariat est sign\u00e9e en 2020.<\/p>\n\n\n\n<ul>\n<li><span style=\"font-size: 20px; font-family: arial, helvetica, sans-serif;\">Le Club des Cent Cols fournit les donn\u00e9es des cols routiers et muletiers cyclables de France \u00e0 la FFCT destin\u00e9es au site &#8220;veloenfrance&#8221;, le site op\u00e9rationnel de la FFCT pour les circuits.<\/span><\/li>\n<li><span style=\"font-size: 20px; font-family: arial, helvetica, sans-serif;\">Il fournit \u00e9galement les descriptions des Randonn\u00e9es Permanentes du club<\/span><\/li>\n<li><span style=\"font-size: 20px; font-family: arial, helvetica, sans-serif;\">Chaque col sur la carte de &#8220;veloenfrance&#8221; est dor\u00e9navant mis en valeur par le logo du club et les caract\u00e9ristiques du col (routier, muletier).<\/span><\/li>\n<li><span style=\"font-size: 20px; font-family: arial, helvetica, sans-serif;\">La FFCT regroupe sur son site toutes les RP du Club des Cent Cols dans un menu coh\u00e9rent<\/span><\/li>\n<li><span style=\"font-size: 20px; font-family: arial, helvetica, sans-serif;\">Le club est maintenant un partenaire privil\u00e9gi\u00e9 de la FFCT, la pr\u00e9sence de son logo proche de celui des autres partenaires en atteste<\/span><\/li>\n<\/ul>\n\n\n\n<p class=\"has-medium-font-size\">Le Club et la FFCT ont amplifi\u00e9 ce partenariat en 2023 par&nbsp;:<\/p>\n\n\n\n<ul>\n<li><span style=\"font-size: 20px; font-family: arial, helvetica, sans-serif;\">Les donn\u00e9es des cols routiers et muletiers de 10 pays europ\u00e9ens soit 12\u00a0000 cols sont d\u00e9sormais int\u00e9gr\u00e9es dans \u00a0&#8220;veloenfrance&#8221;.<\/span><\/li>\n<li><span style=\"font-size: 20px; font-family: arial, helvetica, sans-serif;\">Un lien de visualisation cartographique et photographique pour chaque col est activ\u00e9.<\/span><\/li>\n<li><span style=\"font-size: 20px; font-family: arial, helvetica, sans-serif;\">5 nouvelles randonn\u00e9es du club, dites &#8220;en boucles\u00bb, rejoignent le groupe des randonn\u00e9es permanentes<\/span><\/li>\n<li><span style=\"font-size: 20px; font-family: arial, helvetica, sans-serif;\">La visibilit\u00e9 du &#8220;Club des Cent Cols&#8221; depuis le site de &#8220;veloenfrance&#8221; est nettement am\u00e9lior\u00e9e avec la mise en \u0153uvre d\u2019un partenariat profitable aux 2 parties<\/span><\/li>\n<\/ul>\n\n\n\n<p class=\"has-medium-font-size\">Cliquer sur les logos pour en savoir plus&nbsp;:<\/p>\n\n\n\n<div class=\"wp-block-kadence-advancedgallery kb-gallery-wrap-id-_e0bf37-93\"><ul class=\"kb-gallery-ul kb-gallery-type-masonry kb-masonry-init kb-gallery-id-_e0bf37-93 kb-gallery-caption-style-bottom-hover kb-gallery-filter-none\" data-item-selector=\".kadence-blocks-gallery-item\" data-image-filter=\"none\" data-lightbox-caption=\"true\" data-columns-xxl=\"3\" data-columns-xl=\"3\" data-columns-lg=\"3\" data-columns-md=\"2\" data-columns-sm=\"1\" data-columns-xs=\"1\"><\/ul><\/div>\n\n\n\n<figure class=\"wp-block-image size-large\"><img loading=\"lazy\" decoding=\"async\" width=\"148\" height=\"148\" src=\"https:\/\/centcols.org\/backup\/wp-content\/uploads\/2023\/01\/FFCT-5.png\" alt=\"\" class=\"wp-image-69659\" srcset=\"https:\/\/centcols.org\/backup\/wp-content\/uploads\/2023\/01\/FFCT-5.png 148w, https:\/\/centcols.org\/backup\/wp-content\/uploads\/2023\/01\/FFCT-5-100x100.png 100w\" sizes=\"(max-width: 148px) 100vw, 148px\" \/><figcaption><a href=\"https:\/\/ffvelo.fr\/\">ffvelo<\/a><\/figcaption><\/figure>\n\n\n\n<figure class=\"wp-block-image size-large\"><img loading=\"lazy\" decoding=\"async\" width=\"208\" height=\"58\" src=\"https:\/\/centcols.org\/backup\/wp-content\/uploads\/2023\/02\/Image2-3.png\" alt=\"\" class=\"wp-image-70997\"\/><figcaption><a href=\"https:\/\/centcols.org\/backup\/un-coup-doeil-sur-les-fonctionnalites-de-veloenfrance\/\">veloenfrance\/<\/a><\/figcaption><\/figure>\n","protected":false},"excerpt":{"rendered":"<p>Les liens \u00e9troits unissant le Club des Cent Cols et la FFCT trouvent leurs origines d\u00e8s la cr\u00e9ation du club. Jean Perdoux, alors membre du bureau directeur de la FFCT cr\u00e9e, sous forme de confr\u00e9rie, une section du Velo Club d\u2019Annecy en 1972 qu&#8217;il appelle&nbsp;&#8220;Club des Cent Cols&#8221;. En 1991, la Confr\u00e9rie&nbsp;se d\u00e9tache du VCA [&hellip;]<\/p>\n","protected":false},"author":397,"featured_media":0,"parent":0,"menu_order":0,"comment_status":"closed","ping_status":"closed","template":"","meta":{"_acf_changed":false,"ub_ctt_via":"","_monsterinsights_skip_tracking":false,"_monsterinsights_sitenote_active":false,"_monsterinsights_sitenote_note":"","_monsterinsights_sitenote_category":0,"footnotes":""},"acf":[],"featured_image_urls":{"full":"","thumbnail":"","medium":"","medium_large":"","large":"","1536x1536":"","2048x2048":"","woocommerce_thumbnail":"","woocommerce_single":"","woocommerce_gallery_thumbnail":""},"post_excerpt_stackable":"<p>Les liens \u00e9troits unissant le Club des Cent Cols et la FFCT trouvent leurs origines d\u00e8s la cr\u00e9ation du club. Jean Perdoux, alors membre du bureau directeur de la FFCT cr\u00e9e, sous forme de confr\u00e9rie, une section du Velo Club d\u2019Annecy en 1972 qu&#8217;il appelle&nbsp;&#8220;Club des Cent Cols&#8221;. En 1991, la Confr\u00e9rie&nbsp;se d\u00e9tache du VCA et est prise en charge directement par la FFCT. Et en 1997, la confr\u00e9rie devient officiellement un Club, l&#8217;association loi 1901 correspondante \u00e9tant cr\u00e9\u00e9e. Le nouveau club reste bien \u00e9videmment affili\u00e9 \u00e0 la FFCT. En janvier 2019, dans les locaux de la FFCT, une r\u00e9union\u2026<\/p>\n","category_list":"","author_info":{"name":"Denis Chouquet-Stringer","url":"https:\/\/centcols.org\/backup\/author\/6183\/"},"comments_num":"0 commentaire","featured_image_urls_v2":{"full":"","thumbnail":"","medium":"","medium_large":"","large":"","1536x1536":"","2048x2048":"","woocommerce_thumbnail":"","woocommerce_single":"","woocommerce_gallery_thumbnail":""},"post_excerpt_stackable_v2":"<p>Les liens \u00e9troits unissant le Club des Cent Cols et la FFCT trouvent leurs origines d\u00e8s la cr\u00e9ation du club. Jean Perdoux, alors membre du bureau directeur de la FFCT cr\u00e9e, sous forme de confr\u00e9rie, une section du Velo Club d\u2019Annecy en 1972 qu&#8217;il appelle&nbsp;&#8220;Club des Cent Cols&#8221;. En 1991, la Confr\u00e9rie&nbsp;se d\u00e9tache du VCA et est prise en charge directement par la FFCT. Et en 1997, la confr\u00e9rie devient officiellement un Club, l&#8217;association loi 1901 correspondante \u00e9tant cr\u00e9\u00e9e. Le nouveau club reste bien \u00e9videmment affili\u00e9 \u00e0 la FFCT. En janvier 2019, dans les locaux de la FFCT, une r\u00e9union\u2026<\/p>\n","category_list_v2":"","author_info_v2":{"name":"Denis Chouquet-Stringer","url":"https:\/\/centcols.org\/backup\/author\/6183\/"},"comments_num_v2":"0 commentaire","featured_image_src":null,"_links":{"self":[{"href":"https:\/\/centcols.org\/backup\/wp-json\/wp\/v2\/pages\/70996"}],"collection":[{"href":"https:\/\/centcols.org\/backup\/wp-json\/wp\/v2\/pages"}],"about":[{"href":"https:\/\/centcols.org\/backup\/wp-json\/wp\/v2\/types\/page"}],"author":[{"embeddable":true,"href":"https:\/\/centcols.org\/backup\/wp-json\/wp\/v2\/users\/397"}],"replies":[{"embeddable":true,"href":"https:\/\/centcols.org\/backup\/wp-json\/wp\/v2\/comments?post=70996"}],"version-history":[{"count":0,"href":"https:\/\/centcols.org\/backup\/wp-json\/wp\/v2\/pages\/70996\/revisions"}],"wp:attachment":[{"href":"https:\/\/centcols.org\/backup\/wp-json\/wp\/v2\/media?parent=70996"}],"curies":[{"name":"wp","href":"https:\/\/api.w.org\/{rel}","templated":true}]}}

Le partenariat Club des Cent Cols &#8211; Fédération Française de Cyclotourisme

<p></p>



<p></p>



<p class="has-medium-font-size">Les liens étroits unissant le Club des Cent Cols et la FFCT trouvent leurs origines dès la création du club.</p>



<p class="has-medium-font-size">Jean Perdoux, alors membre du bureau directeur de la FFCT crée, sous forme de confrérie, une section du Velo Club d’Annecy en 1972 qu&#8217;il appelle&nbsp;&#8220;Club des Cent Cols&#8221;.</p>



<p class="has-medium-font-size">En 1991, la Confrérie&nbsp;se détache du VCA et est prise en charge directement par la FFCT. Et en 1997, la confrérie devient officiellement un Club, l&#8217;association loi 1901 correspondante étant créée. Le nouveau club reste bien évidemment affilié à la FFCT.</p>



<p class="has-medium-font-size">En janvier 2019, dans les locaux de la FFCT, une réunion de concertation réunit <br>Christian Proponet, secrétaire général de la FFCT,<br>Pierre-Antoine Morin, responsable de l’informatique,<br>Gérard Birelli et Bernard Giraudeau, respectivement vice-président et président du Club des Cent Cols.</p>



<p class="has-medium-font-size">Une première convention de &nbsp;partenariat est signée en 2020.</p>



<ul>
<li><span style="font-size: 20px; font-family: arial, helvetica, sans-serif;">Le Club des Cent Cols fournit les données des cols routiers et muletiers cyclables de France à la FFCT destinées au site &#8220;veloenfrance&#8221;, le site opérationnel de la FFCT pour les circuits.</span></li>
<li><span style="font-size: 20px; font-family: arial, helvetica, sans-serif;">Il fournit également les descriptions des Randonnées Permanentes du club</span></li>
<li><span style="font-size: 20px; font-family: arial, helvetica, sans-serif;">Chaque col sur la carte de &#8220;veloenfrance&#8221; est dorénavant mis en valeur par le logo du club et les caractéristiques du col (routier, muletier).</span></li>
<li><span style="font-size: 20px; font-family: arial, helvetica, sans-serif;">La FFCT regroupe sur son site toutes les RP du Club des Cent Cols dans un menu cohérent</span></li>
<li><span style="font-size: 20px; font-family: arial, helvetica, sans-serif;">Le club est maintenant un partenaire privilégié de la FFCT, la présence de son logo proche de celui des autres partenaires en atteste</span></li>
</ul>



<p class="has-medium-font-size">Le Club et la FFCT ont amplifié ce partenariat en 2023 par&nbsp;:</p>



<ul>
<li><span style="font-size: 20px; font-family: arial, helvetica, sans-serif;">Les données des cols routiers et muletiers de 10 pays européens soit 12 000 cols sont désormais intégrées dans  &#8220;veloenfrance&#8221;.</span></li>
<li><span style="font-size: 20px; font-family: arial, helvetica, sans-serif;">Un lien de visualisation cartographique et photographique pour chaque col est activé.</span></li>
<li><span style="font-size: 20px; font-family: arial, helvetica, sans-serif;">5 nouvelles randonnées du club, dites &#8220;en boucles», rejoignent le groupe des randonnées permanentes</span></li>
<li><span style="font-size: 20px; font-family: arial, helvetica, sans-serif;">La visibilité du &#8220;Club des Cent Cols&#8221; depuis le site de &#8220;veloenfrance&#8221; est nettement améliorée avec la mise en œuvre d’un partenariat profitable aux 2 parties</span></li>
</ul>



<p class="has-medium-font-size">Cliquer sur les logos pour en savoir plus&nbsp;:</p>



<div class="wp-block-kadence-advancedgallery kb-gallery-wrap-id-_e0bf37-93"><ul class="kb-gallery-ul kb-gallery-type-masonry kb-masonry-init kb-gallery-id-_e0bf37-93 kb-gallery-caption-style-bottom-hover kb-gallery-filter-none" data-item-selector=".kadence-blocks-gallery-item" data-image-filter="none" data-lightbox-caption="true" data-columns-xxl="3" data-columns-xl="3" data-columns-lg="3" data-columns-md="2" data-columns-sm="1" data-columns-xs="1"></ul></div>



<figure class="wp-block-image size-large"><img loading="lazy" decoding="async" width="148" height="148" src="https://centcols.org/backup/wp-content/uploads/2023/01/FFCT-5.png" alt="" class="wp-image-69659" srcset="https://centcols.org/backup/wp-content/uploads/2023/01/FFCT-5.png 148w, https://centcols.org/backup/wp-content/uploads/2023/01/FFCT-5-100x100.png 100w" sizes="(max-width: 148px) 100vw, 148px" /><figcaption><a href="https://ffvelo.fr/">ffvelo</a></figcaption></figure>



<figure class="wp-block-image size-large"><img loading="lazy" decoding="async" width="208" height="58" src="https://centcols.org/backup/wp-content/uploads/2023/02/Image2-3.png" alt="" class="wp-image-70997"/><figcaption><a href="https://centcols.org/backup/un-coup-doeil-sur-les-fonctionnalites-de-veloenfrance/">veloenfrance/</a></figcaption></figure>

<p>Les liens étroits unissant le Club des Cent Cols et la FFCT trouvent leurs origines dès la création du club. Jean Perdoux, alors membre du bureau directeur de la FFCT crée, sous forme de confrérie, une section du Velo Club d’Annecy en 1972 qu&#8217;il appelle&nbsp;&#8220;Club des Cent Cols&#8221;. En 1991, la Confrérie&nbsp;se détache du VCA [&hellip;]</p>

<p>Les liens étroits unissant le Club des Cent Cols et la FFCT trouvent leurs origines dès la création du club. Jean Perdoux, alors membre du bureau directeur de la FFCT crée, sous forme de confrérie, une section du Velo Club d’Annecy en 1972 qu&#8217;il appelle&nbsp;&#8220;Club des Cent Cols&#8221;. En 1991, la Confrérie&nbsp;se détache du VCA et est prise en charge directement par la FFCT. Et en 1997, la confrérie devient officiellement un Club, l&#8217;association loi 1901 correspondante étant créée. Le nouveau club reste bien évidemment affilié à la FFCT. En janvier 2019, dans les locaux de la FFCT, une réunion…</p>
