{"id":71117,"date":"2023-02-20T18:16:44","date_gmt":"2023-02-20T17:16:44","guid":{"rendered":"https:\/\/centcols.org\/backup\/?page_id=71117"},"modified":"2023-02-26T14:54:01","modified_gmt":"2023-02-26T13:54:01","slug":"le-partenariat-entre-la-federation-espagnole-de-cyclotourisme-et-le-club-des-cent-cols","status":"publish","type":"page","link":"https:\/\/centcols.org\/backup\/le-partenariat-entre-la-federation-espagnole-de-cyclotourisme-et-le-club-des-cent-cols\/","title":{"rendered":"Le partenariat entre la F\u00e9d\u00e9ration Espagnole de cyclotourisme et le club des Cent Cols"},"content":{"rendered":"\n<p class=\"has-medium-font-size\">Le <strong>Club des Cent Cols<\/strong> a de nombreux membres fran\u00e7ais, suisses et belges dans ses rangs et cela s\u2019explique par la gen\u00e8se du club et son fonctionnement tr\u00e8s francophone jusqu\u2019\u00e0 tr\u00e8s r\u00e9cemment. Mais cela n\u2019a pas emp\u00each\u00e9 que d\u2019autres cyclistes issus de pays non-francophones nous rejoignent au fil du temps. Au point aujourd\u2019hui que le club r\u00e9unit des <strong>membres de 15 nationalit\u00e9s<\/strong> diff\u00e9rentes. Et m\u00eame que le Pr\u00e9sident du Club des Cent cols, \u00e9lu en 2021, est lui-m\u00eame italien, faisant partie d\u2019un groupe de 85 compatriotes.<\/p>\n\n\n\n<p class=\"has-medium-font-size\"><strong>L\u2019Espagne <\/strong>est le pays au monde qui compte le plus de cols (18.000). Mais alors, pourquoi n\u2019avons-nous jamais d\u00e9pass\u00e9 le nombre de 2 membres espagnols dans la m\u00eame ann\u00e9e&nbsp;?<\/p>\n\n\n\n<p class=\"has-medium-font-size\">En profitant du s\u00e9jour d\u2019\u00e9t\u00e9 qu\u2019organise chaque ann\u00e9e le Club des Cent cols, s\u00e9jour qui en 2022 \u00e9tait organis\u00e9 au Pays Basque, une entrevue a eu lieu au&nbsp;<strong>col frontalier de Lizarrietta<\/strong> (<a href=\"https:\/\/centcols.org\/backup\/util\/geo\/visu.php?code=FR-64-0441\" target=\"_blank\" rel=\"noreferrer noopener\">FR-64-0441<\/a> ou <a href=\"https:\/\/centcols.org\/backup\/util\/geo\/visu.php?code=ES-NA-0442a\" target=\"_blank\" rel=\"noreferrer noopener\">ES-NA-0442a<\/a>) entre Mer Jos\u00e9-Luis Junquera, pr\u00e9sident de la FECT&nbsp; et Bernard Giraudeau, responsable de la communication du CCC.<\/p>\n\n\n\n<p class=\"has-medium-font-size\">Cette rencontre initiale a aboutit \u00e0 la signature d\u2019une convention de &#8220;<strong>Club Collaborateur international<\/strong>&#8221; aupr\u00e8s de la <strong>FECT <\/strong>d\u00e9s la fin de 2022.<\/p>\n\n\n\n<p class=\"has-medium-font-size\">L\u2019intention partag\u00e9e de cette convention est, pour les 2 parties, de mieux se faire conna\u00eetre.<\/p>\n\n\n\n<p class=\"has-medium-font-size\">Pour les <strong>membres espagnols de la FECT<\/strong>, appr\u00e9cier de collectionner les cols de montagne, conna\u00eetre les activit\u00e9s du Club des Cent Cols, le&nbsp; &#8220;catalogue des cols d\u2019Espagne&#8221;, plus g\u00e9n\u00e9ralement le<strong> catalogue mondial des cols<\/strong>, et les deux randonn\u00e9es permanentes du club&nbsp; trac\u00e9es en Espagne, <strong>l\u2019Ultreia<\/strong>, de Barcelone \u00e0&nbsp; Saint-Jacques de Compostelle et la <strong>Divisoria<\/strong>, le long de la ligne de s\u00e9paration des eaux Atlantique \u2013 M\u00e9diterran\u00e9e de St-Jean-Pied-de-Port (France) \u00e0 Gibraltar.<\/p>\n\n\n\n<p class=\"has-medium-font-size\">A cet effet, le Club des Cent Cols fournit \u00e0 la FECT tous les \u00e9l\u00e9ments n\u00e9cessaires pour partager cette passion du v\u00e9lo en montagne.<\/p>\n\n\n\n<p class=\"has-medium-font-size\">Pour les <strong>membres du Club des Cent Cols<\/strong>, qui, d\u00e9j\u00e0, parcourent depuis longtemps l\u2019Espagne tellement elle est riche en cols, l\u2019id\u00e9e est de faire conna\u00eetre les sp\u00e9cificit\u00e9s cyclistes de la FECT, comme, par exemple, les \u00ab\u00a0<strong><a href=\"https:\/\/centcols.org\/backup\/radiales\/\" target=\"_blank\" rel=\"noreferrer noopener\">Radiales Ibericas<\/a><\/strong>\u00a0\u00bb<\/p>\n\n\n\n<p class=\"has-medium-font-size\"><a href=\"https:\/\/www.fect.info\/index.php\/actividad\/brevets\/item\/472-club-des-cent-cols\" target=\"_blank\" rel=\"noreferrer noopener\"><strong>Le Club des Cent Cols sur le site de la FECT<\/strong><\/a><\/p>\n","protected":false},"excerpt":{"rendered":"<p>Le Club des Cent Cols a de nombreux membres fran\u00e7ais, suisses et belges dans ses rangs et cela s\u2019explique par la gen\u00e8se du club et son fonctionnement tr\u00e8s francophone jusqu\u2019\u00e0 tr\u00e8s r\u00e9cemment. Mais cela n\u2019a pas emp\u00each\u00e9 que d\u2019autres cyclistes issus de pays non-francophones nous rejoignent au fil du temps. Au point aujourd\u2019hui que le [&hellip;]<\/p>\n","protected":false},"author":397,"featured_media":0,"parent":0,"menu_order":0,"comment_status":"closed","ping_status":"closed","template":"","meta":{"_acf_changed":false,"ub_ctt_via":"","_monsterinsights_skip_tracking":false,"_monsterinsights_sitenote_active":false,"_monsterinsights_sitenote_note":"","_monsterinsights_sitenote_category":0,"footnotes":""},"acf":[],"featured_image_urls":{"full":"","thumbnail":"","medium":"","medium_large":"","large":"","1536x1536":"","2048x2048":"","woocommerce_thumbnail":"","woocommerce_single":"","woocommerce_gallery_thumbnail":""},"post_excerpt_stackable":"<p>Le Club des Cent Cols a de nombreux membres fran\u00e7ais, suisses et belges dans ses rangs et cela s\u2019explique par la gen\u00e8se du club et son fonctionnement tr\u00e8s francophone jusqu\u2019\u00e0 tr\u00e8s r\u00e9cemment. Mais cela n\u2019a pas emp\u00each\u00e9 que d\u2019autres cyclistes issus de pays non-francophones nous rejoignent au fil du temps. Au point aujourd\u2019hui que le club r\u00e9unit des membres de 15 nationalit\u00e9s diff\u00e9rentes. Et m\u00eame que le Pr\u00e9sident du Club des Cent cols, \u00e9lu en 2021, est lui-m\u00eame italien, faisant partie d\u2019un groupe de 85 compatriotes. L\u2019Espagne est le pays au monde qui compte le plus de cols (18.000). Mais\u2026<\/p>\n","category_list":"","author_info":{"name":"Denis Chouquet-Stringer","url":"https:\/\/centcols.org\/backup\/author\/6183\/"},"comments_num":"0 commentaire","featured_image_urls_v2":{"full":"","thumbnail":"","medium":"","medium_large":"","large":"","1536x1536":"","2048x2048":"","woocommerce_thumbnail":"","woocommerce_single":"","woocommerce_gallery_thumbnail":""},"post_excerpt_stackable_v2":"<p>Le Club des Cent Cols a de nombreux membres fran\u00e7ais, suisses et belges dans ses rangs et cela s\u2019explique par la gen\u00e8se du club et son fonctionnement tr\u00e8s francophone jusqu\u2019\u00e0 tr\u00e8s r\u00e9cemment. Mais cela n\u2019a pas emp\u00each\u00e9 que d\u2019autres cyclistes issus de pays non-francophones nous rejoignent au fil du temps. Au point aujourd\u2019hui que le club r\u00e9unit des membres de 15 nationalit\u00e9s diff\u00e9rentes. Et m\u00eame que le Pr\u00e9sident du Club des Cent cols, \u00e9lu en 2021, est lui-m\u00eame italien, faisant partie d\u2019un groupe de 85 compatriotes. L\u2019Espagne est le pays au monde qui compte le plus de cols (18.000). Mais\u2026<\/p>\n","category_list_v2":"","author_info_v2":{"name":"Denis Chouquet-Stringer","url":"https:\/\/centcols.org\/backup\/author\/6183\/"},"comments_num_v2":"0 commentaire","featured_image_src":null,"_links":{"self":[{"href":"https:\/\/centcols.org\/backup\/wp-json\/wp\/v2\/pages\/71117"}],"collection":[{"href":"https:\/\/centcols.org\/backup\/wp-json\/wp\/v2\/pages"}],"about":[{"href":"https:\/\/centcols.org\/backup\/wp-json\/wp\/v2\/types\/page"}],"author":[{"embeddable":true,"href":"https:\/\/centcols.org\/backup\/wp-json\/wp\/v2\/users\/397"}],"replies":[{"embeddable":true,"href":"https:\/\/centcols.org\/backup\/wp-json\/wp\/v2\/comments?post=71117"}],"version-history":[{"count":0,"href":"https:\/\/centcols.org\/backup\/wp-json\/wp\/v2\/pages\/71117\/revisions"}],"wp:attachment":[{"href":"https:\/\/centcols.org\/backup\/wp-json\/wp\/v2\/media?parent=71117"}],"curies":[{"name":"wp","href":"https:\/\/api.w.org\/{rel}","templated":true}]}}

Le partenariat entre la Fédération Espagnole de cyclotourisme et le club des Cent Cols

<p class="has-medium-font-size">Le <strong>Club des Cent Cols</strong> a de nombreux membres français, suisses et belges dans ses rangs et cela s’explique par la genèse du club et son fonctionnement très francophone jusqu’à très récemment. Mais cela n’a pas empêché que d’autres cyclistes issus de pays non-francophones nous rejoignent au fil du temps. Au point aujourd’hui que le club réunit des <strong>membres de 15 nationalités</strong> différentes. Et même que le Président du Club des Cent cols, élu en 2021, est lui-même italien, faisant partie d’un groupe de 85 compatriotes.</p>



<p class="has-medium-font-size"><strong>L’Espagne </strong>est le pays au monde qui compte le plus de cols (18.000). Mais alors, pourquoi n’avons-nous jamais dépassé le nombre de 2 membres espagnols dans la même année&nbsp;?</p>



<p class="has-medium-font-size">En profitant du séjour d’été qu’organise chaque année le Club des Cent cols, séjour qui en 2022 était organisé au Pays Basque, une entrevue a eu lieu au&nbsp;<strong>col frontalier de Lizarrietta</strong> (<a href="https://centcols.org/backup/util/geo/visu.php?code=FR-64-0441" target="_blank" rel="noreferrer noopener">FR-64-0441</a> ou <a href="https://centcols.org/backup/util/geo/visu.php?code=ES-NA-0442a" target="_blank" rel="noreferrer noopener">ES-NA-0442a</a>) entre Mer José-Luis Junquera, président de la FECT&nbsp; et Bernard Giraudeau, responsable de la communication du CCC.</p>



<p class="has-medium-font-size">Cette rencontre initiale a aboutit à la signature d’une convention de &#8220;<strong>Club Collaborateur international</strong>&#8221; auprès de la <strong>FECT </strong>dés la fin de 2022.</p>



<p class="has-medium-font-size">L’intention partagée de cette convention est, pour les 2 parties, de mieux se faire connaître.</p>



<p class="has-medium-font-size">Pour les <strong>membres espagnols de la FECT</strong>, apprécier de collectionner les cols de montagne, connaître les activités du Club des Cent Cols, le&nbsp; &#8220;catalogue des cols d’Espagne&#8221;, plus généralement le<strong> catalogue mondial des cols</strong>, et les deux randonnées permanentes du club&nbsp; tracées en Espagne, <strong>l’Ultreia</strong>, de Barcelone à&nbsp; Saint-Jacques de Compostelle et la <strong>Divisoria</strong>, le long de la ligne de séparation des eaux Atlantique – Méditerranée de St-Jean-Pied-de-Port (France) à Gibraltar.</p>



<p class="has-medium-font-size">A cet effet, le Club des Cent Cols fournit à la FECT tous les éléments nécessaires pour partager cette passion du vélo en montagne.</p>



<p class="has-medium-font-size">Pour les <strong>membres du Club des Cent Cols</strong>, qui, déjà, parcourent depuis longtemps l’Espagne tellement elle est riche en cols, l’idée est de faire connaître les spécificités cyclistes de la FECT, comme, par exemple, les « <strong><a href="https://centcols.org/backup/radiales/" target="_blank" rel="noreferrer noopener">Radiales Ibericas</a></strong> »</p>



<p class="has-medium-font-size"><a href="https://www.fect.info/index.php/actividad/brevets/item/472-club-des-cent-cols" target="_blank" rel="noreferrer noopener"><strong>Le Club des Cent Cols sur le site de la FECT</strong></a></p>

<p>Le Club des Cent Cols a de nombreux membres français, suisses et belges dans ses rangs et cela s’explique par la genèse du club et son fonctionnement très francophone jusqu’à très récemment. Mais cela n’a pas empêché que d’autres cyclistes issus de pays non-francophones nous rejoignent au fil du temps. Au point aujourd’hui que le [&hellip;]</p>

<p>Le Club des Cent Cols a de nombreux membres français, suisses et belges dans ses rangs et cela s’explique par la genèse du club et son fonctionnement très francophone jusqu’à très récemment. Mais cela n’a pas empêché que d’autres cyclistes issus de pays non-francophones nous rejoignent au fil du temps. Au point aujourd’hui que le club réunit des membres de 15 nationalités différentes. Et même que le Président du Club des Cent cols, élu en 2021, est lui-même italien, faisant partie d’un groupe de 85 compatriotes. L’Espagne est le pays au monde qui compte le plus de cols (18.000). Mais…</p>
