{"id":71225,"date":"2023-02-24T16:50:07","date_gmt":"2023-02-24T15:50:07","guid":{"rendered":"https:\/\/centcols.org\/backup\/?page_id=71225"},"modified":"2023-02-24T16:50:09","modified_gmt":"2023-02-24T15:50:09","slug":"radiales","status":"publish","type":"page","link":"https:\/\/centcols.org\/backup\/radiales\/","title":{"rendered":"Les &#8220;radiales ibericas&#8221; de la FECT"},"content":{"rendered":"\n<p class=\"has-medium-font-size\">Les Radiales Ibericas sont des propositions de voyages \u00e0 v\u00e9lo, sur route, cr\u00e9\u00e9es par la <strong>F\u00e9d\u00e9ration Espagnole de Cyclotourisme.<\/strong> L\u2019objectif principal est la promotion du cyclotourisme non comp\u00e9titif et la d\u00e9couverte de toutes les provinces de la p\u00e9ninsule ib\u00e9rique.<\/p>\n\n\n\n<p class=\"has-medium-font-size\"><strong>148 cols routiers <\/strong>se trouvent sur le parcours des Radiales sur un total de 2.660 cols routiers. Rappelons que l\u2019Espagne est le pays qui comporte le plus de cols au monde.<\/p>\n\n\n\n<p class=\"has-medium-font-size\">Les <strong>12 Radiales<\/strong> ont pour points de <strong>d\u00e9part <\/strong>un lieu diff\u00e9rent situ\u00e9 dans la Communaut\u00e9 Autonome de <strong>Madrid<\/strong>, \u00e0 la p\u00e9riph\u00e9rie de la ville. Elles rayonnent vers des arriv\u00e9es situ\u00e9es sur le pourtour de la P\u00e9ninsule Ib\u00e9rique.<\/p>\n\n\n\n<p class=\"has-medium-font-size\">Chacune des Radiales se d\u00e9cline en plusieurs formules de parcours :<\/p>\n\n\n\n<ul>\n<li><span style=\"font-size: 20px;\"><strong>Super Radiales<\/strong> : du point de d\u00e9part vers le point d\u2019arriv\u00e9e, retour par une variante<\/span><\/li>\n<li><span style=\"font-size: 20px;\"><strong>Radiales simples<\/strong> : d\u2019un point \u00e0 l\u2019autre de la super radiale correspondante, sens au <\/span><span style=\"font-size: 20px;\">choix<\/span><\/li>\n<li><span style=\"font-size: 20px;\"><strong>Radiales explorer<\/strong> : variantes de super radiales, plus courtes (un tiers)<\/span><\/li>\n<\/ul>\n<p><span style=\"font-size: 20px;\">Elles se d\u00e9clinent \u00e9galement en formules de temps et de tron\u00e7on :<\/span><\/p>\n<ul>\n<li><span style=\"font-size: 20px;\"><strong>Forme libre<\/strong> : pas de limite de temps, tron\u00e7on intermittent possible, aucune <\/span><span style=\"font-size: 20px;\">inscription, ni avant, ni apr\u00e8s<\/span><\/li>\n<li><span style=\"font-size: 20px;\"><strong>Formule touristique<\/strong> : temps libre mais avec information de l\u2019organisation avant ou <\/span><span style=\"font-size: 20px;\">apr\u00e8s le parcours<\/span><\/li>\n<li><span style=\"font-size: 20px;\"><strong>Formule endurance<\/strong> avec un temps imparti et parcours en continu<\/span><\/li>\n<\/ul>\n<p><br \/><span style=\"font-size: 20px;\">Plus d\u2019informations et inscriptions en suivant le lien =&gt;<strong> <a href=\"https:\/\/fect.info\/index.php\/actividad\/radiales-ibericas\/presentacion\" target=\"_blank\" rel=\"noreferrer noopener\">Les Radiales Ibericas<\/a><\/strong><\/span><\/p>\n<p>\u00a0<\/p>\n\n\n\n<div class=\"wp-block-columns is-layout-flex wp-container-core-columns-is-layout-1 wp-block-columns-is-layout-flex\">\n<div class=\"wp-block-column is-layout-flow wp-block-column-is-layout-flow\" style=\"flex-basis:33.33%\">\n<figure class=\"wp-block-table is-style-stripes\"><table><thead><tr><th>De Madrid \u00e0<\/th><th>km<\/th><th>D+<\/th><th>Cols<\/th><\/tr><\/thead><tbody><tr><td>1 &#8211; Roncesvalles<\/td><td>845<\/td><td>8100<\/td><td>12<\/td><\/tr><tr><td>2 &#8211; Andorra<\/td><td>1318<\/td><td>14730<\/td><td>10<\/td><\/tr><tr><td>3 &#8211; Vinaroz<\/td><td>973<\/td><td>14900<\/td><td>21<\/td><\/tr><tr><td>4 &#8211; Denia<\/td><td>970<\/td><td>9630<\/td><td>6<\/td><\/tr><tr><td>5 &#8211; \u00c1guilas<\/td><td>1006<\/td><td>10100<\/td><td>8<\/td><\/tr><tr><td>6 &#8211; Motril<\/td><td>1124<\/td><td>13000<\/td><td>18<\/td><\/tr><tr><td>7 &#8211; Chipiona<\/td><td>1153<\/td><td>9650<\/td><td>14<\/td><\/tr><tr><td>8 &#8211; Vila Nova<br>de Milfontes<\/td><td>1339<\/td><td>13450<\/td><td>14<\/td><\/tr><tr><td>9 &#8211; Figueira Da Foz<\/td><td>1082<\/td><td>15500<\/td><td>7<\/td><\/tr><tr><td>10 &#8211; Finisterre<\/td><td>1470<\/td><td>18900<\/td><td>12<\/td><\/tr><tr><td>11 &#8211; Gij\u00f3n<\/td><td>1078<\/td><td>12400<\/td><td>15<\/td><\/tr><tr><td>12 &#8211; Laredo<\/td><td>930<\/td><td>10950<\/td><td>11<\/td><\/tr><\/tbody><\/table><\/figure>\n<\/div>\n\n\n\n<div class=\"wp-block-column is-layout-flow wp-block-column-is-layout-flow\" style=\"flex-basis:66.66%\">\n<figure class=\"wp-block-image size-large is-resized\"><img loading=\"lazy\" decoding=\"async\" src=\"https:\/\/centcols.org\/backup\/wp-content\/uploads\/2023\/02\/Radiales-1200x675.jpg\" alt=\"\" class=\"wp-image-71233\" width=\"672\" height=\"377\" srcset=\"https:\/\/centcols.org\/backup\/wp-content\/uploads\/2023\/02\/Radiales-1200x675.jpg 1200w, https:\/\/centcols.org\/backup\/wp-content\/uploads\/2023\/02\/Radiales-500x281.jpg 500w, https:\/\/centcols.org\/backup\/wp-content\/uploads\/2023\/02\/Radiales-768x432.jpg 768w, https:\/\/centcols.org\/backup\/wp-content\/uploads\/2023\/02\/Radiales-600x338.jpg 600w, https:\/\/centcols.org\/backup\/wp-content\/uploads\/2023\/02\/Radiales.jpg 1280w\" sizes=\"(max-width: 672px) 100vw, 672px\" \/><\/figure>\n<\/div>\n<\/div>\n\n\n\n<div class=\"wp-block-columns is-layout-flex wp-container-core-columns-is-layout-5 wp-block-columns-is-layout-flex\">\n<div class=\"wp-block-column is-layout-flow wp-block-column-is-layout-flow\" style=\"flex-basis:50%\">\n<div class=\"wp-block-columns is-layout-flex wp-container-core-columns-is-layout-4 wp-block-columns-is-layout-flex\">\n<div class=\"wp-block-column is-layout-flow wp-block-column-is-layout-flow\" style=\"flex-basis:50%\">\n<div class=\"wp-block-columns is-layout-flex wp-container-core-columns-is-layout-2 wp-block-columns-is-layout-flex\">\n<div class=\"wp-block-column is-layout-flow wp-block-column-is-layout-flow\" style=\"flex-basis:100%\"><\/div>\n<\/div>\n<\/div>\n\n\n\n<div class=\"wp-block-column is-layout-flow wp-block-column-is-layout-flow\" style=\"flex-basis:33.33%\">\n<div class=\"wp-block-columns is-layout-flex wp-container-core-columns-is-layout-3 wp-block-columns-is-layout-flex\">\n<div class=\"wp-block-column is-layout-flow wp-block-column-is-layout-flow\" style=\"flex-basis:100%\"><\/div>\n<\/div>\n<\/div>\n<\/div>\n<\/div>\n<\/div>\n","protected":false},"excerpt":{"rendered":"<p>Les Radiales Ibericas sont des propositions de voyages \u00e0 v\u00e9lo, sur route, cr\u00e9\u00e9es par la F\u00e9d\u00e9ration Espagnole de Cyclotourisme. L\u2019objectif principal est la promotion du cyclotourisme non comp\u00e9titif et la d\u00e9couverte de toutes les provinces de la p\u00e9ninsule ib\u00e9rique. 148 cols routiers se trouvent sur le parcours des Radiales sur un total de 2.660 cols [&hellip;]<\/p>\n","protected":false},"author":397,"featured_media":0,"parent":0,"menu_order":0,"comment_status":"closed","ping_status":"closed","template":"","meta":{"_acf_changed":false,"ub_ctt_via":"","_monsterinsights_skip_tracking":false,"_monsterinsights_sitenote_active":false,"_monsterinsights_sitenote_note":"","_monsterinsights_sitenote_category":0,"footnotes":""},"acf":[],"featured_image_urls":{"full":"","thumbnail":"","medium":"","medium_large":"","large":"","1536x1536":"","2048x2048":"","woocommerce_thumbnail":"","woocommerce_single":"","woocommerce_gallery_thumbnail":""},"post_excerpt_stackable":"<p>Les Radiales Ibericas sont des propositions de voyages \u00e0 v\u00e9lo, sur route, cr\u00e9\u00e9es par la F\u00e9d\u00e9ration Espagnole de Cyclotourisme. L\u2019objectif principal est la promotion du cyclotourisme non comp\u00e9titif et la d\u00e9couverte de toutes les provinces de la p\u00e9ninsule ib\u00e9rique. 148 cols routiers se trouvent sur le parcours des Radiales sur un total de 2.660 cols routiers. Rappelons que l\u2019Espagne est le pays qui comporte le plus de cols au monde. Les 12 Radiales ont pour points de d\u00e9part un lieu diff\u00e9rent situ\u00e9 dans la Communaut\u00e9 Autonome de Madrid, \u00e0 la p\u00e9riph\u00e9rie de la ville. Elles rayonnent vers des arriv\u00e9es situ\u00e9es\u2026<\/p>\n","category_list":"","author_info":{"name":"Denis Chouquet-Stringer","url":"https:\/\/centcols.org\/backup\/author\/6183\/"},"comments_num":"0 commentaire","featured_image_urls_v2":{"full":"","thumbnail":"","medium":"","medium_large":"","large":"","1536x1536":"","2048x2048":"","woocommerce_thumbnail":"","woocommerce_single":"","woocommerce_gallery_thumbnail":""},"post_excerpt_stackable_v2":"<p>Les Radiales Ibericas sont des propositions de voyages \u00e0 v\u00e9lo, sur route, cr\u00e9\u00e9es par la F\u00e9d\u00e9ration Espagnole de Cyclotourisme. L\u2019objectif principal est la promotion du cyclotourisme non comp\u00e9titif et la d\u00e9couverte de toutes les provinces de la p\u00e9ninsule ib\u00e9rique. 148 cols routiers se trouvent sur le parcours des Radiales sur un total de 2.660 cols routiers. Rappelons que l\u2019Espagne est le pays qui comporte le plus de cols au monde. Les 12 Radiales ont pour points de d\u00e9part un lieu diff\u00e9rent situ\u00e9 dans la Communaut\u00e9 Autonome de Madrid, \u00e0 la p\u00e9riph\u00e9rie de la ville. Elles rayonnent vers des arriv\u00e9es situ\u00e9es\u2026<\/p>\n","category_list_v2":"","author_info_v2":{"name":"Denis Chouquet-Stringer","url":"https:\/\/centcols.org\/backup\/author\/6183\/"},"comments_num_v2":"0 commentaire","featured_image_src":null,"_links":{"self":[{"href":"https:\/\/centcols.org\/backup\/wp-json\/wp\/v2\/pages\/71225"}],"collection":[{"href":"https:\/\/centcols.org\/backup\/wp-json\/wp\/v2\/pages"}],"about":[{"href":"https:\/\/centcols.org\/backup\/wp-json\/wp\/v2\/types\/page"}],"author":[{"embeddable":true,"href":"https:\/\/centcols.org\/backup\/wp-json\/wp\/v2\/users\/397"}],"replies":[{"embeddable":true,"href":"https:\/\/centcols.org\/backup\/wp-json\/wp\/v2\/comments?post=71225"}],"version-history":[{"count":0,"href":"https:\/\/centcols.org\/backup\/wp-json\/wp\/v2\/pages\/71225\/revisions"}],"wp:attachment":[{"href":"https:\/\/centcols.org\/backup\/wp-json\/wp\/v2\/media?parent=71225"}],"curies":[{"name":"wp","href":"https:\/\/api.w.org\/{rel}","templated":true}]}}

<p class="has-medium-font-size">Les Radiales Ibericas sont des propositions de voyages à vélo, sur route, créées par la <strong>Fédération Espagnole de Cyclotourisme.</strong> L’objectif principal est la promotion du cyclotourisme non compétitif et la découverte de toutes les provinces de la péninsule ibérique.</p>



<p class="has-medium-font-size"><strong>148 cols routiers </strong>se trouvent sur le parcours des Radiales sur un total de 2.660 cols routiers. Rappelons que l’Espagne est le pays qui comporte le plus de cols au monde.</p>



<p class="has-medium-font-size">Les <strong>12 Radiales</strong> ont pour points de <strong>départ </strong>un lieu différent situé dans la Communauté Autonome de <strong>Madrid</strong>, à la périphérie de la ville. Elles rayonnent vers des arrivées situées sur le pourtour de la Péninsule Ibérique.</p>



<p class="has-medium-font-size">Chacune des Radiales se décline en plusieurs formules de parcours :</p>



<ul>
<li><span style="font-size: 20px;"><strong>Super Radiales</strong> : du point de départ vers le point d’arrivée, retour par une variante</span></li>
<li><span style="font-size: 20px;"><strong>Radiales simples</strong> : d’un point à l’autre de la super radiale correspondante, sens au </span><span style="font-size: 20px;">choix</span></li>
<li><span style="font-size: 20px;"><strong>Radiales explorer</strong> : variantes de super radiales, plus courtes (un tiers)</span></li>
</ul>
<p><span style="font-size: 20px;">Elles se déclinent également en formules de temps et de tronçon :</span></p>
<ul>
<li><span style="font-size: 20px;"><strong>Forme libre</strong> : pas de limite de temps, tronçon intermittent possible, aucune </span><span style="font-size: 20px;">inscription, ni avant, ni après</span></li>
<li><span style="font-size: 20px;"><strong>Formule touristique</strong> : temps libre mais avec information de l’organisation avant ou </span><span style="font-size: 20px;">après le parcours</span></li>
<li><span style="font-size: 20px;"><strong>Formule endurance</strong> avec un temps imparti et parcours en continu</span></li>
</ul>
<p><br /><span style="font-size: 20px;">Plus d’informations et inscriptions en suivant le lien =&gt;<strong> <a href="https://fect.info/index.php/actividad/radiales-ibericas/presentacion" target="_blank" rel="noreferrer noopener">Les Radiales Ibericas</a></strong></span></p>
<p> </p>



<div class="wp-block-columns is-layout-flex wp-container-core-columns-is-layout-1 wp-block-columns-is-layout-flex">
<div class="wp-block-column is-layout-flow wp-block-column-is-layout-flow" style="flex-basis:33.33%">
<figure class="wp-block-table is-style-stripes"><table><thead><tr><th>De Madrid à</th><th>km</th><th>D+</th><th>Cols</th></tr></thead><tbody><tr><td>1 &#8211; Roncesvalles</td><td>845</td><td>8100</td><td>12</td></tr><tr><td>2 &#8211; Andorra</td><td>1318</td><td>14730</td><td>10</td></tr><tr><td>3 &#8211; Vinaroz</td><td>973</td><td>14900</td><td>21</td></tr><tr><td>4 &#8211; Denia</td><td>970</td><td>9630</td><td>6</td></tr><tr><td>5 &#8211; Águilas</td><td>1006</td><td>10100</td><td>8</td></tr><tr><td>6 &#8211; Motril</td><td>1124</td><td>13000</td><td>18</td></tr><tr><td>7 &#8211; Chipiona</td><td>1153</td><td>9650</td><td>14</td></tr><tr><td>8 &#8211; Vila Nova<br>de Milfontes</td><td>1339</td><td>13450</td><td>14</td></tr><tr><td>9 &#8211; Figueira Da Foz</td><td>1082</td><td>15500</td><td>7</td></tr><tr><td>10 &#8211; Finisterre</td><td>1470</td><td>18900</td><td>12</td></tr><tr><td>11 &#8211; Gijón</td><td>1078</td><td>12400</td><td>15</td></tr><tr><td>12 &#8211; Laredo</td><td>930</td><td>10950</td><td>11</td></tr></tbody></table></figure>
</div>



<div class="wp-block-column is-layout-flow wp-block-column-is-layout-flow" style="flex-basis:66.66%">
<figure class="wp-block-image size-large is-resized"><img loading="lazy" decoding="async" src="https://centcols.org/backup/wp-content/uploads/2023/02/Radiales-1200x675.jpg" alt="" class="wp-image-71233" width="672" height="377" srcset="https://centcols.org/backup/wp-content/uploads/2023/02/Radiales-1200x675.jpg 1200w, https://centcols.org/backup/wp-content/uploads/2023/02/Radiales-500x281.jpg 500w, https://centcols.org/backup/wp-content/uploads/2023/02/Radiales-768x432.jpg 768w, https://centcols.org/backup/wp-content/uploads/2023/02/Radiales-600x338.jpg 600w, https://centcols.org/backup/wp-content/uploads/2023/02/Radiales.jpg 1280w" sizes="(max-width: 672px) 100vw, 672px" /></figure>
</div>
</div>



<div class="wp-block-columns is-layout-flex wp-container-core-columns-is-layout-5 wp-block-columns-is-layout-flex">
<div class="wp-block-column is-layout-flow wp-block-column-is-layout-flow" style="flex-basis:50%">
<div class="wp-block-columns is-layout-flex wp-container-core-columns-is-layout-4 wp-block-columns-is-layout-flex">
<div class="wp-block-column is-layout-flow wp-block-column-is-layout-flow" style="flex-basis:50%">
<div class="wp-block-columns is-layout-flex wp-container-core-columns-is-layout-2 wp-block-columns-is-layout-flex">
<div class="wp-block-column is-layout-flow wp-block-column-is-layout-flow" style="flex-basis:100%"></div>
</div>
</div>



<div class="wp-block-column is-layout-flow wp-block-column-is-layout-flow" style="flex-basis:33.33%">
<div class="wp-block-columns is-layout-flex wp-container-core-columns-is-layout-3 wp-block-columns-is-layout-flex">
<div class="wp-block-column is-layout-flow wp-block-column-is-layout-flow" style="flex-basis:100%"></div>
</div>
</div>
</div>
</div>
</div>

<p>Les Radiales Ibericas sont des propositions de voyages à vélo, sur route, créées par la Fédération Espagnole de Cyclotourisme. L’objectif principal est la promotion du cyclotourisme non compétitif et la découverte de toutes les provinces de la péninsule ibérique. 148 cols routiers se trouvent sur le parcours des Radiales sur un total de 2.660 cols [&hellip;]</p>

<p>Les Radiales Ibericas sont des propositions de voyages à vélo, sur route, créées par la Fédération Espagnole de Cyclotourisme. L’objectif principal est la promotion du cyclotourisme non compétitif et la découverte de toutes les provinces de la péninsule ibérique. 148 cols routiers se trouvent sur le parcours des Radiales sur un total de 2.660 cols routiers. Rappelons que l’Espagne est le pays qui comporte le plus de cols au monde. Les 12 Radiales ont pour points de départ un lieu différent situé dans la Communauté Autonome de Madrid, à la périphérie de la ville. Elles rayonnent vers des arrivées situées…</p>
