{"id":71330,"date":"2023-02-28T15:51:44","date_gmt":"2023-02-28T14:51:44","guid":{"rendered":"https:\/\/centcols.org\/backup\/?page_id=71330"},"modified":"2024-02-06T19:31:50","modified_gmt":"2024-02-06T18:31:50","slug":"cahier-des-charges-parcours-membres-or","status":"publish","type":"page","link":"https:\/\/centcols.org\/backup\/cahier-des-charges-parcours-membres-or\/","title":{"rendered":"Les parcours des membres labellis\u00e9s par le club : le cahier des charges"},"content":{"rendered":"\n<p>Les parcours labellis\u00e9s du Club des Cent Cols sont r\u00e9gis par un cahier des charges strict pour obtenir un ensemble coh\u00e9rent et repr\u00e9sentatif de parcours des membres du Club.<\/p>\n\n\n\n<p>Chaque parcours a un titre compos\u00e9 de&nbsp;:<\/p>\n\n\n\n<ul>\n<li>Le code national du pays dans lequel est situ\u00e9 le parcours en deux lettres<\/li>\n\n\n\n<li>Le code r\u00e9gional \/ d\u00e9partemental<\/li>\n\n\n\n<li>Le nom du parcours, selon le choix de l\u2019auteur<\/li>\n\n\n\n<li>Ex de titre : FR-74 Col de l\u2019Iseran \/ DE-BW Oppennau\u00a0\/ IT-CN Boucle des Intersile<\/li>\n<\/ul>\n\n\n\n<p>Les\u00a0<strong>informations<\/strong>\u00a0demand\u00e9es \u00e0 l\u2019auteur du parcours candidat sont\u00a0:<\/p>\n\n\n\n<ul>\n<li>Le&nbsp;<strong>pr\u00e9nom et le nom<\/strong>&nbsp;de l\u2019auteur du parcours (Pas de pseudonyme)<\/li>\n\n\n\n<li>Un&nbsp;<strong>descriptif sommaire<\/strong>&nbsp;qui incite \u00e0 faire ce parcours: deux ou trois phrases sur l\u2019int\u00e9r\u00eat, le patrimoine rencontr\u00e9, la beaut\u00e9 du lieu, etc<\/li>\n\n\n\n<li>La&nbsp;<strong>liste des cols<\/strong>&nbsp;sur la trace avec le nom et le code des cols avec le lien visugen<\/li>\n\n\n\n<li>La&nbsp;<strong>date<\/strong>&nbsp;\u00e0 laquelle le parcours a \u00e9t\u00e9 effectu\u00e9. L\u2019\u00e9tat des routes et la liste des cols peuvent changer au fil du temps. Tous les parcours doivent avoir \u00e9t\u00e9 reconnus.<\/li>\n\n\n\n<li>Le&nbsp;<strong>lieu de d\u00e9part<\/strong>&nbsp;comportant une aire de stationnement pour v\u00e9hicule.&nbsp;<\/li>\n\n\n\n<li>Plusieurs&nbsp;<strong>mots-cl\u00e9s<\/strong>&nbsp;(5 maximum) pour faciliter la recherche du parcours&nbsp;: le lieu de d\u00e9part et par exemple le nom du col principal, le nom du massif.<\/li>\n\n\n\n<li>Les informations utiles \u00e0 ceux qui suivront le parcours :<br>Pour les parcours routiers, les pourcentages s\u00e9v\u00e8res, la circulation automobile ambiante, etc.<br>Pour les itin\u00e9raires VTT\u00a0: les secteurs de poussage, leurs longueurs, les difficult\u00e9s probables, les dangers possibles, etc<\/li>\n<\/ul>\n\n\n\n<p>Tous les itin\u00e9raires labellis\u00e9s club-des-cent-cols sont propos\u00e9s \u00e0 titre indicatif.&nbsp;<mark>Les auteurs, le Club des Cent Cols d\u00e9gagent toute responsabilit\u00e9<\/mark>&nbsp;en vertu des impond\u00e9rables dus au cycliste lui-m\u00eame, au mat\u00e9riel utilis\u00e9, \u00e0 la m\u00e9t\u00e9o, et tout ce qui concerne la route, les chemins, leurs abords et les autres utilisateurs.<\/p>\n\n\n\n<h2 class=\"wp-block-heading has--font-size\">Les exigences \u00e0 respecter par les parcours<\/h2>\n\n\n\n<p>Les parcours ne doivent pas comporter d\u2019acc\u00e8s \u00e0 des cols interdits, ni traverser des propri\u00e9t\u00e9s priv\u00e9es ou entrer dans les Parcs Naturels et tout lieu non autoris\u00e9 en g\u00e9n\u00e9ral.<\/p>\n\n\n\n<h3 class=\"wp-block-heading\">Les\u00a0parcours routiers\u00a0doivent<\/h3>\n\n\n\n<ul>\n<li>Comporter au moins 1 col<\/li>\n\n\n\n<li>Rester dans un cadre de 100 km et 2500 m de D+ au maximum *<strong>&nbsp;<\/strong><\/li>\n<\/ul>\n\n\n\n<p class=\"has-medium-font-size\">Les <strong>parcours muletiers<\/strong>&nbsp;doivent<\/p>\n\n\n\n<h3 class=\"wp-block-heading\">Les\u00a0parcours muletiers\u00a0doivent<\/h3>\n\n\n\n<ul>\n<li>Comporter au moins 1 col&nbsp;<\/li>\n\n\n\n<li>Ne pas avoir de secteurs dangereux et ou acrobatiques&nbsp;<\/li>\n\n\n\n<li>Signaler les secteurs pouvant \u00eatre dissuasifs (vide, pont, vertige\u2026)<\/li>\n\n\n\n<li>Tol\u00e9rer des secteurs de poussage courts et faciles,&nbsp;connus qualitativement par l\u2019auteur<\/li>\n\n\n\n<li>Rester dans un cadre de 50 km et 1500 \/ 2000 m de D+ au maximum *<\/li>\n<\/ul>\n\n\n\n<h3 class=\"wp-block-heading\">Les\u00a0parcours gravels\u00a0doivent<\/h3>\n\n\n\n<ul>\n<li>Comporter au moins 1 col&nbsp;<\/li>\n\n\n\n<li>Rester dans un cadre de 70\/80 km et 2000 m de D+ au maximum *<\/li>\n\n\n\n<li>N\u2019avoir que des cols cyclables \u00e0 100% sur acc\u00e8s R1 et S1.<\/li>\n\n\n\n<li>Tol\u00e9rer quelques secteurs non cyclables mais courts (R2\/S2 en A\/R par exemple)<\/li>\n<\/ul>\n\n\n\n<p>* Une d\u00e9rogation (\u00e0 argumenter) est toujours envisageable compte tenu de l\u2019int\u00e9r\u00eat du parcours.<\/p>\n\n\n\n<h2 class=\"wp-block-heading has--font-size\">Organisation<\/h2>\n\n\n\n<p>Les membres doivent proposer leurs parcours \u00e0 l\u2019adresse suivante&nbsp;:<\/p>\n\n\n\n<p><a href=\"mailto:parcours-or@centcols.net\" target=\"_blank\" rel=\"noreferrer noopener\"><strong>parcours-or@centcols.net<\/strong><\/a><\/p>\n\n\n\n<p>Un groupe de trois personnes est charg\u00e9 d\u2019examiner la recevabilit\u00e9 du parcours propos\u00e9 par l\u2019auteur en fonction des crit\u00e8res \u00e9nonc\u00e9s.&nbsp;Il sera charg\u00e9 de pr\u00e9senter les parcours sur le site du club, de les publier dans le compte du club sur Openrunner, et de les g\u00e9rer.<\/p>\n\n\n\n<p>Ainsi, les parcours seront list\u00e9s sur le site du club, dans le menu \u00ab Randonner \/ Parcours membres \/ parcours labellis\u00e9s \u00bb et chaque parcours pourra \u00eatre ouvert&nbsp; sur OpenRunner par un lien direct sur son nom<\/p>\n\n\n\n<p>Ce groupe est compos\u00e9 de :<\/p>\n\n\n\n<ul>\n<li>Bernard Giraudeau<\/li>\n\n\n\n<li>Christophe Badonnel&nbsp;<\/li>\n\n\n\n<li>Enrico Alberini<\/li>\n<\/ul>\n\n\n\n<h2 class=\"wp-block-heading has--font-size\">Le compte du club sur Openrunner<\/h2>\n\n\n\n<p>Pour trouver la compilation officielle des parcours du club\u00a0:\u00a0<\/p>\n\n\n\n<ul>\n<li>Se rendre sur Openrunner =&gt;&nbsp;<strong><a href=\"https:\/\/www.openrunner.com\/\" target=\"_blank\" rel=\"noreferrer noopener\">https:\/\/www.openrunner.com\/<\/a><\/strong><\/li>\n\n\n\n<li>Cliquer sur \u201cchercher un parcours\u201d<\/li>\n\n\n\n<li>Indiquer \u00ab&nbsp;club-des-cent-cols&nbsp;\u00bb dans \u201cAuteur\u201d&nbsp;<\/li>\n\n\n\n<li>L\u2019ajout de mots-cl\u00e9s, de votre choix, permet aussi d\u2019affiner votre recherche<\/li>\n\n\n\n<li>Chaque parcours officiel du club est facilement identifiable par la pr\u00e9sence du logo du club.<\/li>\n<\/ul>\n","protected":false},"excerpt":{"rendered":"<p>Les parcours labellis\u00e9s du Club des Cent Cols sont r\u00e9gis par un cahier des charges strict pour obtenir un ensemble coh\u00e9rent et repr\u00e9sentatif de parcours des membres du Club. Chaque parcours a un titre compos\u00e9 de&nbsp;: Les\u00a0informations\u00a0demand\u00e9es \u00e0 l\u2019auteur du parcours candidat sont\u00a0: Tous les itin\u00e9raires labellis\u00e9s club-des-cent-cols sont propos\u00e9s \u00e0 titre indicatif.&nbsp;Les auteurs, le [&hellip;]<\/p>\n","protected":false},"author":397,"featured_media":0,"parent":0,"menu_order":0,"comment_status":"closed","ping_status":"closed","template":"","meta":{"_acf_changed":false,"ub_ctt_via":"","_monsterinsights_skip_tracking":false,"_monsterinsights_sitenote_active":false,"_monsterinsights_sitenote_note":"","_monsterinsights_sitenote_category":0,"footnotes":""},"acf":[],"featured_image_urls":{"full":"","thumbnail":"","medium":"","medium_large":"","large":"","1536x1536":"","2048x2048":"","woocommerce_thumbnail":"","woocommerce_single":"","woocommerce_gallery_thumbnail":""},"post_excerpt_stackable":"<p>Les parcours labellis\u00e9s du Club des Cent Cols sont r\u00e9gis par un cahier des charges strict pour obtenir un ensemble coh\u00e9rent et repr\u00e9sentatif de parcours des membres du Club. Chaque parcours a un titre compos\u00e9 de&nbsp;: Le code national du pays dans lequel est situ\u00e9 le parcours en deux lettres Le code r\u00e9gional \/ d\u00e9partemental Le nom du parcours, selon le choix de l\u2019auteur Ex de titre : FR-74 Col de l\u2019Iseran \/ DE-BW Oppennau\u00a0\/ IT-CN Boucle des Intersile Les\u00a0informations\u00a0demand\u00e9es \u00e0 l\u2019auteur du parcours candidat sont\u00a0: Le&nbsp;pr\u00e9nom et le nom&nbsp;de l\u2019auteur du parcours (Pas de pseudonyme) Un&nbsp;descriptif sommaire&nbsp;qui incite \u00e0\u2026<\/p>\n","category_list":"","author_info":{"name":"Denis Chouquet-Stringer","url":"https:\/\/centcols.org\/backup\/author\/6183\/"},"comments_num":"0 commentaire","featured_image_urls_v2":{"full":"","thumbnail":"","medium":"","medium_large":"","large":"","1536x1536":"","2048x2048":"","woocommerce_thumbnail":"","woocommerce_single":"","woocommerce_gallery_thumbnail":""},"post_excerpt_stackable_v2":"<p>Les parcours labellis\u00e9s du Club des Cent Cols sont r\u00e9gis par un cahier des charges strict pour obtenir un ensemble coh\u00e9rent et repr\u00e9sentatif de parcours des membres du Club. Chaque parcours a un titre compos\u00e9 de&nbsp;: Le code national du pays dans lequel est situ\u00e9 le parcours en deux lettres Le code r\u00e9gional \/ d\u00e9partemental Le nom du parcours, selon le choix de l\u2019auteur Ex de titre : FR-74 Col de l\u2019Iseran \/ DE-BW Oppennau\u00a0\/ IT-CN Boucle des Intersile Les\u00a0informations\u00a0demand\u00e9es \u00e0 l\u2019auteur du parcours candidat sont\u00a0: Le&nbsp;pr\u00e9nom et le nom&nbsp;de l\u2019auteur du parcours (Pas de pseudonyme) Un&nbsp;descriptif sommaire&nbsp;qui incite \u00e0\u2026<\/p>\n","category_list_v2":"","author_info_v2":{"name":"Denis Chouquet-Stringer","url":"https:\/\/centcols.org\/backup\/author\/6183\/"},"comments_num_v2":"0 commentaire","featured_image_src":null,"_links":{"self":[{"href":"https:\/\/centcols.org\/backup\/wp-json\/wp\/v2\/pages\/71330"}],"collection":[{"href":"https:\/\/centcols.org\/backup\/wp-json\/wp\/v2\/pages"}],"about":[{"href":"https:\/\/centcols.org\/backup\/wp-json\/wp\/v2\/types\/page"}],"author":[{"embeddable":true,"href":"https:\/\/centcols.org\/backup\/wp-json\/wp\/v2\/users\/397"}],"replies":[{"embeddable":true,"href":"https:\/\/centcols.org\/backup\/wp-json\/wp\/v2\/comments?post=71330"}],"version-history":[{"count":0,"href":"https:\/\/centcols.org\/backup\/wp-json\/wp\/v2\/pages\/71330\/revisions"}],"wp:attachment":[{"href":"https:\/\/centcols.org\/backup\/wp-json\/wp\/v2\/media?parent=71330"}],"curies":[{"name":"wp","href":"https:\/\/api.w.org\/{rel}","templated":true}]}}

Les parcours des membres labellisés par le club : le cahier des charges

<p>Les parcours labellisés du Club des Cent Cols sont régis par un cahier des charges strict pour obtenir un ensemble cohérent et représentatif de parcours des membres du Club.</p>



<p>Chaque parcours a un titre composé de&nbsp;:</p>



<ul>
<li>Le code national du pays dans lequel est situé le parcours en deux lettres</li>



<li>Le code régional / départemental</li>



<li>Le nom du parcours, selon le choix de l’auteur</li>



<li>Ex de titre : FR-74 Col de l’Iseran / DE-BW Oppennau / IT-CN Boucle des Intersile</li>
</ul>



<p>Les <strong>informations</strong> demandées à l’auteur du parcours candidat sont :</p>



<ul>
<li>Le&nbsp;<strong>prénom et le nom</strong>&nbsp;de l’auteur du parcours (Pas de pseudonyme)</li>



<li>Un&nbsp;<strong>descriptif sommaire</strong>&nbsp;qui incite à faire ce parcours: deux ou trois phrases sur l’intérêt, le patrimoine rencontré, la beauté du lieu, etc</li>



<li>La&nbsp;<strong>liste des cols</strong>&nbsp;sur la trace avec le nom et le code des cols avec le lien visugen</li>



<li>La&nbsp;<strong>date</strong>&nbsp;à laquelle le parcours a été effectué. L’état des routes et la liste des cols peuvent changer au fil du temps. Tous les parcours doivent avoir été reconnus.</li>



<li>Le&nbsp;<strong>lieu de départ</strong>&nbsp;comportant une aire de stationnement pour véhicule.&nbsp;</li>



<li>Plusieurs&nbsp;<strong>mots-clés</strong>&nbsp;(5 maximum) pour faciliter la recherche du parcours&nbsp;: le lieu de départ et par exemple le nom du col principal, le nom du massif.</li>



<li>Les informations utiles à ceux qui suivront le parcours :<br>Pour les parcours routiers, les pourcentages sévères, la circulation automobile ambiante, etc.<br>Pour les itinéraires VTT : les secteurs de poussage, leurs longueurs, les difficultés probables, les dangers possibles, etc</li>
</ul>



<p>Tous les itinéraires labellisés club-des-cent-cols sont proposés à titre indicatif.&nbsp;<mark>Les auteurs, le Club des Cent Cols dégagent toute responsabilité</mark>&nbsp;en vertu des impondérables dus au cycliste lui-même, au matériel utilisé, à la météo, et tout ce qui concerne la route, les chemins, leurs abords et les autres utilisateurs.</p>



<h2 class="wp-block-heading has--font-size">Les exigences à respecter par les parcours</h2>



<p>Les parcours ne doivent pas comporter d’accès à des cols interdits, ni traverser des propriétés privées ou entrer dans les Parcs Naturels et tout lieu non autorisé en général.</p>



<h3 class="wp-block-heading">Les parcours routiers doivent</h3>



<ul>
<li>Comporter au moins 1 col</li>



<li>Rester dans un cadre de 100 km et 2500 m de D+ au maximum *<strong>&nbsp;</strong></li>
</ul>



<p class="has-medium-font-size">Les <strong>parcours muletiers</strong>&nbsp;doivent</p>



<h3 class="wp-block-heading">Les parcours muletiers doivent</h3>



<ul>
<li>Comporter au moins 1 col&nbsp;</li>



<li>Ne pas avoir de secteurs dangereux et ou acrobatiques&nbsp;</li>



<li>Signaler les secteurs pouvant être dissuasifs (vide, pont, vertige…)</li>



<li>Tolérer des secteurs de poussage courts et faciles,&nbsp;connus qualitativement par l’auteur</li>



<li>Rester dans un cadre de 50 km et 1500 / 2000 m de D+ au maximum *</li>
</ul>



<h3 class="wp-block-heading">Les parcours gravels doivent</h3>



<ul>
<li>Comporter au moins 1 col&nbsp;</li>



<li>Rester dans un cadre de 70/80 km et 2000 m de D+ au maximum *</li>



<li>N’avoir que des cols cyclables à 100% sur accès R1 et S1.</li>



<li>Tolérer quelques secteurs non cyclables mais courts (R2/S2 en A/R par exemple)</li>
</ul>



<p>* Une dérogation (à argumenter) est toujours envisageable compte tenu de l’intérêt du parcours.</p>



<h2 class="wp-block-heading has--font-size">Organisation</h2>



<p>Les membres doivent proposer leurs parcours à l’adresse suivante&nbsp;:</p>



<p><a href="mailto:parcours-or@centcols.net" target="_blank" rel="noreferrer noopener"><strong>parcours-or@centcols.net</strong></a></p>



<p>Un groupe de trois personnes est chargé d’examiner la recevabilité du parcours proposé par l’auteur en fonction des critères énoncés.&nbsp;Il sera chargé de présenter les parcours sur le site du club, de les publier dans le compte du club sur Openrunner, et de les gérer.</p>



<p>Ainsi, les parcours seront listés sur le site du club, dans le menu « Randonner / Parcours membres / parcours labellisés » et chaque parcours pourra être ouvert&nbsp; sur OpenRunner par un lien direct sur son nom</p>



<p>Ce groupe est composé de :</p>



<ul>
<li>Bernard Giraudeau</li>



<li>Christophe Badonnel&nbsp;</li>



<li>Enrico Alberini</li>
</ul>



<h2 class="wp-block-heading has--font-size">Le compte du club sur Openrunner</h2>



<p>Pour trouver la compilation officielle des parcours du club : </p>



<ul>
<li>Se rendre sur Openrunner =&gt;&nbsp;<strong><a href="https://www.openrunner.com/" target="_blank" rel="noreferrer noopener">https://www.openrunner.com/</a></strong></li>



<li>Cliquer sur “chercher un parcours”</li>



<li>Indiquer «&nbsp;club-des-cent-cols&nbsp;» dans “Auteur”&nbsp;</li>



<li>L’ajout de mots-clés, de votre choix, permet aussi d’affiner votre recherche</li>



<li>Chaque parcours officiel du club est facilement identifiable par la présence du logo du club.</li>
</ul>

<p>Les parcours labellisés du Club des Cent Cols sont régis par un cahier des charges strict pour obtenir un ensemble cohérent et représentatif de parcours des membres du Club. Chaque parcours a un titre composé de&nbsp;: Les informations demandées à l’auteur du parcours candidat sont : Tous les itinéraires labellisés club-des-cent-cols sont proposés à titre indicatif.&nbsp;Les auteurs, le [&hellip;]</p>

<p>Les parcours labellisés du Club des Cent Cols sont régis par un cahier des charges strict pour obtenir un ensemble cohérent et représentatif de parcours des membres du Club. Chaque parcours a un titre composé de&nbsp;: Le code national du pays dans lequel est situé le parcours en deux lettres Le code régional / départemental Le nom du parcours, selon le choix de l’auteur Ex de titre : FR-74 Col de l’Iseran / DE-BW Oppennau / IT-CN Boucle des Intersile Les informations demandées à l’auteur du parcours candidat sont : Le&nbsp;prénom et le nom&nbsp;de l’auteur du parcours (Pas de pseudonyme) Un&nbsp;descriptif sommaire&nbsp;qui incite à…</p>
