{"id":71409,"date":"2023-03-07T09:17:30","date_gmt":"2023-03-07T08:17:30","guid":{"rendered":"https:\/\/centcols.org\/backup\/?page_id=71409"},"modified":"2023-03-07T09:21:18","modified_gmt":"2023-03-07T08:21:18","slug":"visite-nouvelle-page-daccueil","status":"publish","type":"page","link":"https:\/\/centcols.org\/backup\/visite-nouvelle-page-daccueil\/","title":{"rendered":"La visite de la nouvelle page d&#8217;accueil"},"content":{"rendered":"\n<p class=\"has-medium-font-size\">Elle se d\u00e9cline en 2 parties&nbsp;:<\/p>\n\n\n\n<ul>\n<li><span style=\"font-size: 20px;\">Une partie avec 4 onglets<\/span>\n<ul>\n<li><span style=\"font-size: 20px;\">Qui sommes-nous&nbsp;?<\/span><\/li>\n<\/ul>\n<ul>\n<li><span style=\"font-size: 20px;\">A la une<\/span><\/li>\n<\/ul>\n<ul>\n<li><span style=\"font-size: 20px;\">Presse<\/span><\/li>\n<\/ul>\n<ul>\n<li><span style=\"font-size: 20px;\">La Gazette<\/span><\/li>\n<\/ul>\n<\/li>\n<li><span style=\"font-size: 20px;\">Une partie, toujours visible sous les 4 onglets, avec 3 paragraphes<\/span>\n<ul>\n<li><span style=\"font-size: 20px;\">Les calendriers, du club, des cyclomontagnardes, des semaines europ\u00e9enne et f\u00e9d\u00e9rale<\/span><\/li>\n<\/ul>\n<ul>\n<li><span style=\"font-size: 20px;\">Les partenariats<\/span><\/li>\n<\/ul>\n<ul>\n<li><span style=\"font-size: 20px;\">Les dossiers de presse<\/span><\/li>\n<\/ul>\n<\/li>\n<\/ul>\n\n\n\n<p class=\"has-medium-font-size\"><strong>Les 4 onglets<\/strong><\/p>\n\n\n\n<p class=\"has-medium-font-size\"><ul>\n<li class=\"has-medium-font-size\">Qui sommes-nous&nbsp;? Sans changement, hors la pr\u00e9sentation<\/li>\n<\/ul><\/p>\n\n\n\n<p class=\"has-medium-font-size\"><ul>\n<li class=\"has-medium-font-size\">A la une&nbsp;: les sujets importants du moment. Exemple actuellement, l\u2019ICC, les inscriptions pour le s\u00e9jour de Praz-sur-Arly. La page sera actualis\u00e9e chaque fois que n\u00e9cessaire<\/li>\n<\/ul><\/p>\n\n\n\n<p class=\"has-medium-font-size\"><ul>\n<li class=\"has-medium-font-size\">Presse&nbsp;: les derniers articles parus dans la presse, concernant le club et ses activit\u00e9s. Mis \u00e0 jour \u00e0 chaque nouvelle parution<\/li>\n<\/ul><\/p>\n\n\n\n<p class=\"has-medium-font-size\"><ul>\n<li class=\"has-medium-font-size\">La Gazette&nbsp;: le gros morceau.<\/li>\n<\/ul><\/p>\n\n\n\n<p class=\"has-medium-font-size\">3 sous titres&nbsp;: Le Club, Les F\u00e9d\u00e9s, P\u00eale-M\u00eale<\/p>\n\n\n\n<p class=\"has-medium-font-size\">Le mode d\u2019emploi de la gazette est universel&nbsp;: tout nouveau sujet trait\u00e9 dans la gazette est annonc\u00e9 dans \u00ab&nbsp;La Gazette, quoi de neuf&nbsp;?&nbsp;\u00bb<\/p>\n\n\n\n<p class=\"has-medium-font-size\">Si le sujet est repris sur le site lui-m\u00eame, alors on le retrouve aussi dans \u00ab&nbsp;Le site, quoi de neuf&nbsp;?\u00bb.<\/p>\n\n\n\n<p class=\"has-medium-font-size\">Sinon, c\u2019est un sujet \u00ab&nbsp;autonome&nbsp;\u00bb, et il se trouve dans une des sous rubriques de la Gazette. Et \u00ab&nbsp;La Gazette, quoi de neuf&nbsp;?&nbsp;\u00bb pr\u00e9cise o\u00f9 exactement.<\/p>\n\n\n\n<p class=\"has-medium-font-size\"><strong>Les 4 calendriers<\/strong><\/p>\n\n\n\n<p class=\"has-medium-font-size\">Bien s\u00fbr, ils seront mis \u00e0 jour au fur et \u00e0 mesure de l\u2019avancement dans l\u2019ann\u00e9e, les listes d&#8217;\u00e9v\u00e9nements vont se raccourcir.<\/p>\n\n\n\n<p class=\"has-medium-font-size\"><strong>Les Partenaires<\/strong><\/p>\n\n\n\n<p class=\"has-medium-font-size\">Comme dans toute organisation, il y a plusieurs niveaux de partenaires. Ici, ne sont rassembl\u00e9s que les partenaires \u00ab&nbsp;premium&nbsp;\u00bb (\u00e0 noter qu\u2019actuellement, il n\u2019y a quasiment pas de partenaires de second niveau)&nbsp;:<\/p>\n\n\n\n<ul>\n<li><span style=\"font-size: 20px;\">la FFCT, le partenaire historique,<\/span><\/li>\n<li><span style=\"font-size: 20px;\">l\u2019UECT et la FECT que nous avons approch\u00e9s en 2022 et dont nous attendons des ouvertures (des nouveaux membres) au niveau europ\u00e9en,<\/span><\/li>\n<li><span style=\"font-size: 20px;\">OpenRunner le partenaire de nos parcours et de nos cols<\/span><\/li>\n<\/ul>\n\n\n\n<p class=\"has-medium-font-size\"><strong>Les dossiers de presse<\/strong><\/p>\n\n\n\n<p class=\"has-medium-font-size\">Derri\u00e8re les 6 drapeaux, les 6 dossiers de presse dans les langues correspondantes.<\/p>\n\n\n\n<p class=\"has-medium-font-size\">Ils ont \u00e9t\u00e9 mis \u00e0 jour en ce d\u00e9but d\u2019ann\u00e9e et si vous deviez pr\u00e9senter le club de fa\u00e7on synth\u00e9tique, tout est ici, il n\u2019y a qu\u2019\u00e0 r\u00e9sumer (si n\u00e9cessaire&nbsp;!)<\/p>\n\n\n\n<p class=\"has-medium-font-size\">En conclusion de ces nouveaut\u00e9s de la page d\u2019accueil, n\u2019oublions pas le <strong>bandeau photo <\/strong>de toutes les pages et menus du site. Il est aliment\u00e9 par un carrousel de 12 photos, renouvel\u00e9 \u00e0 raison de 3 photos par semaine. Mais on en parle plus longuement dans le <a href=\"https:\/\/centcols.org\/backup\/le-carrousel-photos-de-la-page-daccueil\/\" target=\"_blank\" rel=\"noreferrer noopener\"><strong>cahier des charges<\/strong><\/a> et les photos du bandeau sont visibles <a href=\"https:\/\/centcols.org\/backup\/les-photos-du-bandeau-daccueil\/\" target=\"_blank\" rel=\"noreferrer noopener\"><strong>ici<\/strong><\/a><\/p>\n","protected":false},"excerpt":{"rendered":"<p>Elle se d\u00e9cline en 2 parties&nbsp;: Une partie avec 4 onglets Qui sommes-nous&nbsp;? A la une Presse La Gazette Une partie, toujours visible sous les 4 onglets, avec 3 paragraphes Les calendriers, du club, des cyclomontagnardes, des semaines europ\u00e9enne et f\u00e9d\u00e9rale Les partenariats Les dossiers de presse Les 4 onglets Qui sommes-nous&nbsp;? Sans changement, hors [&hellip;]<\/p>\n","protected":false},"author":397,"featured_media":0,"parent":0,"menu_order":0,"comment_status":"closed","ping_status":"closed","template":"","meta":{"_acf_changed":false,"ub_ctt_via":"","_monsterinsights_skip_tracking":false,"_monsterinsights_sitenote_active":false,"_monsterinsights_sitenote_note":"","_monsterinsights_sitenote_category":0,"footnotes":""},"acf":[],"featured_image_urls":{"full":"","thumbnail":"","medium":"","medium_large":"","large":"","1536x1536":"","2048x2048":"","woocommerce_thumbnail":"","woocommerce_single":"","woocommerce_gallery_thumbnail":""},"post_excerpt_stackable":"<p>Elle se d\u00e9cline en 2 parties&nbsp;: Une partie avec 4 onglets Qui sommes-nous&nbsp;? A la une Presse La Gazette Une partie, toujours visible sous les 4 onglets, avec 3 paragraphes Les calendriers, du club, des cyclomontagnardes, des semaines europ\u00e9enne et f\u00e9d\u00e9rale Les partenariats Les dossiers de presse Les 4 onglets Qui sommes-nous&nbsp;? Sans changement, hors la pr\u00e9sentation A la une&nbsp;: les sujets importants du moment. Exemple actuellement, l\u2019ICC, les inscriptions pour le s\u00e9jour de Praz-sur-Arly. La page sera actualis\u00e9e chaque fois que n\u00e9cessaire Presse&nbsp;: les derniers articles parus dans la presse, concernant le club et ses activit\u00e9s. Mis \u00e0 jour\u2026<\/p>\n","category_list":"","author_info":{"name":"Denis Chouquet-Stringer","url":"https:\/\/centcols.org\/backup\/author\/6183\/"},"comments_num":"0 commentaire","featured_image_urls_v2":{"full":"","thumbnail":"","medium":"","medium_large":"","large":"","1536x1536":"","2048x2048":"","woocommerce_thumbnail":"","woocommerce_single":"","woocommerce_gallery_thumbnail":""},"post_excerpt_stackable_v2":"<p>Elle se d\u00e9cline en 2 parties&nbsp;: Une partie avec 4 onglets Qui sommes-nous&nbsp;? A la une Presse La Gazette Une partie, toujours visible sous les 4 onglets, avec 3 paragraphes Les calendriers, du club, des cyclomontagnardes, des semaines europ\u00e9enne et f\u00e9d\u00e9rale Les partenariats Les dossiers de presse Les 4 onglets Qui sommes-nous&nbsp;? Sans changement, hors la pr\u00e9sentation A la une&nbsp;: les sujets importants du moment. Exemple actuellement, l\u2019ICC, les inscriptions pour le s\u00e9jour de Praz-sur-Arly. La page sera actualis\u00e9e chaque fois que n\u00e9cessaire Presse&nbsp;: les derniers articles parus dans la presse, concernant le club et ses activit\u00e9s. Mis \u00e0 jour\u2026<\/p>\n","category_list_v2":"","author_info_v2":{"name":"Denis Chouquet-Stringer","url":"https:\/\/centcols.org\/backup\/author\/6183\/"},"comments_num_v2":"0 commentaire","featured_image_src":null,"_links":{"self":[{"href":"https:\/\/centcols.org\/backup\/wp-json\/wp\/v2\/pages\/71409"}],"collection":[{"href":"https:\/\/centcols.org\/backup\/wp-json\/wp\/v2\/pages"}],"about":[{"href":"https:\/\/centcols.org\/backup\/wp-json\/wp\/v2\/types\/page"}],"author":[{"embeddable":true,"href":"https:\/\/centcols.org\/backup\/wp-json\/wp\/v2\/users\/397"}],"replies":[{"embeddable":true,"href":"https:\/\/centcols.org\/backup\/wp-json\/wp\/v2\/comments?post=71409"}],"version-history":[{"count":0,"href":"https:\/\/centcols.org\/backup\/wp-json\/wp\/v2\/pages\/71409\/revisions"}],"wp:attachment":[{"href":"https:\/\/centcols.org\/backup\/wp-json\/wp\/v2\/media?parent=71409"}],"curies":[{"name":"wp","href":"https:\/\/api.w.org\/{rel}","templated":true}]}}

<p class="has-medium-font-size">Elle se décline en 2 parties&nbsp;:</p>



<ul>
<li><span style="font-size: 20px;">Une partie avec 4 onglets</span>
<ul>
<li><span style="font-size: 20px;">Qui sommes-nous&nbsp;?</span></li>
</ul>
<ul>
<li><span style="font-size: 20px;">A la une</span></li>
</ul>
<ul>
<li><span style="font-size: 20px;">Presse</span></li>
</ul>
<ul>
<li><span style="font-size: 20px;">La Gazette</span></li>
</ul>
</li>
<li><span style="font-size: 20px;">Une partie, toujours visible sous les 4 onglets, avec 3 paragraphes</span>
<ul>
<li><span style="font-size: 20px;">Les calendriers, du club, des cyclomontagnardes, des semaines européenne et fédérale</span></li>
</ul>
<ul>
<li><span style="font-size: 20px;">Les partenariats</span></li>
</ul>
<ul>
<li><span style="font-size: 20px;">Les dossiers de presse</span></li>
</ul>
</li>
</ul>



<p class="has-medium-font-size"><strong>Les 4 onglets</strong></p>



<p class="has-medium-font-size"><ul>
<li class="has-medium-font-size">Qui sommes-nous&nbsp;? Sans changement, hors la présentation</li>
</ul></p>



<p class="has-medium-font-size"><ul>
<li class="has-medium-font-size">A la une&nbsp;: les sujets importants du moment. Exemple actuellement, l’ICC, les inscriptions pour le séjour de Praz-sur-Arly. La page sera actualisée chaque fois que nécessaire</li>
</ul></p>



<p class="has-medium-font-size"><ul>
<li class="has-medium-font-size">Presse&nbsp;: les derniers articles parus dans la presse, concernant le club et ses activités. Mis à jour à chaque nouvelle parution</li>
</ul></p>



<p class="has-medium-font-size"><ul>
<li class="has-medium-font-size">La Gazette&nbsp;: le gros morceau.</li>
</ul></p>



<p class="has-medium-font-size">3 sous titres&nbsp;: Le Club, Les Fédés, Pêle-Mêle</p>



<p class="has-medium-font-size">Le mode d’emploi de la gazette est universel&nbsp;: tout nouveau sujet traité dans la gazette est annoncé dans «&nbsp;La Gazette, quoi de neuf&nbsp;?&nbsp;»</p>



<p class="has-medium-font-size">Si le sujet est repris sur le site lui-même, alors on le retrouve aussi dans «&nbsp;Le site, quoi de neuf&nbsp;?».</p>



<p class="has-medium-font-size">Sinon, c’est un sujet «&nbsp;autonome&nbsp;», et il se trouve dans une des sous rubriques de la Gazette. Et «&nbsp;La Gazette, quoi de neuf&nbsp;?&nbsp;» précise où exactement.</p>



<p class="has-medium-font-size"><strong>Les 4 calendriers</strong></p>



<p class="has-medium-font-size">Bien sûr, ils seront mis à jour au fur et à mesure de l’avancement dans l’année, les listes d&#8217;événements vont se raccourcir.</p>



<p class="has-medium-font-size"><strong>Les Partenaires</strong></p>



<p class="has-medium-font-size">Comme dans toute organisation, il y a plusieurs niveaux de partenaires. Ici, ne sont rassemblés que les partenaires «&nbsp;premium&nbsp;» (à noter qu’actuellement, il n’y a quasiment pas de partenaires de second niveau)&nbsp;:</p>



<ul>
<li><span style="font-size: 20px;">la FFCT, le partenaire historique,</span></li>
<li><span style="font-size: 20px;">l’UECT et la FECT que nous avons approchés en 2022 et dont nous attendons des ouvertures (des nouveaux membres) au niveau européen,</span></li>
<li><span style="font-size: 20px;">OpenRunner le partenaire de nos parcours et de nos cols</span></li>
</ul>



<p class="has-medium-font-size"><strong>Les dossiers de presse</strong></p>



<p class="has-medium-font-size">Derrière les 6 drapeaux, les 6 dossiers de presse dans les langues correspondantes.</p>



<p class="has-medium-font-size">Ils ont été mis à jour en ce début d’année et si vous deviez présenter le club de façon synthétique, tout est ici, il n’y a qu’à résumer (si nécessaire&nbsp;!)</p>



<p class="has-medium-font-size">En conclusion de ces nouveautés de la page d’accueil, n’oublions pas le <strong>bandeau photo </strong>de toutes les pages et menus du site. Il est alimenté par un carrousel de 12 photos, renouvelé à raison de 3 photos par semaine. Mais on en parle plus longuement dans le <a href="https://centcols.org/backup/le-carrousel-photos-de-la-page-daccueil/" target="_blank" rel="noreferrer noopener"><strong>cahier des charges</strong></a> et les photos du bandeau sont visibles <a href="https://centcols.org/backup/les-photos-du-bandeau-daccueil/" target="_blank" rel="noreferrer noopener"><strong>ici</strong></a></p>

<p>Elle se décline en 2 parties&nbsp;: Une partie avec 4 onglets Qui sommes-nous&nbsp;? A la une Presse La Gazette Une partie, toujours visible sous les 4 onglets, avec 3 paragraphes Les calendriers, du club, des cyclomontagnardes, des semaines européenne et fédérale Les partenariats Les dossiers de presse Les 4 onglets Qui sommes-nous&nbsp;? Sans changement, hors [&hellip;]</p>

<p>Elle se décline en 2 parties&nbsp;: Une partie avec 4 onglets Qui sommes-nous&nbsp;? A la une Presse La Gazette Une partie, toujours visible sous les 4 onglets, avec 3 paragraphes Les calendriers, du club, des cyclomontagnardes, des semaines européenne et fédérale Les partenariats Les dossiers de presse Les 4 onglets Qui sommes-nous&nbsp;? Sans changement, hors la présentation A la une&nbsp;: les sujets importants du moment. Exemple actuellement, l’ICC, les inscriptions pour le séjour de Praz-sur-Arly. La page sera actualisée chaque fois que nécessaire Presse&nbsp;: les derniers articles parus dans la presse, concernant le club et ses activités. Mis à jour…</p>
