{"id":71738,"date":"2023-03-30T16:17:00","date_gmt":"2023-03-30T14:17:00","guid":{"rendered":"https:\/\/centcols.org\/backup\/?page_id=71738"},"modified":"2023-03-30T16:30:00","modified_gmt":"2023-03-30T14:30:00","slug":"convention-club-ami-avec-lamicale-des-cyclos-cardiaques","status":"publish","type":"page","link":"https:\/\/centcols.org\/backup\/convention-club-ami-avec-lamicale-des-cyclos-cardiaques\/","title":{"rendered":"Convention  &#8220;Club ami&#8221; avec l\u2019Amicale des cyclos cardiaques"},"content":{"rendered":"\n<p class=\"has-medium-font-size\">Sur la demande originelle d\u2019Andr\u00e9 Liotier, membre du Club des Cent Cols et de l\u2019Amicale des cyclos cardiaques, Bernard Giraudeau a propos\u00e9 aux membres du CA du club la signature <strong>d\u2019une convention de <\/strong><strong>&#8220;<\/strong><strong>CLUB AMI<\/strong><strong>&#8220;<\/strong><strong> de l\u2019Amicale des cyclos cardiaques.<\/strong><\/p>\n\n\n\n<p class=\"has-medium-font-size\">Le pr\u00e9sident de l\u2019ACC, Jo\u00ebl Grandjean a re\u00e7u cette convention sign\u00e9e le 18 f\u00e9vrier dernier. Elle sera officialis\u00e9e par une publication dans la revue le bulletin &#8220;C\u0153ur et V\u00e9lo&#8221; n\u00b0 155 de juin 2023.<\/p>\n\n\n\n<p class=\"has-medium-font-size\">Nous nous sommes procur\u00e9s la publication en avant-premi\u00e8re :<\/p>\n\n\n\n<figure class=\"wp-block-image size-large is-resized\"><img loading=\"lazy\" decoding=\"async\" src=\"https:\/\/centcols.org\/backup\/wp-content\/uploads\/2023\/03\/Image1.png\" alt=\"\" class=\"wp-image-71739\" width=\"785\" height=\"214\" srcset=\"https:\/\/centcols.org\/backup\/wp-content\/uploads\/2023\/03\/Image1.png 605w, https:\/\/centcols.org\/backup\/wp-content\/uploads\/2023\/03\/Image1-500x136.png 500w, https:\/\/centcols.org\/backup\/wp-content\/uploads\/2023\/03\/Image1-600x164.png 600w\" sizes=\"(max-width: 785px) 100vw, 785px\" \/><\/figure>\n\n\n\n<p class=\"has-medium-font-size\">Pourquoi avoir sign\u00e9 une convention avec l\u2019ACC&nbsp;?<\/p>\n\n\n\n<p class=\"has-medium-font-size\">Quand dans notre pratique de cyclistes, on parle de &#8220;force musculaire&#8221;, on pense imm\u00e9diatement \u00e0 l\u2019action des muscles des mollets (\u00e0 tord) aux muscles des cuisses et des fessiers (\u00e0 raison), mais jamais \u00e0 celle du muscle cardiaque. Et pourtant l\u2019activit\u00e9 de ce muscle est ph\u00e9nom\u00e9nale, incontournable mais demeure la cible de nombreuses pathologies invalidantes.<\/p>\n\n\n\n<p class=\"has-medium-font-size\">Se retrouver \u00e0 terre apr\u00e8s une collision ou une erreur de pilotage laissera la plupart du temps aux cyclistes quelques s\u00e9quelles morales, physiques et esth\u00e9tiques transitoires. On peut en prendre conscience dans <a href=\"https:\/\/centcols.org\/backup\/wp-content\/uploads\/2022\/12\/Accidentologie-74-1.pdf\" target=\"_blank\" rel=\"noreferrer noopener\">l&#8217;accidentologie en Haute-Savoie<\/a>, que nous a communiqu\u00e9e le Codep74 et telle qu&#8217;elle est r\u00e9sum\u00e9e sur le site (dans <a href=\"https:\/\/centcols.org\/backup\/securite-a-velo\/\" target=\"_blank\" rel=\"noreferrer noopener\">La gazette \/ P\u00eale-M\u00eale \/ S\u00e9curit\u00e9 \u00e0 v\u00e9lo<\/a>)<\/p>\n\n\n\n<p class=\"has-medium-font-size\">A l\u2019instar de la chute en v\u00e9lo ou en VTT, tr\u00e8s souvent, l\u2019insuffisance ou l\u2019accident cardiaque ne pr\u00e9vient pas. Mais pour la maladie cardiaque, les s\u00e9quelles ne sont pas transitoires : une fois d\u00e9clar\u00e9e, la maladie requiert une attention constante et devient une pr\u00e9sence souvent inqui\u00e9tante.<\/p>\n\n\n\n<p class=\"has-medium-font-size\">L\u2019ACC en est bien consciente car elle propose aux membres du club&nbsp;&#8220;ami&#8221; son assistance et son expertise :<\/p>\n\n\n\n<p class=\"has-medium-font-size\">Sur demande du Pr\u00e9sident du Club Ami, l\u2019Amicale des Cyclos Cardiaques pourra prendre contact avec un adh\u00e9rent du Club des Cent Cols, victime d\u2019un probl\u00e8me&nbsp;cardiaque, afin de lui redonner confiance en t\u00e9moignant des bienfaits de la pratique raisonn\u00e9 du cyclotourisme pour la sant\u00e9 cardiovasculaire.&nbsp;&nbsp;&nbsp;&nbsp;&nbsp;&nbsp;&nbsp;<\/p>\n\n\n\n<p class=\"has-medium-font-size\">D\u2019autre part, l\u2019ACC publie un bulletin trimestriel riche en documentations m\u00e9dicales et en exp\u00e9riences personnelles v\u00e9cues. Il sera relay\u00e9 dans \u02baLa Gazette\u02ba dans la rubrique \u02baAmicale des Cyclos Cardiaques\u02ba d\u00e9j\u00e0 existante sur le site du Club des Cent Cols. Ce dernier pourra \u00e9galement publier tout autre article provenant de l\u2019Amicale, jug\u00e9 int\u00e9ressant pour les membres du club.<\/p>\n\n\n\n<p class=\"has-medium-font-size\">Nous vous invitons \u00e0 lire chaque trimestre, le bulletin &#8220;C\u0153ur et v\u00e9lo&#8221; dans La Gazette. <a href=\"https:\/\/centcols.org\/backup\/wp-content\/uploads\/2023\/03\/154.pdf\" target=\"_blank\" rel=\"noreferrer noopener\">Le dernier bulletin, n\u00b0154, est l\u00e0<\/a>.<\/p>\n","protected":false},"excerpt":{"rendered":"<p>Sur la demande originelle d\u2019Andr\u00e9 Liotier, membre du Club des Cent Cols et de l\u2019Amicale des cyclos cardiaques, Bernard Giraudeau a propos\u00e9 aux membres du CA du club la signature d\u2019une convention de &#8220;CLUB AMI&#8220; de l\u2019Amicale des cyclos cardiaques. Le pr\u00e9sident de l\u2019ACC, Jo\u00ebl Grandjean a re\u00e7u cette convention sign\u00e9e le 18 f\u00e9vrier dernier. [&hellip;]<\/p>\n","protected":false},"author":397,"featured_media":0,"parent":0,"menu_order":0,"comment_status":"closed","ping_status":"closed","template":"","meta":{"_acf_changed":false,"ub_ctt_via":"","_monsterinsights_skip_tracking":false,"_monsterinsights_sitenote_active":false,"_monsterinsights_sitenote_note":"","_monsterinsights_sitenote_category":0,"footnotes":""},"acf":[],"featured_image_urls":{"full":"","thumbnail":"","medium":"","medium_large":"","large":"","1536x1536":"","2048x2048":"","woocommerce_thumbnail":"","woocommerce_single":"","woocommerce_gallery_thumbnail":""},"post_excerpt_stackable":"<p>Sur la demande originelle d\u2019Andr\u00e9 Liotier, membre du Club des Cent Cols et de l\u2019Amicale des cyclos cardiaques, Bernard Giraudeau a propos\u00e9 aux membres du CA du club la signature d\u2019une convention de &#8220;CLUB AMI&#8220; de l\u2019Amicale des cyclos cardiaques. Le pr\u00e9sident de l\u2019ACC, Jo\u00ebl Grandjean a re\u00e7u cette convention sign\u00e9e le 18 f\u00e9vrier dernier. Elle sera officialis\u00e9e par une publication dans la revue le bulletin &#8220;C\u0153ur et V\u00e9lo&#8221; n\u00b0 155 de juin 2023. Nous nous sommes procur\u00e9s la publication en avant-premi\u00e8re : Pourquoi avoir sign\u00e9 une convention avec l\u2019ACC&nbsp;? Quand dans notre pratique de cyclistes, on parle de &#8220;force\u2026<\/p>\n","category_list":"","author_info":{"name":"Denis Chouquet-Stringer","url":"https:\/\/centcols.org\/backup\/author\/6183\/"},"comments_num":"0 commentaire","featured_image_urls_v2":{"full":"","thumbnail":"","medium":"","medium_large":"","large":"","1536x1536":"","2048x2048":"","woocommerce_thumbnail":"","woocommerce_single":"","woocommerce_gallery_thumbnail":""},"post_excerpt_stackable_v2":"<p>Sur la demande originelle d\u2019Andr\u00e9 Liotier, membre du Club des Cent Cols et de l\u2019Amicale des cyclos cardiaques, Bernard Giraudeau a propos\u00e9 aux membres du CA du club la signature d\u2019une convention de &#8220;CLUB AMI&#8220; de l\u2019Amicale des cyclos cardiaques. Le pr\u00e9sident de l\u2019ACC, Jo\u00ebl Grandjean a re\u00e7u cette convention sign\u00e9e le 18 f\u00e9vrier dernier. Elle sera officialis\u00e9e par une publication dans la revue le bulletin &#8220;C\u0153ur et V\u00e9lo&#8221; n\u00b0 155 de juin 2023. Nous nous sommes procur\u00e9s la publication en avant-premi\u00e8re : Pourquoi avoir sign\u00e9 une convention avec l\u2019ACC&nbsp;? Quand dans notre pratique de cyclistes, on parle de &#8220;force\u2026<\/p>\n","category_list_v2":"","author_info_v2":{"name":"Denis Chouquet-Stringer","url":"https:\/\/centcols.org\/backup\/author\/6183\/"},"comments_num_v2":"0 commentaire","featured_image_src":null,"_links":{"self":[{"href":"https:\/\/centcols.org\/backup\/wp-json\/wp\/v2\/pages\/71738"}],"collection":[{"href":"https:\/\/centcols.org\/backup\/wp-json\/wp\/v2\/pages"}],"about":[{"href":"https:\/\/centcols.org\/backup\/wp-json\/wp\/v2\/types\/page"}],"author":[{"embeddable":true,"href":"https:\/\/centcols.org\/backup\/wp-json\/wp\/v2\/users\/397"}],"replies":[{"embeddable":true,"href":"https:\/\/centcols.org\/backup\/wp-json\/wp\/v2\/comments?post=71738"}],"version-history":[{"count":0,"href":"https:\/\/centcols.org\/backup\/wp-json\/wp\/v2\/pages\/71738\/revisions"}],"wp:attachment":[{"href":"https:\/\/centcols.org\/backup\/wp-json\/wp\/v2\/media?parent=71738"}],"curies":[{"name":"wp","href":"https:\/\/api.w.org\/{rel}","templated":true}]}}

<p class="has-medium-font-size">Sur la demande originelle d’André Liotier, membre du Club des Cent Cols et de l’Amicale des cyclos cardiaques, Bernard Giraudeau a proposé aux membres du CA du club la signature <strong>d’une convention de </strong><strong>&#8220;</strong><strong>CLUB AMI</strong><strong>&#8220;</strong><strong> de l’Amicale des cyclos cardiaques.</strong></p>



<p class="has-medium-font-size">Le président de l’ACC, Joël Grandjean a reçu cette convention signée le 18 février dernier. Elle sera officialisée par une publication dans la revue le bulletin &#8220;Cœur et Vélo&#8221; n° 155 de juin 2023.</p>



<p class="has-medium-font-size">Nous nous sommes procurés la publication en avant-première :</p>



<figure class="wp-block-image size-large is-resized"><img loading="lazy" decoding="async" src="https://centcols.org/backup/wp-content/uploads/2023/03/Image1.png" alt="" class="wp-image-71739" width="785" height="214" srcset="https://centcols.org/backup/wp-content/uploads/2023/03/Image1.png 605w, https://centcols.org/backup/wp-content/uploads/2023/03/Image1-500x136.png 500w, https://centcols.org/backup/wp-content/uploads/2023/03/Image1-600x164.png 600w" sizes="(max-width: 785px) 100vw, 785px" /></figure>



<p class="has-medium-font-size">Pourquoi avoir signé une convention avec l’ACC&nbsp;?</p>



<p class="has-medium-font-size">Quand dans notre pratique de cyclistes, on parle de &#8220;force musculaire&#8221;, on pense immédiatement à l’action des muscles des mollets (à tord) aux muscles des cuisses et des fessiers (à raison), mais jamais à celle du muscle cardiaque. Et pourtant l’activité de ce muscle est phénoménale, incontournable mais demeure la cible de nombreuses pathologies invalidantes.</p>



<p class="has-medium-font-size">Se retrouver à terre après une collision ou une erreur de pilotage laissera la plupart du temps aux cyclistes quelques séquelles morales, physiques et esthétiques transitoires. On peut en prendre conscience dans <a href="https://centcols.org/backup/wp-content/uploads/2022/12/Accidentologie-74-1.pdf" target="_blank" rel="noreferrer noopener">l&#8217;accidentologie en Haute-Savoie</a>, que nous a communiquée le Codep74 et telle qu&#8217;elle est résumée sur le site (dans <a href="https://centcols.org/backup/securite-a-velo/" target="_blank" rel="noreferrer noopener">La gazette / Pêle-Mêle / Sécurité à vélo</a>)</p>



<p class="has-medium-font-size">A l’instar de la chute en vélo ou en VTT, très souvent, l’insuffisance ou l’accident cardiaque ne prévient pas. Mais pour la maladie cardiaque, les séquelles ne sont pas transitoires : une fois déclarée, la maladie requiert une attention constante et devient une présence souvent inquiétante.</p>



<p class="has-medium-font-size">L’ACC en est bien consciente car elle propose aux membres du club&nbsp;&#8220;ami&#8221; son assistance et son expertise :</p>



<p class="has-medium-font-size">Sur demande du Président du Club Ami, l’Amicale des Cyclos Cardiaques pourra prendre contact avec un adhérent du Club des Cent Cols, victime d’un problème&nbsp;cardiaque, afin de lui redonner confiance en témoignant des bienfaits de la pratique raisonné du cyclotourisme pour la santé cardiovasculaire.&nbsp;&nbsp;&nbsp;&nbsp;&nbsp;&nbsp;&nbsp;</p>



<p class="has-medium-font-size">D’autre part, l’ACC publie un bulletin trimestriel riche en documentations médicales et en expériences personnelles vécues. Il sera relayé dans ʺLa Gazetteʺ dans la rubrique ʺAmicale des Cyclos Cardiaquesʺ déjà existante sur le site du Club des Cent Cols. Ce dernier pourra également publier tout autre article provenant de l’Amicale, jugé intéressant pour les membres du club.</p>



<p class="has-medium-font-size">Nous vous invitons à lire chaque trimestre, le bulletin &#8220;Cœur et vélo&#8221; dans La Gazette. <a href="https://centcols.org/backup/wp-content/uploads/2023/03/154.pdf" target="_blank" rel="noreferrer noopener">Le dernier bulletin, n°154, est là</a>.</p>

<p>Sur la demande originelle d’André Liotier, membre du Club des Cent Cols et de l’Amicale des cyclos cardiaques, Bernard Giraudeau a proposé aux membres du CA du club la signature d’une convention de &#8220;CLUB AMI&#8220; de l’Amicale des cyclos cardiaques. Le président de l’ACC, Joël Grandjean a reçu cette convention signée le 18 février dernier. [&hellip;]</p>

<p>Sur la demande originelle d’André Liotier, membre du Club des Cent Cols et de l’Amicale des cyclos cardiaques, Bernard Giraudeau a proposé aux membres du CA du club la signature d’une convention de &#8220;CLUB AMI&#8220; de l’Amicale des cyclos cardiaques. Le président de l’ACC, Joël Grandjean a reçu cette convention signée le 18 février dernier. Elle sera officialisée par une publication dans la revue le bulletin &#8220;Cœur et Vélo&#8221; n° 155 de juin 2023. Nous nous sommes procurés la publication en avant-première : Pourquoi avoir signé une convention avec l’ACC&nbsp;? Quand dans notre pratique de cyclistes, on parle de &#8220;force…</p>
