{"id":71925,"date":"2023-04-13T15:09:11","date_gmt":"2023-04-13T13:09:11","guid":{"rendered":"https:\/\/centcols.org\/backup\/?page_id=71925"},"modified":"2023-04-13T15:18:57","modified_gmt":"2023-04-13T13:18:57","slug":"sejour-coreg-casteljau","status":"publish","type":"page","link":"https:\/\/centcols.org\/backup\/sejour-coreg-casteljau\/","title":{"rendered":"S\u00e9jour multi-activit\u00e9s du Coreg \u00e0 Casteljau (07)"},"content":{"rendered":"\n<h3 class=\"wp-block-heading\">Du 28 septembre au 2 octobre 2023<\/h3>\n\n\n\n<p><span style=\"font-size: 20px;\">Le Comit\u00e9 R\u00e9gional Auvergne &#8211; Rh\u00f4ne-Alpes organise un s\u00e9jour multi-activit\u00e9s :<\/span><\/p>\n<ul>\n<li><span style=\"font-size: 20px;\">v\u00e9lo de route (VAE possible)<\/span><\/li>\n<li><span style=\"font-size: 20px;\">VTT (VTTAE possible)<\/span><\/li>\n<li><span style=\"font-size: 20px;\">Randonn\u00e9e p\u00e9destre<\/span><\/li>\n<li><span style=\"font-size: 20px;\">cano\u00eb-kayak<\/span><\/li>\n<\/ul>\n\n\n\n<p class=\"has-medium-font-size\">Le leaflet de la manifestation est <a href=\"https:\/\/centcols.org\/backup\/wp-content\/uploads\/2023\/04\/Visuel_LOU-CASTEL-2023.pdf\" target=\"_blank\" rel=\"noreferrer noopener\">consultable ici<\/a><\/p>\n\n\n\n<p class=\"has-medium-font-size\">Vous trouverez ici :<\/p>\n\n\n\n<ul style=\"list-style-type: disc;\">\n<li><a href=\"https:\/\/centcols.org\/backup\/wp-content\/uploads\/2023\/04\/BI_LOU-CASTEL-2023.doc\" target=\"_blank\" rel=\"noopener\"><span style=\"font-size: 20px;\">Bulletin d&#8217;inscription<\/span><\/a><\/li>\n<li><a href=\"https:\/\/centcols.org\/backup\/wp-content\/uploads\/2023\/04\/Notice-dassurance-Annulation-Annulation-Multirisques-Assurance-Bagages_2023.pdf\" target=\"_blank\" rel=\"noopener\"><span style=\"font-size: 20px;\">Notice d&#8217;information assurance annulation<\/span><\/a><\/li>\n<li><a href=\"https:\/\/centcols.org\/backup\/wp-content\/uploads\/2023\/04\/Bulletin_Inscription_Assurance-Annulation-2023.pdf\" target=\"_blank\" rel=\"noopener\"><span style=\"font-size: 20px;\">Bulletin de souscription d&#8217;assurances<\/span><\/a><\/li>\n<\/ul>\n\n\n\n<p><\/p>\n","protected":false},"excerpt":{"rendered":"<p>Du 28 septembre au 2 octobre 2023 Le Comit\u00e9 R\u00e9gional Auvergne &#8211; Rh\u00f4ne-Alpes organise un s\u00e9jour multi-activit\u00e9s : v\u00e9lo de route (VAE possible) VTT (VTTAE possible) Randonn\u00e9e p\u00e9destre cano\u00eb-kayak Le leaflet de la manifestation est consultable ici Vous trouverez ici : Bulletin d&#8217;inscription Notice d&#8217;information assurance annulation Bulletin de souscription d&#8217;assurances<\/p>\n","protected":false},"author":397,"featured_media":0,"parent":0,"menu_order":0,"comment_status":"closed","ping_status":"closed","template":"","meta":{"_acf_changed":false,"ub_ctt_via":"","_monsterinsights_skip_tracking":false,"_monsterinsights_sitenote_active":false,"_monsterinsights_sitenote_note":"","_monsterinsights_sitenote_category":0,"footnotes":""},"acf":[],"featured_image_urls":{"full":"","thumbnail":"","medium":"","medium_large":"","large":"","1536x1536":"","2048x2048":"","woocommerce_thumbnail":"","woocommerce_single":"","woocommerce_gallery_thumbnail":""},"post_excerpt_stackable":"<p>Du 28 septembre au 2 octobre 2023 Le Comit\u00e9 R\u00e9gional Auvergne &#8211; Rh\u00f4ne-Alpes organise un s\u00e9jour multi-activit\u00e9s : v\u00e9lo de route (VAE possible) VTT (VTTAE possible) Randonn\u00e9e p\u00e9destre cano\u00eb-kayak Le leaflet de la manifestation est consultable ici Vous trouverez ici : Bulletin d&#8217;inscription Notice d&#8217;information assurance annulation Bulletin de souscription d&#8217;assurances<\/p>\n","category_list":"","author_info":{"name":"Denis Chouquet-Stringer","url":"https:\/\/centcols.org\/backup\/author\/6183\/"},"comments_num":"0 commentaire","featured_image_urls_v2":{"full":"","thumbnail":"","medium":"","medium_large":"","large":"","1536x1536":"","2048x2048":"","woocommerce_thumbnail":"","woocommerce_single":"","woocommerce_gallery_thumbnail":""},"post_excerpt_stackable_v2":"<p>Du 28 septembre au 2 octobre 2023 Le Comit\u00e9 R\u00e9gional Auvergne &#8211; Rh\u00f4ne-Alpes organise un s\u00e9jour multi-activit\u00e9s : v\u00e9lo de route (VAE possible) VTT (VTTAE possible) Randonn\u00e9e p\u00e9destre cano\u00eb-kayak Le leaflet de la manifestation est consultable ici Vous trouverez ici : Bulletin d&#8217;inscription Notice d&#8217;information assurance annulation Bulletin de souscription d&#8217;assurances<\/p>\n","category_list_v2":"","author_info_v2":{"name":"Denis Chouquet-Stringer","url":"https:\/\/centcols.org\/backup\/author\/6183\/"},"comments_num_v2":"0 commentaire","featured_image_src":null,"_links":{"self":[{"href":"https:\/\/centcols.org\/backup\/wp-json\/wp\/v2\/pages\/71925"}],"collection":[{"href":"https:\/\/centcols.org\/backup\/wp-json\/wp\/v2\/pages"}],"about":[{"href":"https:\/\/centcols.org\/backup\/wp-json\/wp\/v2\/types\/page"}],"author":[{"embeddable":true,"href":"https:\/\/centcols.org\/backup\/wp-json\/wp\/v2\/users\/397"}],"replies":[{"embeddable":true,"href":"https:\/\/centcols.org\/backup\/wp-json\/wp\/v2\/comments?post=71925"}],"version-history":[{"count":0,"href":"https:\/\/centcols.org\/backup\/wp-json\/wp\/v2\/pages\/71925\/revisions"}],"wp:attachment":[{"href":"https:\/\/centcols.org\/backup\/wp-json\/wp\/v2\/media?parent=71925"}],"curies":[{"name":"wp","href":"https:\/\/api.w.org\/{rel}","templated":true}]}}

Séjour multi-activités du Coreg à Casteljau (07)

<h3 class="wp-block-heading">Du 28 septembre au 2 octobre 2023</h3>



<p><span style="font-size: 20px;">Le Comité Régional Auvergne &#8211; Rhône-Alpes organise un séjour multi-activités :</span></p>
<ul>
<li><span style="font-size: 20px;">vélo de route (VAE possible)</span></li>
<li><span style="font-size: 20px;">VTT (VTTAE possible)</span></li>
<li><span style="font-size: 20px;">Randonnée pédestre</span></li>
<li><span style="font-size: 20px;">canoë-kayak</span></li>
</ul>



<p class="has-medium-font-size">Le leaflet de la manifestation est <a href="https://centcols.org/backup/wp-content/uploads/2023/04/Visuel_LOU-CASTEL-2023.pdf" target="_blank" rel="noreferrer noopener">consultable ici</a></p>



<p class="has-medium-font-size">Vous trouverez ici :</p>



<ul style="list-style-type: disc;">
<li><a href="https://centcols.org/backup/wp-content/uploads/2023/04/BI_LOU-CASTEL-2023.doc" target="_blank" rel="noopener"><span style="font-size: 20px;">Bulletin d&#8217;inscription</span></a></li>
<li><a href="https://centcols.org/backup/wp-content/uploads/2023/04/Notice-dassurance-Annulation-Annulation-Multirisques-Assurance-Bagages_2023.pdf" target="_blank" rel="noopener"><span style="font-size: 20px;">Notice d&#8217;information assurance annulation</span></a></li>
<li><a href="https://centcols.org/backup/wp-content/uploads/2023/04/Bulletin_Inscription_Assurance-Annulation-2023.pdf" target="_blank" rel="noopener"><span style="font-size: 20px;">Bulletin de souscription d&#8217;assurances</span></a></li>
</ul>



<p></p>

<p>Du 28 septembre au 2 octobre 2023 Le Comité Régional Auvergne &#8211; Rhône-Alpes organise un séjour multi-activités : vélo de route (VAE possible) VTT (VTTAE possible) Randonnée pédestre canoë-kayak Le leaflet de la manifestation est consultable ici Vous trouverez ici : Bulletin d&#8217;inscription Notice d&#8217;information assurance annulation Bulletin de souscription d&#8217;assurances</p>
