{"id":72880,"date":"2023-05-12T11:58:19","date_gmt":"2023-05-12T09:58:19","guid":{"rendered":"https:\/\/centcols.org\/backup\/?page_id=72880"},"modified":"2023-05-15T13:13:50","modified_gmt":"2023-05-15T11:13:50","slug":"la-cyclomontagnarde-du-vercors","status":"publish","type":"page","link":"https:\/\/centcols.org\/backup\/la-cyclomontagnarde-du-vercors\/","title":{"rendered":"La cyclomontagnarde du Vercors"},"content":{"rendered":"\n<div class=\"wp-block-columns is-layout-flex wp-container-core-columns-is-layout-1 wp-block-columns-is-layout-flex\">\n<div class=\"wp-block-column is-layout-flow wp-block-column-is-layout-flow\" style=\"flex-basis:33.33%\">\n<figure class=\"wp-block-image size-large is-resized\"><img loading=\"lazy\" decoding=\"async\" src=\"https:\/\/centcols.org\/backup\/wp-content\/uploads\/2023\/05\/CM-Vercors.jpg\" alt=\"\" class=\"wp-image-72874\" width=\"371\" height=\"221\"\/><\/figure>\n<\/div>\n\n\n\n<div class=\"wp-block-column is-layout-flow wp-block-column-is-layout-flow\" style=\"flex-basis:66.66%\">\n<p>    <\/p>\n\n\n\n<p class=\"has-medium-font-size\">C&#8217;est la 7\u00e9me \u00e9dition de cette cyclomontagnarde.<br>Organis\u00e9e par le <strong>CODEP <\/strong>de la Dr\u00f4me, ce sont 4 nouveaux itin\u00e9raires qui sont propos\u00e9s.<\/p>\n<\/div>\n<\/div>\n\n\n\n<h2 class=\"kt-adv-heading_2f91e7-9d wp-block-kadence-advancedheading\" data-kb-block=\"kb-adv-heading_2f91e7-9d\">Le parcours Vercors<\/h2>\n\n\n\n<p class=\"has-medium-font-size\">D\u00e9part au petit village pittoresque de <strong>Rochefort Samson<\/strong> (altitude 400 m).<\/p>\n\n\n\n<figure class=\"wp-block-image size-large\"><img loading=\"lazy\" decoding=\"async\" width=\"1164\" height=\"695\" src=\"https:\/\/centcols.org\/backup\/wp-content\/uploads\/2023\/05\/CMVJ1-1.jpg\" alt=\"\" class=\"wp-image-73104\" srcset=\"https:\/\/centcols.org\/backup\/wp-content\/uploads\/2023\/05\/CMVJ1-1.jpg 1164w, https:\/\/centcols.org\/backup\/wp-content\/uploads\/2023\/05\/CMVJ1-1-500x299.jpg 500w, https:\/\/centcols.org\/backup\/wp-content\/uploads\/2023\/05\/CMVJ1-1-768x459.jpg 768w, https:\/\/centcols.org\/backup\/wp-content\/uploads\/2023\/05\/CMVJ1-1-600x358.jpg 600w\" sizes=\"(max-width: 1164px) 100vw, 1164px\" \/><\/figure>\n\n\n\n<p class=\"has-medium-font-size\">Apr\u00e8s quelques tours de p\u00e9dales pour s\u2019\u00e9chauffer, c\u2019est d\u00e9j\u00e0 le <strong>Col de Tourniol (<a href=\"https:\/\/centcols.org\/backup\/util\/geo\/visuGen.php?code=FR-26-1145\" target=\"_blank\" rel=\"noreferrer noopener\">FR-26-1145<\/a>)<\/strong> . Traverser L\u00e9oncel, passer devant l\u2019Abbaye cistercienne et une longue descente derri\u00e8re la Montagne de l\u2019Epenet permet de rejoindre <strong>Pont-en-Royans<\/strong> et ses maisons suspendues au dessus de la rivi\u00e8re.<\/p>\n\n\n\n<p class=\"has-medium-font-size\">L\u2019itin\u00e9raire emprunte ensuite les magnifiques gorges de la Bourne pour acc\u00e9der \u00e0 <strong>La Balme de Rencurel<\/strong>, lieu du ravitaillement.<\/p>\n\n\n\n<p class=\"has-medium-font-size\">La route nous conduit ensuite \u00e0 Saint-Julien-en-Vercors et nous m\u00e8ne aux rudes pentes du <strong>Col d\u2019Herbouilly (<a href=\"https:\/\/centcols.org\/backup\/util\/geo\/visuGen.php?code=FR-38-1370\" target=\"_blank\" rel=\"noreferrer noopener\">FR-38-1370<\/a>)<\/strong> et du <strong>Col de Chalimont (<a href=\"https:\/\/centcols.org\/backup\/util\/geo\/visuGen.php?code=FR-38-1365a\" target=\"_blank\" rel=\"noreferrer noopener\">FR-38-1365a<\/a>).&nbsp; <\/strong>Puis, en passant par le Calvaire de Valchevri\u00e8re, haut lieu de la R\u00e9sistance, une longue descente aboutit au c\u0153ur du plateau du Vercors \u00e0 <strong>Villard-de-Lans, <\/strong>point d\u2019h\u00e9bergement pour l\u2019option \u00ab&nbsp;touriste&nbsp;\u00bb (formule sur 2 jours).<\/p>\n\n\n\n<p class=\"has-medium-font-size\">La seconde partie du parcours conduit \u00e0 Autrans (station de sports d\u2019hiver) par le <strong>Col de la Croix Perrin (<a href=\"https:\/\/centcols.org\/backup\/util\/geo\/visuGen.php?code=FR-38-1218\" target=\"_blank\" rel=\"noreferrer noopener\">FR-38-1218<\/a>)<\/strong> puis \u00e0 M\u00e9audre, tr\u00e8s jolie station verte.<\/p>\n\n\n\n<figure class=\"wp-block-image size-large\"><img loading=\"lazy\" decoding=\"async\" width=\"1144\" height=\"729\" src=\"https:\/\/centcols.org\/backup\/wp-content\/uploads\/2023\/05\/CMVJ2-1.jpg\" alt=\"\" class=\"wp-image-73111\" srcset=\"https:\/\/centcols.org\/backup\/wp-content\/uploads\/2023\/05\/CMVJ2-1.jpg 1144w, https:\/\/centcols.org\/backup\/wp-content\/uploads\/2023\/05\/CMVJ2-1-500x319.jpg 500w, https:\/\/centcols.org\/backup\/wp-content\/uploads\/2023\/05\/CMVJ2-1-768x489.jpg 768w, https:\/\/centcols.org\/backup\/wp-content\/uploads\/2023\/05\/CMVJ2-1-600x382.jpg 600w\" sizes=\"(max-width: 1144px) 100vw, 1144px\" \/><\/figure>\n\n\n\n<p class=\"has-medium-font-size\">Par les superbes gorges du Meaudret, on retrouve les gorges de la Bourne avec des passages en surplomb de la rivi\u00e8re, jusqu\u2019\u00e0 la Balme de Rencurel.<\/p>\n\n\n\n<p class=\"has-medium-font-size\">Puis c\u2019est la mont\u00e9e au <strong>Col de Romey\u00e8re (<a href=\"https:\/\/centcols.org\/backup\/util\/geo\/visuGen.php?code=FR-38-1069b\" target=\"_blank\" rel=\"noreferrer noopener\">FR-38-1069b<\/a>)<\/strong> par la route des Ecouges et \u00e0 celui du <strong>Col du Mont Noir (<a href=\"https:\/\/centcols.org\/backup\/util\/geo\/visuGen.php?code=FR-38-1421\" target=\"_blank\" rel=\"noreferrer noopener\">FR-38-1421<\/a>)<\/strong> situ\u00e9 dans la For\u00eat Domaniale des Coulmes, point culminant de la CM du Vercors. Une longue descente par le <strong>Col de Toute Aures (<a href=\"https:\/\/centcols.org\/backup\/util\/geo\/visuGen.php?code=FR-38-0560b\" target=\"_blank\" rel=\"noreferrer noopener\">FR-38-0560b<\/a>), <\/strong>beau point de vue<strong> &nbsp;<\/strong>rejoint \u00e0 nouveauPont-en-Royans (mus\u00e9e de l\u2019Eau) !<\/p>\n\n\n\n<p class=\"has-medium-font-size\"><strong>Ste Eulalie-en-Royans<\/strong> est le point de ravitaillement de la journ\u00e9e. La derni\u00e8re partie du parcours de l\u2019\u00e9dition 2023 se fera avec une alternance de collines par St Jean en Royans, puis&nbsp; un passage au pied des ruines du ch\u00e2teau de Rochechinard, une descente sur St Nazaire en Royans. Enfin d\u00e9couverte d\u2019Hostun, au milieu des noyers faisant partie de l\u2019AOP de la noix de Grenoble, avant l\u2019arriv\u00e9e au village de <strong>Rochefort Samson<\/strong>.<\/p>\n\n\n\n<p class=\"has-medium-font-size\"><strong>Distance<\/strong>&nbsp;: 198 km<br><strong>D\u00e9nivel\u00e9e positive&nbsp;<\/strong>: 4.200m<br><strong>6 cols routiers<\/strong><\/p>\n\n\n\n<div class=\"wp-block-columns is-layout-flex wp-container-core-columns-is-layout-2 wp-block-columns-is-layout-flex\">\n<div class=\"wp-block-column is-layout-flow wp-block-column-is-layout-flow\" style=\"flex-basis:66.66%\">\n<p class=\"has-medium-font-size\"><strong><u>Samedi 10 et dimanche 11 juin<\/u><\/strong>&nbsp;<br><strong>La cyclomontagnarde<\/strong> <strong>en 2 jours<\/strong><\/p>\n\n\n\n<p class=\"has-medium-font-size\">H\u00e9bergement en g\u00eete demi-pension&nbsp;pr\u00e8s de Villard-de-Lans, transport des bagages et ravitaillement sur les circuits<\/p>\n\n\n\n<p class=\"has-medium-font-size\"><strong><u>Dimanche 11 juin<\/u><\/strong><br><strong>La cyclomontagnarde en 1 jour.<\/strong><\/p>\n\n\n\n<p class=\"has-medium-font-size\">D\u00e9parts de Rochefort Samson \u00e0 partir de 4 heures<br>Ravitaillement sur les circuits<br>Repas \u00e0 l\u2019arriv\u00e9e<\/p>\n<\/div>\n\n\n\n<div class=\"wp-block-column is-layout-flow wp-block-column-is-layout-flow\" style=\"flex-basis:33.33%\">\n<div class=\"wp-block-image\"><figure class=\"aligncenter size-large is-resized\"><img loading=\"lazy\" decoding=\"async\" src=\"https:\/\/centcols.org\/backup\/wp-content\/uploads\/2023\/05\/CM-Vercors3.jpg\" alt=\"\" class=\"wp-image-72887\" width=\"493\" height=\"328\" srcset=\"https:\/\/centcols.org\/backup\/wp-content\/uploads\/2023\/05\/CM-Vercors3.jpg 766w, https:\/\/centcols.org\/backup\/wp-content\/uploads\/2023\/05\/CM-Vercors3-500x334.jpg 500w, https:\/\/centcols.org\/backup\/wp-content\/uploads\/2023\/05\/CM-Vercors3-600x400.jpg 600w\" sizes=\"(max-width: 493px) 100vw, 493px\" \/><\/figure><\/div>\n<\/div>\n<\/div>\n\n\n\n<h2 class=\"kt-adv-heading_11d8c9-a5 wp-block-kadence-advancedheading\" data-kb-block=\"kb-adv-heading_11d8c9-a5\">La Mini-Vercors<\/h2>\n\n\n\n<div class=\"wp-block-columns is-layout-flex wp-container-core-columns-is-layout-3 wp-block-columns-is-layout-flex\">\n<div class=\"wp-block-column is-layout-flow wp-block-column-is-layout-flow\" style=\"flex-basis:66.66%\">\n<p class=\"has-medium-font-size\">C\u2019est la petite s\u0153ur de la Vercors ! Vous emprunterez les plus belles routes de la Dr\u00f4me et l\u2019ascension des plus beaux cols du Vercors, le tout dans un condens\u00e9 de km !<\/p>\n\n\n\n<p class=\"has-medium-font-size\"><strong>Distance<\/strong>&nbsp;: 131 km<br><strong>D\u00e9nivel\u00e9e positive<\/strong>&nbsp;: 2.900 m<br><strong>D\u00e9part<\/strong>&nbsp;: <strong>Dimanche<\/strong> : 7 h \u00e0 10 h<br><strong>4 Cols au programme<\/strong>&nbsp;: Col de Tourniol, Col de Romey\u00e8re, Col du Mont Noir, Col de Toutes Aures<\/p>\n<\/div>\n\n\n\n<div class=\"wp-block-column is-layout-flow wp-block-column-is-layout-flow\" style=\"flex-basis:33.33%\">\n<div class=\"wp-block-image\"><figure class=\"aligncenter size-large is-resized\"><img loading=\"lazy\" decoding=\"async\" src=\"https:\/\/centcols.org\/backup\/wp-content\/uploads\/2023\/05\/CM-Vercors4.jpg\" alt=\"\" class=\"wp-image-72881\" width=\"400\" height=\"331\"\/><\/figure><\/div>\n<\/div>\n<\/div>\n\n\n\n<h2 class=\"kt-adv-heading_f85bfd-ea wp-block-kadence-advancedheading\" data-kb-block=\"kb-adv-heading_f85bfd-ea\">La D\u00e9cou&#8217;Vercors<\/h2>\n\n\n\n<div class=\"wp-block-columns is-layout-flex wp-container-core-columns-is-layout-4 wp-block-columns-is-layout-flex\">\n<div class=\"wp-block-column is-layout-flow wp-block-column-is-layout-flow\" style=\"flex-basis:66.66%\">\n<p class=\"has-medium-font-size\">Le parcours id\u00e9al si vous souhaitez gravir votre premi\u00e8re d\u00e9vil\u00e9e de plus de 1000 m dans un cadre resplendissant. Venez vous d\u00e9fier et parcourir les belles routes de la Dr\u00f4me, avec le Col du Tourniol !<\/p>\n\n\n\n<p class=\"has-medium-font-size\"><strong>Distance<\/strong>&nbsp;: 62 km<br><strong>D\u00e9nivel\u00e9e positive<\/strong>&nbsp;: 1.230 m<br><strong>D\u00e9part<\/strong>&nbsp;:&nbsp;<strong>Dimanche<\/strong> : 7 h \u00e0 10 h<br><strong>2 Cols au programme<\/strong>&nbsp;: Col de Tourniol, <strong>Col de Panavare (<a href=\"https:\/\/centcols.org\/backup\/util\/geo\/visuGen.php?code=FR-26-0425\" target=\"_blank\" rel=\"noreferrer noopener\">FR-26-0425<\/a>)<\/strong><\/p>\n<\/div>\n\n\n\n<div class=\"wp-block-column is-layout-flow wp-block-column-is-layout-flow\" style=\"flex-basis:33.33%\">\n<div class=\"wp-block-image\"><figure class=\"aligncenter size-large is-resized\"><img loading=\"lazy\" decoding=\"async\" src=\"https:\/\/centcols.org\/backup\/wp-content\/uploads\/2023\/05\/CM-Vercors5.jpg\" alt=\"\" class=\"wp-image-72893\" width=\"377\" height=\"329\"\/><\/figure><\/div>\n<\/div>\n<\/div>\n\n\n\n<h2 class=\"kt-adv-heading_d1aa98-dc wp-block-kadence-advancedheading\" data-kb-block=\"kb-adv-heading_d1aa98-dc\">La Cool&#8217;Vercors<\/h2>\n\n\n\n<p class=\"has-medium-font-size\">Un parcours accessible \u00e0 tous, \u00e0 faire seul, entre amis ou en famille pour profiter pleinement de son dimanche sous le soleil.&nbsp;<\/p>\n\n\n\n<p class=\"has-medium-font-size\"><strong><u>Distance<\/u><\/strong>&nbsp;: 41 km<br><strong><u>D\u00e9nivel\u00e9e positive<\/u><\/strong>&nbsp;:&nbsp;600 m<br><strong>D\u00e9part<\/strong>&nbsp;:&nbsp;Dimanche : 7 h \u00e0 10 h<br><\/p>\n\n\n\n<p class=\"has-medium-font-size\">Toutes les s informations et inscriptions en ligne sont disponibles  <a href=\"https:\/\/cmvercors.cyclotourisme26.org\/\" target=\"_blank\" rel=\"noreferrer noopener\"><strong>ici<\/strong><\/a><\/p>\n","protected":false},"excerpt":{"rendered":"<p>C&#8217;est la 7\u00e9me \u00e9dition de cette cyclomontagnarde.Organis\u00e9e par le CODEP de la Dr\u00f4me, ce sont 4 nouveaux itin\u00e9raires qui sont propos\u00e9s. D\u00e9part au petit village pittoresque de Rochefort Samson (altitude 400 m). Apr\u00e8s quelques tours de p\u00e9dales pour s\u2019\u00e9chauffer, c\u2019est d\u00e9j\u00e0 le Col de Tourniol (FR-26-1145) . Traverser L\u00e9oncel, passer devant l\u2019Abbaye cistercienne et une [&hellip;]<\/p>\n","protected":false},"author":397,"featured_media":0,"parent":0,"menu_order":0,"comment_status":"closed","ping_status":"closed","template":"","meta":{"_acf_changed":false,"ub_ctt_via":"","_monsterinsights_skip_tracking":false,"_monsterinsights_sitenote_active":false,"_monsterinsights_sitenote_note":"","_monsterinsights_sitenote_category":0,"footnotes":""},"acf":[],"featured_image_urls":{"full":"","thumbnail":"","medium":"","medium_large":"","large":"","1536x1536":"","2048x2048":"","woocommerce_thumbnail":"","woocommerce_single":"","woocommerce_gallery_thumbnail":""},"post_excerpt_stackable":"<p>C&#8217;est la 7\u00e9me \u00e9dition de cette cyclomontagnarde.Organis\u00e9e par le CODEP de la Dr\u00f4me, ce sont 4 nouveaux itin\u00e9raires qui sont propos\u00e9s. Le parcours Vercors D\u00e9part au petit village pittoresque de Rochefort Samson (altitude 400 m). Apr\u00e8s quelques tours de p\u00e9dales pour s\u2019\u00e9chauffer, c\u2019est d\u00e9j\u00e0 le Col de Tourniol (FR-26-1145) . Traverser L\u00e9oncel, passer devant l\u2019Abbaye cistercienne et une longue descente derri\u00e8re la Montagne de l\u2019Epenet permet de rejoindre Pont-en-Royans et ses maisons suspendues au dessus de la rivi\u00e8re. L\u2019itin\u00e9raire emprunte ensuite les magnifiques gorges de la Bourne pour acc\u00e9der \u00e0 La Balme de Rencurel, lieu du ravitaillement. La route nous\u2026<\/p>\n","category_list":"","author_info":{"name":"Denis Chouquet-Stringer","url":"https:\/\/centcols.org\/backup\/author\/6183\/"},"comments_num":"0 commentaire","featured_image_urls_v2":{"full":"","thumbnail":"","medium":"","medium_large":"","large":"","1536x1536":"","2048x2048":"","woocommerce_thumbnail":"","woocommerce_single":"","woocommerce_gallery_thumbnail":""},"post_excerpt_stackable_v2":"<p>C&#8217;est la 7\u00e9me \u00e9dition de cette cyclomontagnarde.Organis\u00e9e par le CODEP de la Dr\u00f4me, ce sont 4 nouveaux itin\u00e9raires qui sont propos\u00e9s. Le parcours Vercors D\u00e9part au petit village pittoresque de Rochefort Samson (altitude 400 m). Apr\u00e8s quelques tours de p\u00e9dales pour s\u2019\u00e9chauffer, c\u2019est d\u00e9j\u00e0 le Col de Tourniol (FR-26-1145) . Traverser L\u00e9oncel, passer devant l\u2019Abbaye cistercienne et une longue descente derri\u00e8re la Montagne de l\u2019Epenet permet de rejoindre Pont-en-Royans et ses maisons suspendues au dessus de la rivi\u00e8re. L\u2019itin\u00e9raire emprunte ensuite les magnifiques gorges de la Bourne pour acc\u00e9der \u00e0 La Balme de Rencurel, lieu du ravitaillement. La route nous\u2026<\/p>\n","category_list_v2":"","author_info_v2":{"name":"Denis Chouquet-Stringer","url":"https:\/\/centcols.org\/backup\/author\/6183\/"},"comments_num_v2":"0 commentaire","featured_image_src":null,"_links":{"self":[{"href":"https:\/\/centcols.org\/backup\/wp-json\/wp\/v2\/pages\/72880"}],"collection":[{"href":"https:\/\/centcols.org\/backup\/wp-json\/wp\/v2\/pages"}],"about":[{"href":"https:\/\/centcols.org\/backup\/wp-json\/wp\/v2\/types\/page"}],"author":[{"embeddable":true,"href":"https:\/\/centcols.org\/backup\/wp-json\/wp\/v2\/users\/397"}],"replies":[{"embeddable":true,"href":"https:\/\/centcols.org\/backup\/wp-json\/wp\/v2\/comments?post=72880"}],"version-history":[{"count":0,"href":"https:\/\/centcols.org\/backup\/wp-json\/wp\/v2\/pages\/72880\/revisions"}],"wp:attachment":[{"href":"https:\/\/centcols.org\/backup\/wp-json\/wp\/v2\/media?parent=72880"}],"curies":[{"name":"wp","href":"https:\/\/api.w.org\/{rel}","templated":true}]}}