{"id":74637,"date":"2023-06-05T18:40:10","date_gmt":"2023-06-05T16:40:10","guid":{"rendered":"https:\/\/centcols.org\/backup\/?page_id=74637"},"modified":"2023-12-21T17:37:32","modified_gmt":"2023-12-21T16:37:32","slug":"feminines-action","status":"publish","type":"page","link":"https:\/\/centcols.org\/backup\/feminines-action\/","title":{"rendered":"Des f\u00e9minines dans l&#8217;action"},"content":{"rendered":"\n<p><span style=\"font-family: arial, helvetica, sans-serif;\"><strong>Les femmes, par les femmes, pour les femmes<\/strong><\/span><br \/><span style=\"font-family: arial, helvetica, sans-serif;\">Rappel\u00a0chronologique de la chronique de Fran\u00e7oise Valluche:<\/span><\/p>\n<ul>\n<li><span style=\"font-family: arial, helvetica, sans-serif;\">Le 6 octobre, article\u00a01 :\u00a0<a title=\"\" href=\"https:\/\/centcols.org\/backup\/wp-content\/uploads\/2022\/12\/Club-Des-Cent-Cols-article-Femmes-1.pdf\" target=\"_blank\" rel=\"noopener\">L\u2019int\u00e9r\u00eat de pratiquer le v\u00e9lo avec ou sans assistance.<\/a><\/span><\/li>\n<li><span style=\"font-family: arial, helvetica, sans-serif;\">Le 24 octobre, article 2 :\u00a0<a title=\"\" href=\"https:\/\/centcols.org\/backup\/wp-content\/uploads\/2022\/12\/Candidates.pdf\" target=\"_blank\" rel=\"noopener\">Les Femmes et le B\u00e9n\u00e9volat<\/a><\/span><\/li>\n<li><span style=\"font-family: arial, helvetica, sans-serif;\">Le 24 janvier 2023, article 3 :\u00a0<a title=\"\" href=\"https:\/\/centcols.org\/backup\/mixite-et-parite-les-femmes-au-sein-des-structures-associatives\/\" target=\"_blank\" rel=\"noopener\">Mixit\u00e9 et Parit\u00e9, les femmes au sein des structures<\/a>.<\/span><\/li>\n<\/ul>\n<p><span style=\"font-family: arial, helvetica, sans-serif;\">Aujourd\u2019hui, article 4 :\u00a0<strong>des f\u00e9minines dans l\u2019action<\/strong><\/span><\/p>\n<p><span style=\"font-family: arial, helvetica, sans-serif;\"><em>Fran\u00e7oise n\u2019a pas fait de tr\u00eave administrative depuis le mois de janvier, elle est simplement bien occup\u00e9e par d\u2019autres actions.<br \/><\/em><\/span><br \/><span style=\"font-family: arial, helvetica, sans-serif;\">En cette p\u00e9riode de l\u2019ann\u00e9e l\u2019activit\u00e9 v\u00e9lo est diverse et de nombreux b\u00e9n\u00e9voles font de leur mieux pour assurer toutes les organisations au sein de leurs clubs, des CODEP et des COREG.<\/span><\/p>\n<p><span style=\"font-family: arial, helvetica, sans-serif;\">Tout d\u2019abord f\u00e9licitations aux nouveaux adh\u00e9rents, adh\u00e9rentes au club des Centcols , et aux chasseuses de cols repr\u00e9sent\u00e9es sur la revue 2023.<\/span><\/p>\n<p><span style=\"font-family: arial, helvetica, sans-serif;\">Parmi ces b\u00e9n\u00e9voles, des f\u00e9minines.<\/span><br \/><span style=\"font-family: arial, helvetica, sans-serif;\">Je me permets de nommer les f\u00e9minines membres du COREG AURA engag\u00e9es dans diverses commissions :<\/span><\/p>\n<ul>\n<li><span style=\"font-family: arial, helvetica, sans-serif;\">Danielle GUILLEMOT, responsable de la commission tourisme s\u00e9jour<\/span><\/li>\n<li><span style=\"font-family: arial, helvetica, sans-serif;\">Janette FRAIOLI, responsable de la commission f\u00e9minine<\/span><\/li>\n<li><span style=\"font-family: arial, helvetica, sans-serif;\">Monique LABORDE, responsable de la commission Jeunes<\/span><\/li>\n<li><span style=\"font-family: arial, helvetica, sans-serif;\">Fran\u00e7oise VALLUCHE, responsable de la commission handicap<\/span><\/li>\n<li><span style=\"font-family: arial, helvetica, sans-serif;\">Jocelyne LEFEBVRE, responsable de la commission challenge<\/span><\/li>\n<\/ul>\n<p><span style=\"font-family: arial, helvetica, sans-serif;\">Dans chacune de ces commissions, des s\u00e9jours sont organis\u00e9s, et elles ont r\u00e9ussi\u00a0avec succ\u00e8s ces organisations en collaboration avec les membres de chacune\u00a0des commissions.<\/span><\/p>\n<p><span style=\"font-family: arial, helvetica, sans-serif;\">Au sein de ce COREG AURA (Ndlr : Comit\u00e9 R\u00e9gional Auvergne \u2013 Rh\u00f4ne-Alpes), la pr\u00e9sidente est second\u00e9e par 3 autres f\u00e9minines\u00a0(la tr\u00e9sori\u00e8re, la tr\u00e9sori\u00e8re adjointe, et la secr\u00e9taire adjointe).<\/span><br \/><span style=\"font-family: arial, helvetica, sans-serif;\">Au total 8 f\u00e9minines sur 15 membres, la parit\u00e9 est acquise.<\/span><br \/><br \/><span style=\"font-family: arial, helvetica, sans-serif;\">Simplement des f\u00e9minines engag\u00e9es dans des structures avec souvent le constat\u00a0que beaucoup de temps est donn\u00e9 pour le plaisir de tous et un peu moins pour le v\u00e9lo.<\/span><\/p>\n<p><span style=\"font-family: arial, helvetica, sans-serif;\">La difficult\u00e9 en cette p\u00e9riode est de recruter des f\u00e9minines dans les clubs et les\u00a0structures. Heureusement, la communication par les r\u00e9seaux sociaux est un atout.<\/span><\/p>\n<p><span style=\"font-family: arial, helvetica, sans-serif;\">Au vu des\u00a0participations dans des organisations sp\u00e9cifiques la jeune g\u00e9n\u00e9ration se sent\u00a0moins impliqu\u00e9e.\u00a0Esp\u00e9rons que cette tendance s\u2019inverse, c\u2019est aussi une grande satisfaction pour\u00a0chacune d\u2019entre elles lorsque leur mission est r\u00e9ussie.<\/span><\/p>\n<p><span style=\"font-family: arial, helvetica, sans-serif;\"><strong>Fran\u00e7oise VALLUCHE ccc 6808.<\/strong><\/span><\/p>\n","protected":false},"excerpt":{"rendered":"<p>Les femmes, par les femmes, pour les femmesRappel\u00a0chronologique de la chronique de Fran\u00e7oise Valluche: Le 6 octobre, article\u00a01 :\u00a0L\u2019int\u00e9r\u00eat de pratiquer le v\u00e9lo avec ou sans assistance. Le 24 octobre, article 2 :\u00a0Les Femmes et le B\u00e9n\u00e9volat Le 24 janvier 2023, article 3 :\u00a0Mixit\u00e9 et Parit\u00e9, les femmes au sein des structures. Aujourd\u2019hui, article 4 [&hellip;]<\/p>\n","protected":false},"author":397,"featured_media":0,"parent":0,"menu_order":0,"comment_status":"closed","ping_status":"closed","template":"","meta":{"_acf_changed":false,"ub_ctt_via":"","_monsterinsights_skip_tracking":false,"_monsterinsights_sitenote_active":false,"_monsterinsights_sitenote_note":"","_monsterinsights_sitenote_category":0,"footnotes":""},"acf":[],"featured_image_urls":{"full":"","thumbnail":"","medium":"","medium_large":"","large":"","1536x1536":"","2048x2048":"","woocommerce_thumbnail":"","woocommerce_single":"","woocommerce_gallery_thumbnail":""},"post_excerpt_stackable":"<p>Les femmes, par les femmes, pour les femmesRappel\u00a0chronologique de la chronique de Fran\u00e7oise Valluche: Le 6 octobre, article\u00a01 :\u00a0L\u2019int\u00e9r\u00eat de pratiquer le v\u00e9lo avec ou sans assistance. Le 24 octobre, article 2 :\u00a0Les Femmes et le B\u00e9n\u00e9volat Le 24 janvier 2023, article 3 :\u00a0Mixit\u00e9 et Parit\u00e9, les femmes au sein des structures. Aujourd\u2019hui, article 4 :\u00a0des f\u00e9minines dans l\u2019action Fran\u00e7oise n\u2019a pas fait de tr\u00eave administrative depuis le mois de janvier, elle est simplement bien occup\u00e9e par d\u2019autres actions.En cette p\u00e9riode de l\u2019ann\u00e9e l\u2019activit\u00e9 v\u00e9lo est diverse et de nombreux b\u00e9n\u00e9voles font de leur mieux pour assurer toutes les organisations\u2026<\/p>\n","category_list":"","author_info":{"name":"Denis Chouquet-Stringer","url":"https:\/\/centcols.org\/backup\/author\/6183\/"},"comments_num":"0 commentaire","featured_image_urls_v2":{"full":"","thumbnail":"","medium":"","medium_large":"","large":"","1536x1536":"","2048x2048":"","woocommerce_thumbnail":"","woocommerce_single":"","woocommerce_gallery_thumbnail":""},"post_excerpt_stackable_v2":"<p>Les femmes, par les femmes, pour les femmesRappel\u00a0chronologique de la chronique de Fran\u00e7oise Valluche: Le 6 octobre, article\u00a01 :\u00a0L\u2019int\u00e9r\u00eat de pratiquer le v\u00e9lo avec ou sans assistance. Le 24 octobre, article 2 :\u00a0Les Femmes et le B\u00e9n\u00e9volat Le 24 janvier 2023, article 3 :\u00a0Mixit\u00e9 et Parit\u00e9, les femmes au sein des structures. Aujourd\u2019hui, article 4 :\u00a0des f\u00e9minines dans l\u2019action Fran\u00e7oise n\u2019a pas fait de tr\u00eave administrative depuis le mois de janvier, elle est simplement bien occup\u00e9e par d\u2019autres actions.En cette p\u00e9riode de l\u2019ann\u00e9e l\u2019activit\u00e9 v\u00e9lo est diverse et de nombreux b\u00e9n\u00e9voles font de leur mieux pour assurer toutes les organisations\u2026<\/p>\n","category_list_v2":"","author_info_v2":{"name":"Denis Chouquet-Stringer","url":"https:\/\/centcols.org\/backup\/author\/6183\/"},"comments_num_v2":"0 commentaire","featured_image_src":null,"_links":{"self":[{"href":"https:\/\/centcols.org\/backup\/wp-json\/wp\/v2\/pages\/74637"}],"collection":[{"href":"https:\/\/centcols.org\/backup\/wp-json\/wp\/v2\/pages"}],"about":[{"href":"https:\/\/centcols.org\/backup\/wp-json\/wp\/v2\/types\/page"}],"author":[{"embeddable":true,"href":"https:\/\/centcols.org\/backup\/wp-json\/wp\/v2\/users\/397"}],"replies":[{"embeddable":true,"href":"https:\/\/centcols.org\/backup\/wp-json\/wp\/v2\/comments?post=74637"}],"version-history":[{"count":0,"href":"https:\/\/centcols.org\/backup\/wp-json\/wp\/v2\/pages\/74637\/revisions"}],"wp:attachment":[{"href":"https:\/\/centcols.org\/backup\/wp-json\/wp\/v2\/media?parent=74637"}],"curies":[{"name":"wp","href":"https:\/\/api.w.org\/{rel}","templated":true}]}}

Des féminines dans l&#8217;action

<p><span style="font-family: arial, helvetica, sans-serif;"><strong>Les femmes, par les femmes, pour les femmes</strong></span><br /><span style="font-family: arial, helvetica, sans-serif;">Rappel chronologique de la chronique de Françoise Valluche:</span></p>
<ul>
<li><span style="font-family: arial, helvetica, sans-serif;">Le 6 octobre, article 1 : <a title="" href="https://centcols.org/backup/wp-content/uploads/2022/12/Club-Des-Cent-Cols-article-Femmes-1.pdf" target="_blank" rel="noopener">L’intérêt de pratiquer le vélo avec ou sans assistance.</a></span></li>
<li><span style="font-family: arial, helvetica, sans-serif;">Le 24 octobre, article 2 : <a title="" href="https://centcols.org/backup/wp-content/uploads/2022/12/Candidates.pdf" target="_blank" rel="noopener">Les Femmes et le Bénévolat</a></span></li>
<li><span style="font-family: arial, helvetica, sans-serif;">Le 24 janvier 2023, article 3 : <a title="" href="https://centcols.org/backup/mixite-et-parite-les-femmes-au-sein-des-structures-associatives/" target="_blank" rel="noopener">Mixité et Parité, les femmes au sein des structures</a>.</span></li>
</ul>
<p><span style="font-family: arial, helvetica, sans-serif;">Aujourd’hui, article 4 : <strong>des féminines dans l’action</strong></span></p>
<p><span style="font-family: arial, helvetica, sans-serif;"><em>Françoise n’a pas fait de trêve administrative depuis le mois de janvier, elle est simplement bien occupée par d’autres actions.<br /></em></span><br /><span style="font-family: arial, helvetica, sans-serif;">En cette période de l’année l’activité vélo est diverse et de nombreux bénévoles font de leur mieux pour assurer toutes les organisations au sein de leurs clubs, des CODEP et des COREG.</span></p>
<p><span style="font-family: arial, helvetica, sans-serif;">Tout d’abord félicitations aux nouveaux adhérents, adhérentes au club des Centcols , et aux chasseuses de cols représentées sur la revue 2023.</span></p>
<p><span style="font-family: arial, helvetica, sans-serif;">Parmi ces bénévoles, des féminines.</span><br /><span style="font-family: arial, helvetica, sans-serif;">Je me permets de nommer les féminines membres du COREG AURA engagées dans diverses commissions :</span></p>
<ul>
<li><span style="font-family: arial, helvetica, sans-serif;">Danielle GUILLEMOT, responsable de la commission tourisme séjour</span></li>
<li><span style="font-family: arial, helvetica, sans-serif;">Janette FRAIOLI, responsable de la commission féminine</span></li>
<li><span style="font-family: arial, helvetica, sans-serif;">Monique LABORDE, responsable de la commission Jeunes</span></li>
<li><span style="font-family: arial, helvetica, sans-serif;">Françoise VALLUCHE, responsable de la commission handicap</span></li>
<li><span style="font-family: arial, helvetica, sans-serif;">Jocelyne LEFEBVRE, responsable de la commission challenge</span></li>
</ul>
<p><span style="font-family: arial, helvetica, sans-serif;">Dans chacune de ces commissions, des séjours sont organisés, et elles ont réussi avec succès ces organisations en collaboration avec les membres de chacune des commissions.</span></p>
<p><span style="font-family: arial, helvetica, sans-serif;">Au sein de ce COREG AURA (Ndlr : Comité Régional Auvergne – Rhône-Alpes), la présidente est secondée par 3 autres féminines (la trésorière, la trésorière adjointe, et la secrétaire adjointe).</span><br /><span style="font-family: arial, helvetica, sans-serif;">Au total 8 féminines sur 15 membres, la parité est acquise.</span><br /><br /><span style="font-family: arial, helvetica, sans-serif;">Simplement des féminines engagées dans des structures avec souvent le constat que beaucoup de temps est donné pour le plaisir de tous et un peu moins pour le vélo.</span></p>
<p><span style="font-family: arial, helvetica, sans-serif;">La difficulté en cette période est de recruter des féminines dans les clubs et les structures. Heureusement, la communication par les réseaux sociaux est un atout.</span></p>
<p><span style="font-family: arial, helvetica, sans-serif;">Au vu des participations dans des organisations spécifiques la jeune génération se sent moins impliquée. Espérons que cette tendance s’inverse, c’est aussi une grande satisfaction pour chacune d’entre elles lorsque leur mission est réussie.</span></p>
<p><span style="font-family: arial, helvetica, sans-serif;"><strong>Françoise VALLUCHE ccc 6808.</strong></span></p>

<p>Les femmes, par les femmes, pour les femmesRappel chronologique de la chronique de Françoise Valluche: Le 6 octobre, article 1 : L’intérêt de pratiquer le vélo avec ou sans assistance. Le 24 octobre, article 2 : Les Femmes et le Bénévolat Le 24 janvier 2023, article 3 : Mixité et Parité, les femmes au sein des structures. Aujourd’hui, article 4 [&hellip;]</p>

<p>Les femmes, par les femmes, pour les femmesRappel chronologique de la chronique de Françoise Valluche: Le 6 octobre, article 1 : L’intérêt de pratiquer le vélo avec ou sans assistance. Le 24 octobre, article 2 : Les Femmes et le Bénévolat Le 24 janvier 2023, article 3 : Mixité et Parité, les femmes au sein des structures. Aujourd’hui, article 4 : des féminines dans l’action Françoise n’a pas fait de trêve administrative depuis le mois de janvier, elle est simplement bien occupée par d’autres actions.En cette période de l’année l’activité vélo est diverse et de nombreux bénévoles font de leur mieux pour assurer toutes les organisations…</p>
