{"id":75422,"date":"2023-07-08T17:10:37","date_gmt":"2023-07-08T15:10:37","guid":{"rendered":"https:\/\/centcols.org\/backup\/sf-2023\/"},"modified":"2023-12-22T17:28:05","modified_gmt":"2023-12-22T16:28:05","slug":"sf-2023","status":"publish","type":"page","link":"https:\/\/centcols.org\/backup\/sf-2023\/","title":{"rendered":"La Semaine F\u00e9d\u00e9rale 2023 de la FFCT"},"content":{"rendered":"\n<figure class=\"wp-block-image size-large\"><img loading=\"lazy\" decoding=\"async\" width=\"601\" height=\"384\" src=\"https:\/\/centcols.org\/backup\/wp-content\/uploads\/2023\/07\/Logo_couleur.jpg\" alt=\"\" class=\"wp-image-75423\" srcset=\"https:\/\/centcols.org\/backup\/wp-content\/uploads\/2023\/07\/Logo_couleur.jpg 601w, https:\/\/centcols.org\/backup\/wp-content\/uploads\/2023\/07\/Logo_couleur-500x319.jpg 500w\" sizes=\"(max-width: 601px) 100vw, 601px\" \/><\/figure>\n\n\n\n<p class=\"has-medium-font-size\">Pour tout savoir, se rendre sur le <strong><a href=\"https:\/\/sf2023-ffvelo.fr\/\" target=\"_blank\" rel=\"noopener\" title=\"\">site du comit\u00e9 organisateur<\/a><\/strong><\/p>\n\n\n\n<p class=\"has-medium-font-size\">(Explications en plusieurs langues)<\/p>\n\n\n\n<p class=\"has-medium-font-size\">De nombreux membres du&nbsp; club des Cent Cols participeront sur le v\u00e9lo \u00e0 cet \u00e9v\u00e9nement annuel. Et une \u00e9quipe d\u2019animateurs du club sera aussi pr\u00e9sente en dehors des parcours.<\/p>\n\n\n\n<p class=\"has-medium-font-size\">Le stand du club se trouvera dans le village f\u00e9d\u00e9ral. En <strong>fin d\u2019apr\u00e8s-midi, chaque soir,<\/strong> une pr\u00e9sence sera assur\u00e9e pour accueillir les membres du club et les visiteurs.<\/p>\n\n\n\n<p class=\"has-medium-font-size\"><strong>La &nbsp;boutique de v\u00eatements du club sera<\/strong> tenue par H\u00e9l\u00e8ne sur le stand des&nbsp;Cent Cols. &nbsp;<\/p>\n\n\n\n<p class=\"has-medium-font-size\"><strong>Le vendredi 28 juillet,<\/strong> <strong><em>Herv\u00e9 Reti\u00e8re,<\/em><\/strong> secr\u00e9taire du club, &nbsp;vous attendra de 18 \u00e0 20 h pour un pot organis\u00e9 au Centre des Sports &#8220;Bernard Guy&#8221;, Avenue Georges Guyemer, 54700 Pont-\u00e0-Mousson<\/p>\n\n\n\n<p class=\"has-medium-font-size\">=> <a href=\"mailto:herve.retiere@gmail.com\" target=\"_blank\" rel=\"noreferrer noopener\">herve.retiere@gmail.com<\/a> ou <a href=\"mailto:secretaire@centcols.net\" target=\"_blank\" rel=\"noreferrer noopener\">secretaire@centcols.net<\/a><\/p>\n\n\n\n<p class=\"has-medium-font-size\"><strong>Fran\u00e7ois Dietrich<\/strong>, un membre local du CCC, a propos\u00e9 aux organisateurs de cette Semaine f\u00e9d\u00e9rale d\u2019indiquer les cols pr\u00e9sents sur les parcours.<\/p>\n\n\n\n<p class=\"has-medium-font-size\"><strong>Catherine Borgeais-Rouet<\/strong>, pr\u00e9sidente du Comit\u00e9 R\u00e9gional Auvergne Rh\u00f4ne-Alpes et du Codep 74 FFVELO organise un pot le mercredi 26 juillet en fin d\u2019apr\u00e8s-midi au Centre des Sports &#8220;Bernard Guy&#8221;. Les membres du Club des Cent cols sont bien s\u00fbr invit\u00e9s.<\/p>\n\n\n\n<p><\/p>\n","protected":false},"excerpt":{"rendered":"<p>Pour tout savoir, se rendre sur le site du comit\u00e9 organisateur (Explications en plusieurs langues) De nombreux membres du&nbsp; club des Cent Cols participeront sur le v\u00e9lo \u00e0 cet \u00e9v\u00e9nement annuel. Et une \u00e9quipe d\u2019animateurs du club sera aussi pr\u00e9sente en dehors des parcours. Le stand du club se trouvera dans le village f\u00e9d\u00e9ral. En [&hellip;]<\/p>\n","protected":false},"author":69,"featured_media":0,"parent":0,"menu_order":0,"comment_status":"closed","ping_status":"closed","template":"","meta":{"_acf_changed":false,"ub_ctt_via":"","_monsterinsights_skip_tracking":false,"_monsterinsights_sitenote_active":false,"_monsterinsights_sitenote_note":"","_monsterinsights_sitenote_category":0,"footnotes":""},"acf":[],"featured_image_urls":{"full":"","thumbnail":"","medium":"","medium_large":"","large":"","1536x1536":"","2048x2048":"","woocommerce_thumbnail":"","woocommerce_single":"","woocommerce_gallery_thumbnail":""},"post_excerpt_stackable":"<p>Pour tout savoir, se rendre sur le site du comit\u00e9 organisateur (Explications en plusieurs langues) De nombreux membres du&nbsp; club des Cent Cols participeront sur le v\u00e9lo \u00e0 cet \u00e9v\u00e9nement annuel. Et une \u00e9quipe d\u2019animateurs du club sera aussi pr\u00e9sente en dehors des parcours. Le stand du club se trouvera dans le village f\u00e9d\u00e9ral. En fin d\u2019apr\u00e8s-midi, chaque soir, une pr\u00e9sence sera assur\u00e9e pour accueillir les membres du club et les visiteurs. La &nbsp;boutique de v\u00eatements du club sera tenue par H\u00e9l\u00e8ne sur le stand des&nbsp;Cent Cols. &nbsp; Le vendredi 28 juillet, Herv\u00e9 Reti\u00e8re, secr\u00e9taire du club, &nbsp;vous attendra de\u2026<\/p>\n","category_list":"","author_info":{"name":"Enrico Alberini","url":"https:\/\/centcols.org\/backup\/author\/5065\/"},"comments_num":"0 commentaire","featured_image_urls_v2":{"full":"","thumbnail":"","medium":"","medium_large":"","large":"","1536x1536":"","2048x2048":"","woocommerce_thumbnail":"","woocommerce_single":"","woocommerce_gallery_thumbnail":""},"post_excerpt_stackable_v2":"<p>Pour tout savoir, se rendre sur le site du comit\u00e9 organisateur (Explications en plusieurs langues) De nombreux membres du&nbsp; club des Cent Cols participeront sur le v\u00e9lo \u00e0 cet \u00e9v\u00e9nement annuel. Et une \u00e9quipe d\u2019animateurs du club sera aussi pr\u00e9sente en dehors des parcours. Le stand du club se trouvera dans le village f\u00e9d\u00e9ral. En fin d\u2019apr\u00e8s-midi, chaque soir, une pr\u00e9sence sera assur\u00e9e pour accueillir les membres du club et les visiteurs. La &nbsp;boutique de v\u00eatements du club sera tenue par H\u00e9l\u00e8ne sur le stand des&nbsp;Cent Cols. &nbsp; Le vendredi 28 juillet, Herv\u00e9 Reti\u00e8re, secr\u00e9taire du club, &nbsp;vous attendra de\u2026<\/p>\n","category_list_v2":"","author_info_v2":{"name":"Enrico Alberini","url":"https:\/\/centcols.org\/backup\/author\/5065\/"},"comments_num_v2":"0 commentaire","featured_image_src":null,"_links":{"self":[{"href":"https:\/\/centcols.org\/backup\/wp-json\/wp\/v2\/pages\/75422"}],"collection":[{"href":"https:\/\/centcols.org\/backup\/wp-json\/wp\/v2\/pages"}],"about":[{"href":"https:\/\/centcols.org\/backup\/wp-json\/wp\/v2\/types\/page"}],"author":[{"embeddable":true,"href":"https:\/\/centcols.org\/backup\/wp-json\/wp\/v2\/users\/69"}],"replies":[{"embeddable":true,"href":"https:\/\/centcols.org\/backup\/wp-json\/wp\/v2\/comments?post=75422"}],"version-history":[{"count":0,"href":"https:\/\/centcols.org\/backup\/wp-json\/wp\/v2\/pages\/75422\/revisions"}],"wp:attachment":[{"href":"https:\/\/centcols.org\/backup\/wp-json\/wp\/v2\/media?parent=75422"}],"curies":[{"name":"wp","href":"https:\/\/api.w.org\/{rel}","templated":true}]}}

La Semaine Fédérale 2023 de la FFCT

<figure class="wp-block-image size-large"><img loading="lazy" decoding="async" width="601" height="384" src="https://centcols.org/backup/wp-content/uploads/2023/07/Logo_couleur.jpg" alt="" class="wp-image-75423" srcset="https://centcols.org/backup/wp-content/uploads/2023/07/Logo_couleur.jpg 601w, https://centcols.org/backup/wp-content/uploads/2023/07/Logo_couleur-500x319.jpg 500w" sizes="(max-width: 601px) 100vw, 601px" /></figure>



<p class="has-medium-font-size">Pour tout savoir, se rendre sur le <strong><a href="https://sf2023-ffvelo.fr/" target="_blank" rel="noopener" title="">site du comité organisateur</a></strong></p>



<p class="has-medium-font-size">(Explications en plusieurs langues)</p>



<p class="has-medium-font-size">De nombreux membres du&nbsp; club des Cent Cols participeront sur le vélo à cet événement annuel. Et une équipe d’animateurs du club sera aussi présente en dehors des parcours.</p>



<p class="has-medium-font-size">Le stand du club se trouvera dans le village fédéral. En <strong>fin d’après-midi, chaque soir,</strong> une présence sera assurée pour accueillir les membres du club et les visiteurs.</p>



<p class="has-medium-font-size"><strong>La &nbsp;boutique de vêtements du club sera</strong> tenue par Hélène sur le stand des&nbsp;Cent Cols. &nbsp;</p>



<p class="has-medium-font-size"><strong>Le vendredi 28 juillet,</strong> <strong><em>Hervé Retière,</em></strong> secrétaire du club, &nbsp;vous attendra de 18 à 20 h pour un pot organisé au Centre des Sports &#8220;Bernard Guy&#8221;, Avenue Georges Guyemer, 54700 Pont-à-Mousson</p>



<p class="has-medium-font-size">=> <a href="mailto:herve.retiere@gmail.com" target="_blank" rel="noreferrer noopener">herve.retiere@gmail.com</a> ou <a href="mailto:secretaire@centcols.net" target="_blank" rel="noreferrer noopener">secretaire@centcols.net</a></p>



<p class="has-medium-font-size"><strong>François Dietrich</strong>, un membre local du CCC, a proposé aux organisateurs de cette Semaine fédérale d’indiquer les cols présents sur les parcours.</p>



<p class="has-medium-font-size"><strong>Catherine Borgeais-Rouet</strong>, présidente du Comité Régional Auvergne Rhône-Alpes et du Codep 74 FFVELO organise un pot le mercredi 26 juillet en fin d’après-midi au Centre des Sports &#8220;Bernard Guy&#8221;. Les membres du Club des Cent cols sont bien sûr invités.</p>



<p></p>

<p>Pour tout savoir, se rendre sur le site du comité organisateur (Explications en plusieurs langues) De nombreux membres du&nbsp; club des Cent Cols participeront sur le vélo à cet événement annuel. Et une équipe d’animateurs du club sera aussi présente en dehors des parcours. Le stand du club se trouvera dans le village fédéral. En [&hellip;]</p>

<p>Pour tout savoir, se rendre sur le site du comité organisateur (Explications en plusieurs langues) De nombreux membres du&nbsp; club des Cent Cols participeront sur le vélo à cet événement annuel. Et une équipe d’animateurs du club sera aussi présente en dehors des parcours. Le stand du club se trouvera dans le village fédéral. En fin d’après-midi, chaque soir, une présence sera assurée pour accueillir les membres du club et les visiteurs. La &nbsp;boutique de vêtements du club sera tenue par Hélène sur le stand des&nbsp;Cent Cols. &nbsp; Le vendredi 28 juillet, Hervé Retière, secrétaire du club, &nbsp;vous attendra de…</p>
