{"id":75618,"date":"2023-07-21T12:04:33","date_gmt":"2023-07-21T10:04:33","guid":{"rendered":"https:\/\/centcols.org\/backup\/?page_id=75618"},"modified":"2023-07-27T14:10:13","modified_gmt":"2023-07-27T12:10:13","slug":"cyclom-vosges","status":"publish","type":"page","link":"https:\/\/centcols.org\/backup\/cyclom-vosges\/","title":{"rendered":"Cyclomontagnarde des Vosges &#8211; Compte-rendu"},"content":{"rendered":"\n<p class=\"has-medium-font-size\">Cette cyclo s\u2019est d\u00e9roul\u00e9e <br>&#8211; soit en 2 jours (8 et 9 Juillet), 2 circuits d\u2019environ 115 km avec retour \u00e0 Remiremont, circuits parcourus par 320 personnes, <br>&#8211; soit en une seule journ\u00e9e le dimanche 9 sur le circuit de 225 km parcouru par 80 personnes.<\/p>\n\n\n\n<p class=\"has-medium-font-size\">Lors de cet \u00e9v\u00e9nement, j\u2019ai install\u00e9 un stand avec 2 tables et un portant. <br>Une table \u00e9tait recouverte de revues du club et de flyers et les maillots du club \u00e9taient sur le portant. <br>J\u2019avais mon pc portable avec un GPS. J\u2019ai utilis\u00e9 le compte 108 \u00ab Gaston Lagaffe \u00bb pour faire plusieurs d\u00e9monstrations des utilitaires du site.<br>Les meilleurs \u00e9changes avec les cyclos se sont concentr\u00e9s sur l\u2019apr\u00e8s-midi du samedi, les uns rentraient de la premi\u00e8re moiti\u00e9 du circuit et les autres venaient chercher leur dossard pour le dimanche.<\/p>\n\n\n\n<p class=\"has-medium-font-size\">Les contacts peuvent se diviser en 2 groupes : <br>&#8211; les membres du club et les autres.<br>Les membres du club sont plut\u00f4t venus chercher des infos concernant leur gestion des listes et les utilitaires pr\u00e9sents sur le site (cols sur trace, ccway, d\u00e9claration des cols, les brevets)<br>&#8211; les autres cyclos, plut\u00f4t habitu\u00e9s \u00e0 une structure locale, sont \u00ab rassur\u00e9s \u00bb par notre organisation en zone. D\u2019autres, g\u00e9n\u00e9ralement plus jeunes et connect\u00e9s, ne sont pas choqu\u00e9s par notre organisation. Tous sont surpris devant les offres du club, la qualit\u00e9 du site et ses utilitaires, les bases de donn\u00e9es , l\u2019offre de s\u00e9jours, les rassemblement r\u00e9gionaux (dont ils ignorent la tenue et le calendrier) et les brevets routiers (la population rencontr\u00e9e est principalement \u00ab routi\u00e8re \u00bb).<br>Presque tous, connaissent le club des cent cols soit par un copain de leur club (qui va chercher des cols partout) soit par des rencontres lors des sorties en montagne.<br>Plusieurs personnes voulaient acheter mon maillot (le nouveau) qu\u2019il trouvent super.<br>Concernant l\u2019inscription, beaucoup sont surpris par l\u2019exigence d\u2019avoir pass\u00e9 100 cols (dont 5 &gt; 2000). Presque tous les cyclos rencontr\u00e9s ont d\u00e9j\u00e0 plus de cent cols franchis, mais ne les ont pas not\u00e9, ils demandent tr\u00e8s souvent comment r\u00e9diger cette liste, quels sont les d\u00e9tails \u00e0 fournir.<br>A chaque fois, j\u2019ai fait un rappel concernant le calendrier (inconnu des non membres) des rencontres r\u00e9gionales et surtout la possibilit\u00e9 pour eux d\u2019\u00eatre accept\u00e9s.<\/p>\n\n\n\n<p class=\"has-medium-font-size\">Quelques propositions d\u2019am\u00e9lioration :<br>&#8211; Faciliter la saisie des cols pour les futurs adh\u00e9rents sur carte. Pr\u00e9ciser l\u2019exigence, simplifier et donner des exemples.<br><em>NDLR : Un m\u00e9mo \u00e9manant de la Com. est en pr\u00e9paration faisant suite \u00e0 cette recommandation<\/em>.<br>&#8211; Am\u00e9liorer la communication de nos rassemblements sur les supports accessibles aux non-membres (un agenda existe sur le site de la FFCT, mais je n\u2019ai pas trouv\u00e9 une info nous concernant)<br><em>NDLR : Ceci est du domaine du secr\u00e9taire, charg\u00e9 des relations avec la FFCT. Nul doute qu&#8217;il tiendra compte de cette possibilit\u00e9 de faire conna\u00eetre nos rencontres r\u00e9gionales.<\/em><br>&#8211; Ajouter dans la revue annuelle une rubrique quoi de 9 sur le site et rappeler l\u2019existence des utilitaires (Ccway, col sur trace, brevets routiers).<br><em>NDLR : ceci est \u00e0 voir avec le redac-chef<\/em><\/p>\n\n\n\n<p class=\"has-text-align-right has-vivid-cyan-blue-color has-text-color has-medium-font-size\"><strong>Denis Mathieu &#8211; cc 6820 &#8211; DT  03 E<\/strong><\/p>\n\n\n\n<p class=\"has-medium-font-size\"><br><\/p>\n","protected":false},"excerpt":{"rendered":"<p>Cette cyclo s\u2019est d\u00e9roul\u00e9e &#8211; soit en 2 jours (8 et 9 Juillet), 2 circuits d\u2019environ 115 km avec retour \u00e0 Remiremont, circuits parcourus par 320 personnes, &#8211; soit en une seule journ\u00e9e le dimanche 9 sur le circuit de 225 km parcouru par 80 personnes. Lors de cet \u00e9v\u00e9nement, j\u2019ai install\u00e9 un stand avec [&hellip;]<\/p>\n","protected":false},"author":397,"featured_media":0,"parent":0,"menu_order":0,"comment_status":"closed","ping_status":"closed","template":"","meta":{"_acf_changed":false,"ub_ctt_via":"","_monsterinsights_skip_tracking":false,"_monsterinsights_sitenote_active":false,"_monsterinsights_sitenote_note":"","_monsterinsights_sitenote_category":0,"footnotes":""},"acf":[],"featured_image_urls":{"full":"","thumbnail":"","medium":"","medium_large":"","large":"","1536x1536":"","2048x2048":"","woocommerce_thumbnail":"","woocommerce_single":"","woocommerce_gallery_thumbnail":""},"post_excerpt_stackable":"<p>Cette cyclo s\u2019est d\u00e9roul\u00e9e &#8211; soit en 2 jours (8 et 9 Juillet), 2 circuits d\u2019environ 115 km avec retour \u00e0 Remiremont, circuits parcourus par 320 personnes, &#8211; soit en une seule journ\u00e9e le dimanche 9 sur le circuit de 225 km parcouru par 80 personnes. Lors de cet \u00e9v\u00e9nement, j\u2019ai install\u00e9 un stand avec 2 tables et un portant. Une table \u00e9tait recouverte de revues du club et de flyers et les maillots du club \u00e9taient sur le portant. J\u2019avais mon pc portable avec un GPS. J\u2019ai utilis\u00e9 le compte 108 \u00ab Gaston Lagaffe \u00bb pour faire plusieurs d\u00e9monstrations\u2026<\/p>\n","category_list":"","author_info":{"name":"Denis Chouquet-Stringer","url":"https:\/\/centcols.org\/backup\/author\/6183\/"},"comments_num":"0 commentaire","featured_image_urls_v2":{"full":"","thumbnail":"","medium":"","medium_large":"","large":"","1536x1536":"","2048x2048":"","woocommerce_thumbnail":"","woocommerce_single":"","woocommerce_gallery_thumbnail":""},"post_excerpt_stackable_v2":"<p>Cette cyclo s\u2019est d\u00e9roul\u00e9e &#8211; soit en 2 jours (8 et 9 Juillet), 2 circuits d\u2019environ 115 km avec retour \u00e0 Remiremont, circuits parcourus par 320 personnes, &#8211; soit en une seule journ\u00e9e le dimanche 9 sur le circuit de 225 km parcouru par 80 personnes. Lors de cet \u00e9v\u00e9nement, j\u2019ai install\u00e9 un stand avec 2 tables et un portant. Une table \u00e9tait recouverte de revues du club et de flyers et les maillots du club \u00e9taient sur le portant. J\u2019avais mon pc portable avec un GPS. J\u2019ai utilis\u00e9 le compte 108 \u00ab Gaston Lagaffe \u00bb pour faire plusieurs d\u00e9monstrations\u2026<\/p>\n","category_list_v2":"","author_info_v2":{"name":"Denis Chouquet-Stringer","url":"https:\/\/centcols.org\/backup\/author\/6183\/"},"comments_num_v2":"0 commentaire","featured_image_src":null,"_links":{"self":[{"href":"https:\/\/centcols.org\/backup\/wp-json\/wp\/v2\/pages\/75618"}],"collection":[{"href":"https:\/\/centcols.org\/backup\/wp-json\/wp\/v2\/pages"}],"about":[{"href":"https:\/\/centcols.org\/backup\/wp-json\/wp\/v2\/types\/page"}],"author":[{"embeddable":true,"href":"https:\/\/centcols.org\/backup\/wp-json\/wp\/v2\/users\/397"}],"replies":[{"embeddable":true,"href":"https:\/\/centcols.org\/backup\/wp-json\/wp\/v2\/comments?post=75618"}],"version-history":[{"count":0,"href":"https:\/\/centcols.org\/backup\/wp-json\/wp\/v2\/pages\/75618\/revisions"}],"wp:attachment":[{"href":"https:\/\/centcols.org\/backup\/wp-json\/wp\/v2\/media?parent=75618"}],"curies":[{"name":"wp","href":"https:\/\/api.w.org\/{rel}","templated":true}]}}

<p class="has-medium-font-size">Cette cyclo s’est déroulée <br>&#8211; soit en 2 jours (8 et 9 Juillet), 2 circuits d’environ 115 km avec retour à Remiremont, circuits parcourus par 320 personnes, <br>&#8211; soit en une seule journée le dimanche 9 sur le circuit de 225 km parcouru par 80 personnes.</p>



<p class="has-medium-font-size">Lors de cet événement, j’ai installé un stand avec 2 tables et un portant. <br>Une table était recouverte de revues du club et de flyers et les maillots du club étaient sur le portant. <br>J’avais mon pc portable avec un GPS. J’ai utilisé le compte 108 « Gaston Lagaffe » pour faire plusieurs démonstrations des utilitaires du site.<br>Les meilleurs échanges avec les cyclos se sont concentrés sur l’après-midi du samedi, les uns rentraient de la première moitié du circuit et les autres venaient chercher leur dossard pour le dimanche.</p>



<p class="has-medium-font-size">Les contacts peuvent se diviser en 2 groupes : <br>&#8211; les membres du club et les autres.<br>Les membres du club sont plutôt venus chercher des infos concernant leur gestion des listes et les utilitaires présents sur le site (cols sur trace, ccway, déclaration des cols, les brevets)<br>&#8211; les autres cyclos, plutôt habitués à une structure locale, sont « rassurés » par notre organisation en zone. D’autres, généralement plus jeunes et connectés, ne sont pas choqués par notre organisation. Tous sont surpris devant les offres du club, la qualité du site et ses utilitaires, les bases de données , l’offre de séjours, les rassemblement régionaux (dont ils ignorent la tenue et le calendrier) et les brevets routiers (la population rencontrée est principalement « routière »).<br>Presque tous, connaissent le club des cent cols soit par un copain de leur club (qui va chercher des cols partout) soit par des rencontres lors des sorties en montagne.<br>Plusieurs personnes voulaient acheter mon maillot (le nouveau) qu’il trouvent super.<br>Concernant l’inscription, beaucoup sont surpris par l’exigence d’avoir passé 100 cols (dont 5 &gt; 2000). Presque tous les cyclos rencontrés ont déjà plus de cent cols franchis, mais ne les ont pas noté, ils demandent très souvent comment rédiger cette liste, quels sont les détails à fournir.<br>A chaque fois, j’ai fait un rappel concernant le calendrier (inconnu des non membres) des rencontres régionales et surtout la possibilité pour eux d’être acceptés.</p>



<p class="has-medium-font-size">Quelques propositions d’amélioration :<br>&#8211; Faciliter la saisie des cols pour les futurs adhérents sur carte. Préciser l’exigence, simplifier et donner des exemples.<br><em>NDLR : Un mémo émanant de la Com. est en préparation faisant suite à cette recommandation</em>.<br>&#8211; Améliorer la communication de nos rassemblements sur les supports accessibles aux non-membres (un agenda existe sur le site de la FFCT, mais je n’ai pas trouvé une info nous concernant)<br><em>NDLR : Ceci est du domaine du secrétaire, chargé des relations avec la FFCT. Nul doute qu&#8217;il tiendra compte de cette possibilité de faire connaître nos rencontres régionales.</em><br>&#8211; Ajouter dans la revue annuelle une rubrique quoi de 9 sur le site et rappeler l’existence des utilitaires (Ccway, col sur trace, brevets routiers).<br><em>NDLR : ceci est à voir avec le redac-chef</em></p>



<p class="has-text-align-right has-vivid-cyan-blue-color has-text-color has-medium-font-size"><strong>Denis Mathieu &#8211; cc 6820 &#8211; DT  03 E</strong></p>



<p class="has-medium-font-size"><br></p>

<p>Cette cyclo s’est déroulée &#8211; soit en 2 jours (8 et 9 Juillet), 2 circuits d’environ 115 km avec retour à Remiremont, circuits parcourus par 320 personnes, &#8211; soit en une seule journée le dimanche 9 sur le circuit de 225 km parcouru par 80 personnes. Lors de cet événement, j’ai installé un stand avec [&hellip;]</p>

<p>Cette cyclo s’est déroulée &#8211; soit en 2 jours (8 et 9 Juillet), 2 circuits d’environ 115 km avec retour à Remiremont, circuits parcourus par 320 personnes, &#8211; soit en une seule journée le dimanche 9 sur le circuit de 225 km parcouru par 80 personnes. Lors de cet événement, j’ai installé un stand avec 2 tables et un portant. Une table était recouverte de revues du club et de flyers et les maillots du club étaient sur le portant. J’avais mon pc portable avec un GPS. J’ai utilisé le compte 108 « Gaston Lagaffe » pour faire plusieurs démonstrations…</p>
