{"id":78146,"date":"2023-11-26T14:38:50","date_gmt":"2023-11-26T13:38:50","guid":{"rendered":"https:\/\/centcols.org\/backup\/?page_id=78146"},"modified":"2023-11-29T15:20:30","modified_gmt":"2023-11-29T14:20:30","slug":"licences-ffct-2024","status":"publish","type":"page","link":"https:\/\/centcols.org\/backup\/licences-ffct-2024\/","title":{"rendered":"Licences FFCT"},"content":{"rendered":"\n<pre class=\"wp-block-preformatted\">R\u00e9dig\u00e9 par Herv\u00e9 RETI\u00c8RE<\/pre>\n\n\n<p><span style=\"font-size: 20px;\">Le Club des Cent Cols (N\u00b0 06384) vous offre la possibilit\u00e9 d\u2019\u00eatre licenci\u00e9 aupr\u00e8s de la FFCT.<\/span><\/p>\n<p><span style=\"font-size: 20px;\">Le Club des Cent Cols a pour vocation de rassembler des cyclotouristes qui aiment pratiquer le v\u00e9lo en montagne sous toutes leurs formes (Route, VTT, Gravel).<\/span><\/p>\n<h3><span style=\"font-size: 20px;\"><strong><u>Attention\u00a0:<\/u><\/strong><\/span><\/h3>\n<p><span style=\"font-size: 20px;\">(*) Les licences ne peuvent \u00eatre d\u00e9livr\u00e9es qu\u2019aux membres du Club des Cent Cols et aux membres associ\u00e9s \u00e0 jour de leur cotisation annuelle.<\/span><\/p>\n<p><span style=\"font-size: 20px;\"><strong><em>La cotisation est fix\u00e9e \u00e0 15,00\u20ac pour les membres et elle est r\u00e9duite \u00e0 7,50 \u20ac pour les membres associ\u00e9s.<\/em><\/strong><\/span><\/p>\n<p><span style=\"font-size: 20px;\"><strong><em><u>Nota<\/u><\/em><\/strong><em><u> : <\/u><\/em><span style=\"color: #0000ff;\"><em>Vous pouvez r\u00e9gler la cotisation de <strong>15,00\u20ac <\/strong>en m\u00eame temps que la licence aupr\u00e8s du secr\u00e9taire par ch\u00e8que \u00e0 l\u2019ordre du \u00ab\u00a0Club des Cent Cols\u00a0\u00bb ou par virement bancaire (un seul paiement est possible pour la cotisation et la licence).<\/em><\/span><\/span><\/p>\n<h2>LICENCES 2024<\/h2>\n<p><span style=\"font-size: 20px;\"><strong>La licence ne subit pas d\u2019\u00e9volution de prix que ce soit pour la quote-part de la licence, la revue f\u00e9d\u00e9rale ou l\u2019assurance.<\/strong><\/span><\/p>\n<p><span style=\"font-size: 20px;\">Afin de pouvoir CHOISIR VOTRE OPTION (mini-braquet, petit-braquet ou grand-braquet), VOIR LES TABLEAUX EXPLICATIFS PUBLI\u00c9S PAR LA FFCT :<\/span><\/p>\n<p><span style=\"font-size: 20px;\">Pour m\u00e9moire :\u00a0 <a href=\"https:\/\/centcols.org\/backup\/wp-content\/uploads\/2023\/11\/2024-Tarifs-Clubs-Saison.pdf\">TARIFS Clubs\u2013Saison 2024<\/a> <em>(Document FFCT<\/em><em>)<\/em>.<\/span><\/p>\n<p><span style=\"font-size: 20px;\">Pour m\u00e9moire :\u00a0 <a href=\"https:\/\/centcols.org\/backup\/wp-content\/uploads\/2023\/11\/2024-Notice-dInformation-Assurance-AXA.pdf\">R\u00c9SUM\u00c9 DE LA NOTICE D\u2019INFORMATION SAISON 2024<\/a> <em>(Document FFCT)<\/em>. Ce document permet de conna\u00eetre les conditions de garanties en fonction de l\u2019option choisie.<\/span><\/p>\n<h2>Certificat m\u00e9dical ou questionnaire QS-Sport ?<\/h2>\n<p><span style=\"font-size: 20px;\">Le certificat m\u00e9dical reste <strong><u>obligatoire<\/u><\/strong> uniquement pour les licenci\u00e9s qui participent \u00e0 des <strong><u>cyclosportives<\/u><\/strong>.<\/span><\/p>\n<p><span style=\"font-size: 20px;\"><a href=\"https:\/\/centcols.org\/backup\/wp-content\/uploads\/2023\/11\/2024-Questionnaire-Sante.pdf\">Le questionnaire QS-Sport<\/a> a \u00e9t\u00e9 modifi\u00e9 par la F\u00e9d\u00e9ration, il est plus complet. Ce document est confidentiel et il ne doit pas \u00eatre envoy\u00e9 au club, vous le consultez et vous le conservez.<\/span><\/p>\n<p><span style=\"font-size: 20px;\">Il faut certifier dans le document \u00ab<a href=\"https:\/\/centcols.org\/backup\/wp-content\/uploads\/2023\/11\/1-Demande-de-licence-2024.pdf\">1-Demande de licence 2024\u00a0<\/a>\u00bb en cochant la case au c\u00f4t\u00e9 verso.<\/span><\/p>\n<h2>Documents \u00e0 fournir pour la prise de licence<\/h2>\n<p><span style=\"font-size: 20px;\"><a href=\"https:\/\/centcols.org\/backup\/wp-content\/uploads\/2023\/11\/1-Demande-de-licence-2024-1.pdf\">1 \u2013\u00a0Demande de licence 2024<\/a>\u00a0 (Un imprim\u00e9 par famille). Dans le but de simplifier votre demande, il y a d\u00e9sormais un <a href=\"https:\/\/centcols.org\/backup\/wp-content\/uploads\/2023\/11\/1-Demande-de-licence-2024-1.pdf\"><strong><u><span style=\"background-color: #00ffff;\">document<\/span> <span style=\"background-color: #00ffff;\">unique<\/span><\/u><\/strong><\/a> dans un format A4 recto-verso qui comporte une s\u00e9rie de questions et le \u00ab\u00a0talon Assurance AXA\u00a0\u00bb.<\/span><\/p>\n<p><span style=\"background-color: #00ffff; font-size: 20px;\"><strong>Pour un envoi postal, bien pr\u00e9ciser \u00ab\u00a0Club des Cent Cols\u00a0\u00bb dans l\u2019adresse.<\/strong><\/span><\/p>\n<p><span style=\"font-size: 20px;\">Le dossier peut \u00e9galement \u00eatre envoy\u00e9 par internet avec r\u00e8glement par virement bancaire sur le compte du \u00ab\u00a0Club des Cent Cols\u00a0\u00bb.<\/span><\/p>\n<p><span style=\"font-size: 20px;\">Dans ce cas afin de faciliter le traitement des donn\u00e9es pour le secr\u00e9taire, il faut<span style=\"background-color: #00ffff;\"> joindre une copie du bordereau du virement effectu\u00e9.<\/span><\/span><\/p>\n<h2>Document assurance licenci\u00e9s<\/h2>\n<p><span style=\"font-size: 20px;\"><a href=\"https:\/\/centcols.org\/backup\/wp-content\/uploads\/2023\/11\/2024-Notice-dInformation-Assurance-AXA-1.pdf\">2 \u2013 \u00a0Notice d\u2019information assurance AXA 2024<\/a> : ce document est \u00e0 lire, il faut signer le coupon qui est ins\u00e9r\u00e9 dans le document \u00ab 1 &#8211; Demande de licences 2024 \u00bb.<\/span><\/p>\n<p><span style=\"font-size: 20px;\"><strong>La licence \u00e9lectronique vous sera adress\u00e9e directement \u00e0 l\u2019adresse mail que vous aurez indiqu\u00e9e.<\/strong><\/span><\/p>\n<p><span style=\"font-size: 20px;\">Si vous ne poss\u00e9dez pas d\u2019adresse mail, mentionnez celle du secr\u00e9taire qui fera suivre.<\/span><\/p>\n<h3><span style=\"color: #0000ff;\"><span style=\"color: #000000;\"><strong>Contact :<\/strong><\/span><\/span><\/h3>\n<p><span style=\"font-size: 20px;\"><span style=\"color: #0000ff;\"><span style=\"color: #000000;\">Club des Cent Cols<br \/>Herv\u00e9 Reti\u00e8re<br \/><\/span><\/span><span style=\"color: #0000ff;\"><span style=\"color: #000000;\">28 Rue La Fontaine<br \/>95240 Cormeilles-en-Parisis<br \/>+33 (0)7.49.83.64.20<br \/><a href=\"mailto:secretaire@centcols.net\" target=\"_blank\" rel=\"noopener noreferrer\">secretaire@centcols.net<\/a> <\/span><\/span><\/span><\/p>\n\n\n<p><\/p>\n","protected":false},"excerpt":{"rendered":"<p>R\u00e9dig\u00e9 par Herv\u00e9 RETI\u00c8RE Le Club des Cent Cols (N\u00b0 06384) vous offre la possibilit\u00e9 d\u2019\u00eatre licenci\u00e9 aupr\u00e8s de la FFCT. Le Club des Cent Cols a pour vocation de rassembler des cyclotouristes qui aiment pratiquer le v\u00e9lo en montagne sous toutes leurs formes (Route, VTT, Gravel). Attention\u00a0: (*) Les licences ne peuvent \u00eatre d\u00e9livr\u00e9es [&hellip;]<\/p>\n","protected":false},"author":69,"featured_media":0,"parent":0,"menu_order":0,"comment_status":"closed","ping_status":"closed","template":"","meta":{"_acf_changed":false,"ub_ctt_via":"","_monsterinsights_skip_tracking":false,"_monsterinsights_sitenote_active":false,"_monsterinsights_sitenote_note":"","_monsterinsights_sitenote_category":0,"footnotes":""},"acf":[],"featured_image_urls":{"full":"","thumbnail":"","medium":"","medium_large":"","large":"","1536x1536":"","2048x2048":"","woocommerce_thumbnail":"","woocommerce_single":"","woocommerce_gallery_thumbnail":""},"post_excerpt_stackable":"<p>R\u00e9dig\u00e9 par Herv\u00e9 RETI\u00c8RE Le Club des Cent Cols (N\u00b0 06384) vous offre la possibilit\u00e9 d\u2019\u00eatre licenci\u00e9 aupr\u00e8s de la FFCT. Le Club des Cent Cols a pour vocation de rassembler des cyclotouristes qui aiment pratiquer le v\u00e9lo en montagne sous toutes leurs formes (Route, VTT, Gravel). Attention\u00a0: (*) Les licences ne peuvent \u00eatre d\u00e9livr\u00e9es qu\u2019aux membres du Club des Cent Cols et aux membres associ\u00e9s \u00e0 jour de leur cotisation annuelle. La cotisation est fix\u00e9e \u00e0 15,00\u20ac pour les membres et elle est r\u00e9duite \u00e0 7,50 \u20ac pour les membres associ\u00e9s. Nota : Vous pouvez r\u00e9gler la cotisation de\u2026<\/p>\n","category_list":"","author_info":{"name":"Enrico Alberini","url":"https:\/\/centcols.org\/backup\/author\/5065\/"},"comments_num":"0 commentaire","featured_image_urls_v2":{"full":"","thumbnail":"","medium":"","medium_large":"","large":"","1536x1536":"","2048x2048":"","woocommerce_thumbnail":"","woocommerce_single":"","woocommerce_gallery_thumbnail":""},"post_excerpt_stackable_v2":"<p>R\u00e9dig\u00e9 par Herv\u00e9 RETI\u00c8RE Le Club des Cent Cols (N\u00b0 06384) vous offre la possibilit\u00e9 d\u2019\u00eatre licenci\u00e9 aupr\u00e8s de la FFCT. Le Club des Cent Cols a pour vocation de rassembler des cyclotouristes qui aiment pratiquer le v\u00e9lo en montagne sous toutes leurs formes (Route, VTT, Gravel). Attention\u00a0: (*) Les licences ne peuvent \u00eatre d\u00e9livr\u00e9es qu\u2019aux membres du Club des Cent Cols et aux membres associ\u00e9s \u00e0 jour de leur cotisation annuelle. La cotisation est fix\u00e9e \u00e0 15,00\u20ac pour les membres et elle est r\u00e9duite \u00e0 7,50 \u20ac pour les membres associ\u00e9s. Nota : Vous pouvez r\u00e9gler la cotisation de\u2026<\/p>\n","category_list_v2":"","author_info_v2":{"name":"Enrico Alberini","url":"https:\/\/centcols.org\/backup\/author\/5065\/"},"comments_num_v2":"0 commentaire","featured_image_src":null,"_links":{"self":[{"href":"https:\/\/centcols.org\/backup\/wp-json\/wp\/v2\/pages\/78146"}],"collection":[{"href":"https:\/\/centcols.org\/backup\/wp-json\/wp\/v2\/pages"}],"about":[{"href":"https:\/\/centcols.org\/backup\/wp-json\/wp\/v2\/types\/page"}],"author":[{"embeddable":true,"href":"https:\/\/centcols.org\/backup\/wp-json\/wp\/v2\/users\/69"}],"replies":[{"embeddable":true,"href":"https:\/\/centcols.org\/backup\/wp-json\/wp\/v2\/comments?post=78146"}],"version-history":[{"count":0,"href":"https:\/\/centcols.org\/backup\/wp-json\/wp\/v2\/pages\/78146\/revisions"}],"wp:attachment":[{"href":"https:\/\/centcols.org\/backup\/wp-json\/wp\/v2\/media?parent=78146"}],"curies":[{"name":"wp","href":"https:\/\/api.w.org\/{rel}","templated":true}]}}