{"id":22902,"date":"2015-11-28T20:45:48","date_gmt":"2015-11-28T19:45:48","guid":{"rendered":"http:\/\/centcols.org\/backup\/?post_type=product&#038;p=22902"},"modified":"2021-07-13T16:58:09","modified_gmt":"2021-07-13T14:58:09","slug":"catalogue-fr","status":"publish","type":"product","link":"https:\/\/centcols.org\/backup\/produit\/catalogue-fr\/","title":{"rendered":"Catalogue des cols de France &#8220;le Chauvot&#8221;"},"content":{"rendered":"<p>Depuis 1994, la Confr\u00e9rie a pris le relais et a elle-m\u00eame \u00e9dit\u00e9 : \u00ab8500 Cols France\u00bb la fameuse \u00abBible Chauvot\u00bb avec 2 \u00e9ditions en 1994 et 1999.<br \/>\nCet \u00e9norme travail a pu \u00eatre r\u00e9alis\u00e9 gr\u00e2ce aux renseignements collect\u00e9s aupr\u00e8s de tr\u00e8s nombreux adh\u00e9rents de la Confr\u00e9rie des \u00abCent Cols\u00bb, et en particulier aupr\u00e8s de ceux que nous citons comme collaborateurs.<br \/>\nUne troisi\u00e8me \u00e9dition de ce guide\u00a0 attendue par de nombreux cyclo-montagnards a vu le jour en 2002 sous le nom de \u00abCatalogue des Cols de France\u00bb.<br \/>\nOnt collabor\u00e9 \u00e0 ces premiers ouvrages imprim\u00e9s Jean-Paul Bibes, Michel de Brebisson, Alain Gillodes, Michel Jeay, Philippe Meyer, Jean Perdoux, Nicole Poty, Ren\u00e9 Poty, Fran\u00e7ois Rieu, Marc Liaudon, Henri Dusseau, Philippe Carrez.<br \/>\nAujourd&#8217;hui (2020) le Catalogue des Cols de France est toujours maintenu r\u00e9guli\u00e8rement par un groupe d&#8217;experts avec une nouvelle \u00e9dition chaque ann\u00e9e. Le &#8220;Groupe de Travail France&#8221; est actuellement compos\u00e9 d\u2019Alain Brault, Philippe Carrez, Jean-Michel Clausse, Jean-Fran\u00e7ois Plantard et Guy Ruffi\u00e9. Outre leur propre travail, ils tiennent compte \u00e9videmment des remarques ou observations faites par les membres de la confr\u00e9rie.<br \/>\nBonne route, avec de bons et beaux cols.<\/p>\n<hr \/>\n<p>Le catalogue comprend plus de 11 000 cols et couvre les cols de la France m\u00e9tropolitaine (continent + Corse) ainsi que ceux des d\u00e9partements et r\u00e9gions d\u2019outre-mer et des collectivit\u00e9s d\u2019outre-mer (DROM-COM).<\/p>\n<h3>Version informatique<\/h3>\n<p>Le catalogue est disponible en version informatique t\u00e9l\u00e9chargeable \u00e0 partir de la <a href=\"\/membres\/outils\/telecat.php\">page de t\u00e9l\u00e9chargement<\/a>. La version informatique donne, pour chaque col, 24 \u00e9l\u00e9ments d\u2019information : nom(s), altitude, coordonn\u00e9es cartographiques, liens vers des cartes interactives, acc\u00e8s au col, indice de difficult\u00e9, coordonn\u00e9es GPS, inclusion dans les Guides TOPO et les Randonn\u00e9es Permanentes du club, etc.<br \/>\nLe document de pr\u00e9sentation du catalogue fournit tous les d\u00e9tails de son contenu. Vous pouvez le lire\u00a0<a href=\"\/catalogues\/notice.php?cat=fr\" target=\"_blank\" rel=\"noopener noreferrer\">ici<\/a>.<br \/>\nChaque ann\u00e9e, une mise \u00e0 jour est publi\u00e9e dans la revue du Club des Cent Cols ainsi que sur ce site \u00e0 la rubrique <a href=\"https:\/\/centcols.org\/backup\/additifs\/\" target=\"_blank\" rel=\"noopener noreferrer\">Additifs<\/a>. Si vous avez ajout\u00e9 des colonnes personnelles \u00e0 votre catalogue, vous pouvez utiliser un \u00ab <a href=\"https:\/\/centcols.org\/backup\/outil-mise-a-jour\/\" target=\"_blank\" rel=\"noopener noreferrer\">outil de mise \u00e0 jour<\/a> \u00bb qui permet d\u2019int\u00e9grer les modifications de l\u2019ann\u00e9e \u00e0 votre ancienne \u00e9dition sans perdre vos colonnes personnelles.<\/p>\n<h3>Version papier<\/h3>\n<p>La version papier a \u00e9t\u00e9 remplac\u00e9e par une version PDF en vente aussi pour les non-membres.<\/p>\n","protected":false},"excerpt":{"rendered":"<h2>Historique<\/h2>\n<p>La volont\u00e9 de cr\u00e9er et diffuser une liste de cols de France existe depuis la cr\u00e9ation de la Confr\u00e9rie des Cent Cols (1972). D\u00e8s le premier num\u00e9ro de la revue de la Confr\u00e9rie (1973), la liste des Cols des Alpes du Nord a \u00e9t\u00e9 \u00e9tablie par Marcel Bioud de Coublevie (Is\u00e8re). En 1976, gr\u00e2ce au concours et \u00e0 la comp\u00e9tence de nombreux membres des \u00abCent Cols\u00bb la premi\u00e8re liste des cols routiers de France (1368 cols rep\u00e9r\u00e9s) a \u00e9t\u00e9 diffus\u00e9e.<br \/>\nEn 1981 Robert et Monique Chauvot ont publi\u00e9 le 1<sup>er<\/sup> catalogue des Cols de France \u2013 7336 cols dont 1531 cols routiers.<br \/>\nCe catalogue est en t\u00e9l\u00e9chargement gratuit pour les membres du club depuis la <a href=\"\/membres\/outils\/telecat.php\">page de t\u00e9l\u00e9chargement<\/a>.<\/p>\n<h3>Documents annexes au catalogue<\/h3>\n<ul>\n<li><a href=\"\/catalogues\/notice.php?cat=fr\" target=\"_blank\" rel=\"noopener noreferrer\">Pr\u00e9sentation du catalogue des cols de France &#8220;le Chauvot&#8221;<\/a><\/li>\n<li><a href=\"https:\/\/centcols.org\/backup\/documents\/catalogues\/fr\/Assemblage-IGN.jpg\" target=\"_blank\" rel=\"noopener noreferrer\">Plan d&#8217;assemblage des cartes IGN<\/a><\/li>\n<li><a href=\"https:\/\/centcols.org\/backup\/documents\/catalogues\/fr\/Remarques-Outre-mer.pdf\" target=\"_blank\" rel=\"noopener noreferrer\">Remarques sur les cols d&#8217;outre-mer<\/a><\/li>\n<li><a href=\"https:\/\/centcols.org\/backup\/aide-ccway-formats\/\" target=\"_blank\" rel=\"noopener noreferrer\">Utiliser ccWay pour voir tous les cols du Chauvot<\/a><\/li>\n<li><a href=\"https:\/\/centcols.org\/backup\/documents\/catalogues\/fr\/Exemple-FR.xls\" target=\"_blank\" rel=\"noopener noreferrer\">Extrait du catalogue comme \u00e9chantillon<\/a><\/li>\n<\/ul>\n<div id=\"finestramailtomailModalToPopup\" style=\"z-index: 1102;\"><\/div>\n","protected":false},"featured_media":45939,"comment_status":"closed","ping_status":"closed","template":"","meta":{"_acf_changed":false,"ub_ctt_via":"","_monsterinsights_skip_tracking":false,"_monsterinsights_sitenote_active":false,"_monsterinsights_sitenote_note":"","_monsterinsights_sitenote_category":0},"product_cat":[75,481],"product_tag":[],"acf":[],"featured_image_urls":{"full":["https:\/\/centcols.org\/backup\/wp-content\/uploads\/2015\/11\/Vignette-France-1.jpg",600,600,false],"thumbnail":["https:\/\/centcols.org\/backup\/wp-content\/uploads\/2015\/11\/Vignette-France-1-300x300.jpg",300,300,true],"medium":["https:\/\/centcols.org\/backup\/wp-content\/uploads\/2015\/11\/Vignette-France-1-500x500.jpg",500,500,true],"medium_large":["https:\/\/centcols.org\/backup\/wp-content\/uploads\/2015\/11\/Vignette-France-1.jpg",600,600,false],"large":["https:\/\/centcols.org\/backup\/wp-content\/uploads\/2015\/11\/Vignette-France-1.jpg",600,600,false],"1536x1536":["https:\/\/centcols.org\/backup\/wp-content\/uploads\/2015\/11\/Vignette-France-1.jpg",600,600,false],"2048x2048":["https:\/\/centcols.org\/backup\/wp-content\/uploads\/2015\/11\/Vignette-France-1.jpg",600,600,false],"woocommerce_thumbnail":["https:\/\/centcols.org\/backup\/wp-content\/uploads\/2015\/11\/Vignette-France-1-300x300.jpg",300,300,true],"woocommerce_single":["https:\/\/centcols.org\/backup\/wp-content\/uploads\/2015\/11\/Vignette-France-1.jpg",600,600,false],"woocommerce_gallery_thumbnail":["https:\/\/centcols.org\/backup\/wp-content\/uploads\/2015\/11\/Vignette-France-1-100x100.jpg",100,100,true]},"post_excerpt_stackable":"<h2>Historique<\/h2>\n<p>La volont\u00e9 de cr\u00e9er et diffuser une liste de cols de France existe depuis la cr\u00e9ation de la Confr\u00e9rie des Cent Cols (1972). D\u00e8s le premier num\u00e9ro de la revue de la Confr\u00e9rie (1973), la liste des Cols des Alpes du Nord a \u00e9t\u00e9 \u00e9tablie par Marcel Bioud de Coublevie (Is\u00e8re). En 1976, gr\u00e2ce au concours et \u00e0 la comp\u00e9tence de nombreux membres des \u00abCent Cols\u00bb la premi\u00e8re liste des cols routiers de France (1368 cols rep\u00e9r\u00e9s) a \u00e9t\u00e9 diffus\u00e9e.<br \/>\nEn 1981 Robert et Monique Chauvot ont publi\u00e9 le 1<sup>er<\/sup> catalogue des Cols de France \u2013 7336 cols dont 1531 cols routiers.<br \/>\nCe catalogue est en t\u00e9l\u00e9chargement gratuit pour les membres du club depuis la <a href=\"\/membres\/outils\/telecat.php\">page de t\u00e9l\u00e9chargement<\/a>.<\/p>\n<h3>Documents annexes au catalogue<\/h3>\n<ul>\n<li><a href=\"\/catalogues\/notice.php?cat=fr\" target=\"_blank\" rel=\"noopener noreferrer\">Pr\u00e9sentation du catalogue des cols de France &#8220;le Chauvot&#8221;<\/a><\/li>\n<li><a href=\"https:\/\/centcols.org\/backup\/documents\/catalogues\/fr\/Assemblage-IGN.jpg\" target=\"_blank\" rel=\"noopener noreferrer\">Plan d&#8217;assemblage des cartes IGN<\/a><\/li>\n<li><a href=\"https:\/\/centcols.org\/backup\/documents\/catalogues\/fr\/Remarques-Outre-mer.pdf\" target=\"_blank\" rel=\"noopener noreferrer\">Remarques sur les cols d&#8217;outre-mer<\/a><\/li>\n<li><a href=\"https:\/\/centcols.org\/backup\/aide-ccway-formats\/\" target=\"_blank\" rel=\"noopener noreferrer\">Utiliser ccWay pour voir tous les cols du Chauvot<\/a><\/li>\n<li><a href=\"https:\/\/centcols.org\/backup\/documents\/catalogues\/fr\/Exemple-FR.xls\" target=\"_blank\" rel=\"noopener noreferrer\">Extrait du catalogue comme \u00e9chantillon<\/a><\/li>\n<\/ul>\n<div id=\"finestramailtomailModalToPopup\" style=\"z-index: 1102;\"><\/div>\n","category_list":"","author_info":{"name":"","url":""},"comments_num":"0 commentaire","featured_image_urls_v2":{"full":["https:\/\/centcols.org\/backup\/wp-content\/uploads\/2015\/11\/Vignette-France-1.jpg",600,600,false],"thumbnail":["https:\/\/centcols.org\/backup\/wp-content\/uploads\/2015\/11\/Vignette-France-1-300x300.jpg",300,300,true],"medium":["https:\/\/centcols.org\/backup\/wp-content\/uploads\/2015\/11\/Vignette-France-1-500x500.jpg",500,500,true],"medium_large":["https:\/\/centcols.org\/backup\/wp-content\/uploads\/2015\/11\/Vignette-France-1.jpg",600,600,false],"large":["https:\/\/centcols.org\/backup\/wp-content\/uploads\/2015\/11\/Vignette-France-1.jpg",600,600,false],"1536x1536":["https:\/\/centcols.org\/backup\/wp-content\/uploads\/2015\/11\/Vignette-France-1.jpg",600,600,false],"2048x2048":["https:\/\/centcols.org\/backup\/wp-content\/uploads\/2015\/11\/Vignette-France-1.jpg",600,600,false],"woocommerce_thumbnail":["https:\/\/centcols.org\/backup\/wp-content\/uploads\/2015\/11\/Vignette-France-1-300x300.jpg",300,300,true],"woocommerce_single":["https:\/\/centcols.org\/backup\/wp-content\/uploads\/2015\/11\/Vignette-France-1.jpg",600,600,false],"woocommerce_gallery_thumbnail":["https:\/\/centcols.org\/backup\/wp-content\/uploads\/2015\/11\/Vignette-France-1-100x100.jpg",100,100,true]},"post_excerpt_stackable_v2":"<h2>Historique<\/h2>\n<p>La volont\u00e9 de cr\u00e9er et diffuser une liste de cols de France existe depuis la cr\u00e9ation de la Confr\u00e9rie des Cent Cols (1972). D\u00e8s le premier num\u00e9ro de la revue de la Confr\u00e9rie (1973), la liste des Cols des Alpes du Nord a \u00e9t\u00e9 \u00e9tablie par Marcel Bioud de Coublevie (Is\u00e8re). En 1976, gr\u00e2ce au concours et \u00e0 la comp\u00e9tence de nombreux membres des \u00abCent Cols\u00bb la premi\u00e8re liste des cols routiers de France (1368 cols rep\u00e9r\u00e9s) a \u00e9t\u00e9 diffus\u00e9e.<br \/>\nEn 1981 Robert et Monique Chauvot ont publi\u00e9 le 1<sup>er<\/sup> catalogue des Cols de France \u2013 7336 cols dont 1531 cols routiers.<br \/>\nCe catalogue est en t\u00e9l\u00e9chargement gratuit pour les membres du club depuis la <a href=\"\/membres\/outils\/telecat.php\">page de t\u00e9l\u00e9chargement<\/a>.<\/p>\n<h3>Documents annexes au catalogue<\/h3>\n<ul>\n<li><a href=\"\/catalogues\/notice.php?cat=fr\" target=\"_blank\" rel=\"noopener noreferrer\">Pr\u00e9sentation du catalogue des cols de France &#8220;le Chauvot&#8221;<\/a><\/li>\n<li><a href=\"https:\/\/centcols.org\/backup\/documents\/catalogues\/fr\/Assemblage-IGN.jpg\" target=\"_blank\" rel=\"noopener noreferrer\">Plan d&#8217;assemblage des cartes IGN<\/a><\/li>\n<li><a href=\"https:\/\/centcols.org\/backup\/documents\/catalogues\/fr\/Remarques-Outre-mer.pdf\" target=\"_blank\" rel=\"noopener noreferrer\">Remarques sur les cols d&#8217;outre-mer<\/a><\/li>\n<li><a href=\"https:\/\/centcols.org\/backup\/aide-ccway-formats\/\" target=\"_blank\" rel=\"noopener noreferrer\">Utiliser ccWay pour voir tous les cols du Chauvot<\/a><\/li>\n<li><a href=\"https:\/\/centcols.org\/backup\/documents\/catalogues\/fr\/Exemple-FR.xls\" target=\"_blank\" rel=\"noopener noreferrer\">Extrait du catalogue comme \u00e9chantillon<\/a><\/li>\n<\/ul>\n<div id=\"finestramailtomailModalToPopup\" style=\"z-index: 1102;\"><\/div>\n","category_list_v2":"","author_info_v2":{"name":"","url":""},"comments_num_v2":"0 commentaire","_links":{"self":[{"href":"https:\/\/centcols.org\/backup\/wp-json\/wp\/v2\/product\/22902"}],"collection":[{"href":"https:\/\/centcols.org\/backup\/wp-json\/wp\/v2\/product"}],"about":[{"href":"https:\/\/centcols.org\/backup\/wp-json\/wp\/v2\/types\/product"}],"replies":[{"embeddable":true,"href":"https:\/\/centcols.org\/backup\/wp-json\/wp\/v2\/comments?post=22902"}],"wp:featuredmedia":[{"embeddable":true,"href":"https:\/\/centcols.org\/backup\/wp-json\/wp\/v2\/media\/45939"}],"wp:attachment":[{"href":"https:\/\/centcols.org\/backup\/wp-json\/wp\/v2\/media?parent=22902"}],"wp:term":[{"taxonomy":"product_cat","embeddable":true,"href":"https:\/\/centcols.org\/backup\/wp-json\/wp\/v2\/product_cat?post=22902"},{"taxonomy":"product_tag","embeddable":true,"href":"https:\/\/centcols.org\/backup\/wp-json\/wp\/v2\/product_tag?post=22902"}],"curies":[{"name":"wp","href":"https:\/\/api.w.org\/{rel}","templated":true}]}}