{"id":22947,"date":"2015-11-25T10:21:03","date_gmt":"2015-11-25T09:21:03","guid":{"rendered":"http:\/\/centcols.org\/backup\/?post_type=product&#038;p=22947"},"modified":"2021-07-13T16:58:20","modified_gmt":"2021-07-13T14:58:20","slug":"catalogue-ad","status":"publish","type":"product","link":"https:\/\/centcols.org\/backup\/produit\/catalogue-ad\/","title":{"rendered":"Catalogue des cols d&#8217;Andorre"},"content":{"rendered":"<p>Une premi\u00e8re liste de 152 cols avait \u00e9t\u00e9 \u00e9tablie par Alain Gillodes en 2007 d\u2019apr\u00e8s la carte de l\u2019Andorre au 1 :25000 de l\u2019IGA (institut de g\u00e9ographie appliqu\u00e9e) de Barcelone et celle au 1:40000 d\u2019Editorial Alpina de Granollers. En 2014, R\u00e9gis Paraz a\u00a0 effectu\u00e9 le repositionnement, sur cartographie num\u00e9rique, de tous les cols d\u2019Andorre (les cols avaient \u00e9t\u00e9 rep\u00e9r\u00e9s sur cartes papier; avec les incertitudes de mesure et quelques fautes de saisies in\u00e9vitables, les calculs de coordonn\u00e9es latitude et longitude avaient \u00e9t\u00e9 fauss\u00e9s). Cela a \u00e9t\u00e9 l\u2019occasion de faire de nouvelles d\u00e9couvertes et d\u2019\u00e9liminer quelques cols \u00e0 la topographie non conforme. Certains cols ont ainsi chang\u00e9 de paroisse (nom des provinces en Andorre) et les codes ont \u00e9t\u00e9 rectifi\u00e9s et normalis\u00e9s par Graham Cutting. Patrick Schleppi\u00a0 a mis en place les liens cartographiques.<\/p>\n<p>Ce catalogue est en t\u00e9l\u00e9chargement gratuit pour les membres du club depuis la <a href=\"\/membres\/outils\/telecat.php\">page de t\u00e9l\u00e9chargement<\/a>.<\/p>\n<h3>Documents annexes au catalogue<\/h3>\n<ul>\n<li><a href=\"\/catalogues\/notice.php?cat=ad\" target=\"_blank\" rel=\"noopener noreferrer\">Notice du catalogue des cols d&#8217;Andorre<\/a><\/li>\n<li><a href=\"https:\/\/centcols.org\/backup\/documents\/catalogues\/ad\/cat-AD-exemple.xls\" rel=\"noopener\">Extrait du catalogue<\/a><\/li>\n<\/ul>\n","protected":false},"excerpt":{"rendered":"<p>Une premi\u00e8re liste de 152 cols avait \u00e9t\u00e9 \u00e9tablie par Alain Gillodes en 2007 d\u2019apr\u00e8s la carte de l\u2019Andorre au 1 :25000 de l\u2019IGA (institut de g\u00e9ographie appliqu\u00e9e) de Barcelone et celle au 1:40000 d\u2019Editorial Alpina de Granollers. En 2014, R\u00e9gis Paraz a\u00a0 effectu\u00e9 le repositionnement, sur cartographie num\u00e9rique, de tous les cols d\u2019Andorre (les [&hellip;]<\/p>\n","protected":false},"featured_media":46181,"comment_status":"closed","ping_status":"closed","template":"","meta":{"_acf_changed":false,"ub_ctt_via":"","_monsterinsights_skip_tracking":false,"_monsterinsights_sitenote_active":false,"_monsterinsights_sitenote_note":"","_monsterinsights_sitenote_category":0},"product_cat":[75,481],"product_tag":[],"acf":[],"featured_image_urls":{"full":["https:\/\/centcols.org\/backup\/wp-content\/uploads\/2015\/11\/Vignette-Andorre.jpg",600,600,false],"thumbnail":["https:\/\/centcols.org\/backup\/wp-content\/uploads\/2015\/11\/Vignette-Andorre-300x300.jpg",300,300,true],"medium":["https:\/\/centcols.org\/backup\/wp-content\/uploads\/2015\/11\/Vignette-Andorre-500x500.jpg",500,500,true],"medium_large":["https:\/\/centcols.org\/backup\/wp-content\/uploads\/2015\/11\/Vignette-Andorre.jpg",600,600,false],"large":["https:\/\/centcols.org\/backup\/wp-content\/uploads\/2015\/11\/Vignette-Andorre.jpg",600,600,false],"1536x1536":["https:\/\/centcols.org\/backup\/wp-content\/uploads\/2015\/11\/Vignette-Andorre.jpg",600,600,false],"2048x2048":["https:\/\/centcols.org\/backup\/wp-content\/uploads\/2015\/11\/Vignette-Andorre.jpg",600,600,false],"woocommerce_thumbnail":["https:\/\/centcols.org\/backup\/wp-content\/uploads\/2015\/11\/Vignette-Andorre-300x300.jpg",300,300,true],"woocommerce_single":["https:\/\/centcols.org\/backup\/wp-content\/uploads\/2015\/11\/Vignette-Andorre.jpg",600,600,false],"woocommerce_gallery_thumbnail":["https:\/\/centcols.org\/backup\/wp-content\/uploads\/2015\/11\/Vignette-Andorre-100x100.jpg",100,100,true]},"post_excerpt_stackable":"<p>Une premi\u00e8re liste de 152 cols avait \u00e9t\u00e9 \u00e9tablie par Alain Gillodes en 2007 d\u2019apr\u00e8s la carte de l\u2019Andorre au 1 :25000 de l\u2019IGA (institut de g\u00e9ographie appliqu\u00e9e) de Barcelone et celle au 1:40000 d\u2019Editorial Alpina de Granollers. En 2014, R\u00e9gis Paraz a\u00a0 effectu\u00e9 le repositionnement, sur cartographie num\u00e9rique, de tous les cols d\u2019Andorre (les cols avaient \u00e9t\u00e9 rep\u00e9r\u00e9s sur cartes papier; avec les incertitudes de mesure et quelques fautes de saisies in\u00e9vitables, les calculs de coordonn\u00e9es latitude et longitude avaient \u00e9t\u00e9 fauss\u00e9s). Cela a \u00e9t\u00e9 l\u2019occasion de faire de nouvelles d\u00e9couvertes et d\u2019\u00e9liminer quelques cols \u00e0 la topographie non\u2026<\/p>\n","category_list":"","author_info":{"name":"","url":""},"comments_num":"0 commentaire","featured_image_urls_v2":{"full":["https:\/\/centcols.org\/backup\/wp-content\/uploads\/2015\/11\/Vignette-Andorre.jpg",600,600,false],"thumbnail":["https:\/\/centcols.org\/backup\/wp-content\/uploads\/2015\/11\/Vignette-Andorre-300x300.jpg",300,300,true],"medium":["https:\/\/centcols.org\/backup\/wp-content\/uploads\/2015\/11\/Vignette-Andorre-500x500.jpg",500,500,true],"medium_large":["https:\/\/centcols.org\/backup\/wp-content\/uploads\/2015\/11\/Vignette-Andorre.jpg",600,600,false],"large":["https:\/\/centcols.org\/backup\/wp-content\/uploads\/2015\/11\/Vignette-Andorre.jpg",600,600,false],"1536x1536":["https:\/\/centcols.org\/backup\/wp-content\/uploads\/2015\/11\/Vignette-Andorre.jpg",600,600,false],"2048x2048":["https:\/\/centcols.org\/backup\/wp-content\/uploads\/2015\/11\/Vignette-Andorre.jpg",600,600,false],"woocommerce_thumbnail":["https:\/\/centcols.org\/backup\/wp-content\/uploads\/2015\/11\/Vignette-Andorre-300x300.jpg",300,300,true],"woocommerce_single":["https:\/\/centcols.org\/backup\/wp-content\/uploads\/2015\/11\/Vignette-Andorre.jpg",600,600,false],"woocommerce_gallery_thumbnail":["https:\/\/centcols.org\/backup\/wp-content\/uploads\/2015\/11\/Vignette-Andorre-100x100.jpg",100,100,true]},"post_excerpt_stackable_v2":"<p>Une premi\u00e8re liste de 152 cols avait \u00e9t\u00e9 \u00e9tablie par Alain Gillodes en 2007 d\u2019apr\u00e8s la carte de l\u2019Andorre au 1 :25000 de l\u2019IGA (institut de g\u00e9ographie appliqu\u00e9e) de Barcelone et celle au 1:40000 d\u2019Editorial Alpina de Granollers. En 2014, R\u00e9gis Paraz a\u00a0 effectu\u00e9 le repositionnement, sur cartographie num\u00e9rique, de tous les cols d\u2019Andorre (les cols avaient \u00e9t\u00e9 rep\u00e9r\u00e9s sur cartes papier; avec les incertitudes de mesure et quelques fautes de saisies in\u00e9vitables, les calculs de coordonn\u00e9es latitude et longitude avaient \u00e9t\u00e9 fauss\u00e9s). Cela a \u00e9t\u00e9 l\u2019occasion de faire de nouvelles d\u00e9couvertes et d\u2019\u00e9liminer quelques cols \u00e0 la topographie non\u2026<\/p>\n","category_list_v2":"","author_info_v2":{"name":"","url":""},"comments_num_v2":"0 commentaire","_links":{"self":[{"href":"https:\/\/centcols.org\/backup\/wp-json\/wp\/v2\/product\/22947"}],"collection":[{"href":"https:\/\/centcols.org\/backup\/wp-json\/wp\/v2\/product"}],"about":[{"href":"https:\/\/centcols.org\/backup\/wp-json\/wp\/v2\/types\/product"}],"replies":[{"embeddable":true,"href":"https:\/\/centcols.org\/backup\/wp-json\/wp\/v2\/comments?post=22947"}],"wp:featuredmedia":[{"embeddable":true,"href":"https:\/\/centcols.org\/backup\/wp-json\/wp\/v2\/media\/46181"}],"wp:attachment":[{"href":"https:\/\/centcols.org\/backup\/wp-json\/wp\/v2\/media?parent=22947"}],"wp:term":[{"taxonomy":"product_cat","embeddable":true,"href":"https:\/\/centcols.org\/backup\/wp-json\/wp\/v2\/product_cat?post=22947"},{"taxonomy":"product_tag","embeddable":true,"href":"https:\/\/centcols.org\/backup\/wp-json\/wp\/v2\/product_tag?post=22947"}],"curies":[{"name":"wp","href":"https:\/\/api.w.org\/{rel}","templated":true}]}}

<p>Une première liste de 152 cols avait été établie par Alain Gillodes en 2007 d’après la carte de l’Andorre au 1 :25000 de l’IGA (institut de géographie appliquée) de Barcelone et celle au 1:40000 d’Editorial Alpina de Granollers. En 2014, Régis Paraz a  effectué le repositionnement, sur cartographie numérique, de tous les cols d’Andorre (les cols avaient été repérés sur cartes papier; avec les incertitudes de mesure et quelques fautes de saisies inévitables, les calculs de coordonnées latitude et longitude avaient été faussés). Cela a été l’occasion de faire de nouvelles découvertes et d’éliminer quelques cols à la topographie non conforme. Certains cols ont ainsi changé de paroisse (nom des provinces en Andorre) et les codes ont été rectifiés et normalisés par Graham Cutting. Patrick Schleppi  a mis en place les liens cartographiques.</p>
<p>Ce catalogue est en téléchargement gratuit pour les membres du club depuis la <a href="/membres/outils/telecat.php">page de téléchargement</a>.</p>
<h3>Documents annexes au catalogue</h3>
<ul>
<li><a href="/catalogues/notice.php?cat=ad" target="_blank" rel="noopener noreferrer">Notice du catalogue des cols d&#8217;Andorre</a></li>
<li><a href="https://centcols.org/backup/documents/catalogues/ad/cat-AD-exemple.xls" rel="noopener">Extrait du catalogue</a></li>
</ul>

<p>Une première liste de 152 cols avait été établie par Alain Gillodes en 2007 d’après la carte de l’Andorre au 1 :25000 de l’IGA (institut de géographie appliquée) de Barcelone et celle au 1:40000 d’Editorial Alpina de Granollers. En 2014, Régis Paraz a  effectué le repositionnement, sur cartographie numérique, de tous les cols d’Andorre (les [&hellip;]</p>

<p>Une première liste de 152 cols avait été établie par Alain Gillodes en 2007 d’après la carte de l’Andorre au 1 :25000 de l’IGA (institut de géographie appliquée) de Barcelone et celle au 1:40000 d’Editorial Alpina de Granollers. En 2014, Régis Paraz a  effectué le repositionnement, sur cartographie numérique, de tous les cols d’Andorre (les cols avaient été repérés sur cartes papier; avec les incertitudes de mesure et quelques fautes de saisies inévitables, les calculs de coordonnées latitude et longitude avaient été faussés). Cela a été l’occasion de faire de nouvelles découvertes et d’éliminer quelques cols à la topographie non…</p>
