{"id":24756,"date":"2017-01-02T19:47:14","date_gmt":"2017-01-02T18:47:14","guid":{"rendered":"http:\/\/centcols.org\/backup\/produit\/catalogue-za-ls\/"},"modified":"2023-11-08T11:39:30","modified_gmt":"2023-11-08T10:39:30","slug":"catalogue-za","status":"publish","type":"product","link":"https:\/\/centcols.org\/backup\/produit\/catalogue-za\/","title":{"rendered":"Catalogue des cols d&#8217;Afrique du Sud et du Lesotho"},"content":{"rendered":"<p>Le catalogue des cols de d&#8217;Afrique du Sud et du Lesotho est le fruit du travail de Graham Cutting et Guy Ruffi\u00e9.<\/p>\n<p>C\u2019est une liste de plus de 500 cols qui vous est propos\u00e9e, dont certains \u00e0 la fronti\u00e8re de l&#8217;Afrique du Sud avec l&#8217;enclave constitu\u00e9e par le Lesotho. Tous ces cols r\u00e9pondent \u00e0 la r\u00e8gle du jeu du Club des Cent Cols et le \u00ab\u00a0catalogue des cols d&#8217;Afrique du Sud et du Lesotho\u00a0\u00bb sert de r\u00e9f\u00e9rence pour l\u2019\u00e9tablissement des listes annuelles r\u00e9dig\u00e9es par les membres du Club.<\/p>\n<p>Ce catalogue est en t\u00e9l\u00e9chargement gratuit pour les membres du club depuis la <a href=\"\/membres\/outils\/telecat.php\">page de t\u00e9l\u00e9chargement<\/a>.<\/p>\n<h3>Documents annexes au catalogue<\/h3>\n<ul>\n<li><a href=\"\/catalogues\/notice.php?cat=za\" target=\"_blank\" rel=\"noopener noreferrer\">Notice du catalogue des cols d&#8217;Afrique du Sud et du Lesotho en fran\u00e7ais<\/a><\/li>\n<li><a href=\"\/catalogues\/notice.php?cat=za&#038;lang=en\" target=\"_blank\" rel=\"noopener noreferrer\">Notice du catalogue des cols d&#8217;Afrique du Sud et du Lesotho en anglais<\/a><\/li>\n<\/ul>\n","protected":false},"excerpt":{"rendered":"<p>Le catalogue des cols de d&#8217;Afrique du Sud et du Lesotho est le fruit du travail de Graham Cutting et Guy Ruffi\u00e9. C\u2019est une liste de plus de 500 cols qui vous est propos\u00e9e, dont certains \u00e0 la fronti\u00e8re de l&#8217;Afrique du Sud avec l&#8217;enclave constitu\u00e9e par le Lesotho. Tous ces cols r\u00e9pondent \u00e0 la [&hellip;]<\/p>\n","protected":false},"featured_media":46171,"comment_status":"closed","ping_status":"closed","template":"","meta":{"_acf_changed":false,"ub_ctt_via":"","_monsterinsights_skip_tracking":false,"_monsterinsights_sitenote_active":false,"_monsterinsights_sitenote_note":"","_monsterinsights_sitenote_category":0},"product_cat":[75,485],"product_tag":[],"acf":[],"featured_image_urls":{"full":["https:\/\/centcols.org\/backup\/wp-content\/uploads\/2015\/11\/Vignette-Afrique-Sud-Lesotho.jpg",600,600,false],"thumbnail":["https:\/\/centcols.org\/backup\/wp-content\/uploads\/2015\/11\/Vignette-Afrique-Sud-Lesotho-300x300.jpg",300,300,true],"medium":["https:\/\/centcols.org\/backup\/wp-content\/uploads\/2015\/11\/Vignette-Afrique-Sud-Lesotho-500x500.jpg",500,500,true],"medium_large":["https:\/\/centcols.org\/backup\/wp-content\/uploads\/2015\/11\/Vignette-Afrique-Sud-Lesotho.jpg",600,600,false],"large":["https:\/\/centcols.org\/backup\/wp-content\/uploads\/2015\/11\/Vignette-Afrique-Sud-Lesotho.jpg",600,600,false],"1536x1536":["https:\/\/centcols.org\/backup\/wp-content\/uploads\/2015\/11\/Vignette-Afrique-Sud-Lesotho.jpg",600,600,false],"2048x2048":["https:\/\/centcols.org\/backup\/wp-content\/uploads\/2015\/11\/Vignette-Afrique-Sud-Lesotho.jpg",600,600,false],"woocommerce_thumbnail":["https:\/\/centcols.org\/backup\/wp-content\/uploads\/2015\/11\/Vignette-Afrique-Sud-Lesotho-300x300.jpg",300,300,true],"woocommerce_single":["https:\/\/centcols.org\/backup\/wp-content\/uploads\/2015\/11\/Vignette-Afrique-Sud-Lesotho.jpg",600,600,false],"woocommerce_gallery_thumbnail":["https:\/\/centcols.org\/backup\/wp-content\/uploads\/2015\/11\/Vignette-Afrique-Sud-Lesotho-100x100.jpg",100,100,true]},"post_excerpt_stackable":"<p>Le catalogue des cols de d&#8217;Afrique du Sud et du Lesotho est le fruit du travail de Graham Cutting et Guy Ruffi\u00e9. C\u2019est une liste de plus de 500 cols qui vous est propos\u00e9e, dont certains \u00e0 la fronti\u00e8re de l&#8217;Afrique du Sud avec l&#8217;enclave constitu\u00e9e par le Lesotho. Tous ces cols r\u00e9pondent \u00e0 la r\u00e8gle du jeu du Club des Cent Cols et le \u00ab\u00a0catalogue des cols d&#8217;Afrique du Sud et du Lesotho\u00a0\u00bb sert de r\u00e9f\u00e9rence pour l\u2019\u00e9tablissement des listes annuelles r\u00e9dig\u00e9es par les membres du Club. Ce catalogue est en t\u00e9l\u00e9chargement gratuit pour les membres du club depuis\u2026<\/p>\n","category_list":"","author_info":{"name":"","url":""},"comments_num":"0 commentaire","featured_image_urls_v2":{"full":["https:\/\/centcols.org\/backup\/wp-content\/uploads\/2015\/11\/Vignette-Afrique-Sud-Lesotho.jpg",600,600,false],"thumbnail":["https:\/\/centcols.org\/backup\/wp-content\/uploads\/2015\/11\/Vignette-Afrique-Sud-Lesotho-300x300.jpg",300,300,true],"medium":["https:\/\/centcols.org\/backup\/wp-content\/uploads\/2015\/11\/Vignette-Afrique-Sud-Lesotho-500x500.jpg",500,500,true],"medium_large":["https:\/\/centcols.org\/backup\/wp-content\/uploads\/2015\/11\/Vignette-Afrique-Sud-Lesotho.jpg",600,600,false],"large":["https:\/\/centcols.org\/backup\/wp-content\/uploads\/2015\/11\/Vignette-Afrique-Sud-Lesotho.jpg",600,600,false],"1536x1536":["https:\/\/centcols.org\/backup\/wp-content\/uploads\/2015\/11\/Vignette-Afrique-Sud-Lesotho.jpg",600,600,false],"2048x2048":["https:\/\/centcols.org\/backup\/wp-content\/uploads\/2015\/11\/Vignette-Afrique-Sud-Lesotho.jpg",600,600,false],"woocommerce_thumbnail":["https:\/\/centcols.org\/backup\/wp-content\/uploads\/2015\/11\/Vignette-Afrique-Sud-Lesotho-300x300.jpg",300,300,true],"woocommerce_single":["https:\/\/centcols.org\/backup\/wp-content\/uploads\/2015\/11\/Vignette-Afrique-Sud-Lesotho.jpg",600,600,false],"woocommerce_gallery_thumbnail":["https:\/\/centcols.org\/backup\/wp-content\/uploads\/2015\/11\/Vignette-Afrique-Sud-Lesotho-100x100.jpg",100,100,true]},"post_excerpt_stackable_v2":"<p>Le catalogue des cols de d&#8217;Afrique du Sud et du Lesotho est le fruit du travail de Graham Cutting et Guy Ruffi\u00e9. C\u2019est une liste de plus de 500 cols qui vous est propos\u00e9e, dont certains \u00e0 la fronti\u00e8re de l&#8217;Afrique du Sud avec l&#8217;enclave constitu\u00e9e par le Lesotho. Tous ces cols r\u00e9pondent \u00e0 la r\u00e8gle du jeu du Club des Cent Cols et le \u00ab\u00a0catalogue des cols d&#8217;Afrique du Sud et du Lesotho\u00a0\u00bb sert de r\u00e9f\u00e9rence pour l\u2019\u00e9tablissement des listes annuelles r\u00e9dig\u00e9es par les membres du Club. Ce catalogue est en t\u00e9l\u00e9chargement gratuit pour les membres du club depuis\u2026<\/p>\n","category_list_v2":"","author_info_v2":{"name":"","url":""},"comments_num_v2":"0 commentaire","_links":{"self":[{"href":"https:\/\/centcols.org\/backup\/wp-json\/wp\/v2\/product\/24756"}],"collection":[{"href":"https:\/\/centcols.org\/backup\/wp-json\/wp\/v2\/product"}],"about":[{"href":"https:\/\/centcols.org\/backup\/wp-json\/wp\/v2\/types\/product"}],"replies":[{"embeddable":true,"href":"https:\/\/centcols.org\/backup\/wp-json\/wp\/v2\/comments?post=24756"}],"wp:featuredmedia":[{"embeddable":true,"href":"https:\/\/centcols.org\/backup\/wp-json\/wp\/v2\/media\/46171"}],"wp:attachment":[{"href":"https:\/\/centcols.org\/backup\/wp-json\/wp\/v2\/media?parent=24756"}],"wp:term":[{"taxonomy":"product_cat","embeddable":true,"href":"https:\/\/centcols.org\/backup\/wp-json\/wp\/v2\/product_cat?post=24756"},{"taxonomy":"product_tag","embeddable":true,"href":"https:\/\/centcols.org\/backup\/wp-json\/wp\/v2\/product_tag?post=24756"}],"curies":[{"name":"wp","href":"https:\/\/api.w.org\/{rel}","templated":true}]}}