{"id":33656,"date":"2018-07-03T17:10:41","date_gmt":"2018-07-03T15:10:41","guid":{"rendered":"http:\/\/centcols.org\/backup\/?post_type=product&#038;p=33656"},"modified":"2021-07-14T09:25:05","modified_gmt":"2021-07-14T07:25:05","slug":"catalogue-us","status":"publish","type":"product","link":"https:\/\/centcols.org\/backup\/produit\/catalogue-us\/","title":{"rendered":"Catalogue des cols des \u00c9tats-Unis"},"content":{"rendered":"<p>Les \u00c9tats-Unis proposent une immense vari\u00e9t\u00e9 de paysages&#8230;.et de cols &#8211; essentiellement dans les 3 cha\u00eenes de montagnes principales (les Appalaches, les Rocheuses et les Cascades\/Sierra Nevada). Profitant de l&#8217;\u00e9norme quantit\u00e9 de donn\u00e9es et de sources g\u00e9ographiques disponibles en libre acc\u00e8s pour ce pays un Groupe de Travail international, comprenant membres am\u00e9ricains et europ\u00e9ens, a compl\u00e8tement revu et publi\u00e9 une nouvelle \u00e9dition du Catalogue de Cols des \u00c9tats-Unis en 2018. Il compte pr\u00e8s de 7000 cols r\u00e9pondant \u00e0 la <a href=\"https:\/\/centcols.org\/backup\/regle-du-jeu\/\">r\u00e8gle du jeu<\/a> du club.<\/p>\n<p>Ce catalogue est la r\u00e9f\u00e9rence des cols des \u00c9tats-Unis. Les listes annuelles des cols que vous avez grimp\u00e9s dans ce pays doivent donc se r\u00e9f\u00e9rer \u00e0 ce document.<\/p>\n<p>Ce catalogue est en t\u00e9l\u00e9chargement gratuit pour les membres du club depuis la <a href=\"\/membres\/outils\/telecat.php\">page de t\u00e9l\u00e9chargement<\/a>.<\/p>\n<h3>Documents annexes au catalogue<\/h3>\n<p>Vous pouvez lire la pr\u00e9sentation du catalogue dans l&#8217;une des langues suivantes :<\/p>\n<ul>\n<li><a href=\"\/catalogues\/notice.php?cat=us&amp;lang=fr\" target=\"_blank\" rel=\"noopener noreferrer\">Notice du catalogue des cols des \u00c9tats-Unis en fran\u00e7ais<\/a><\/li>\n<li><a href=\"\/catalogues\/notice.php?cat=us&amp;lang=en\" target=\"_blank\" rel=\"noopener noreferrer\">Notice du catalogue des cols des \u00c9tats-Unis en anglais<\/a><\/li>\n<\/ul>\n","protected":false},"excerpt":{"rendered":"<p>Les \u00c9tats-Unis proposent une immense vari\u00e9t\u00e9 de paysages&#8230;.et de cols &#8211; essentiellement dans les 3 cha\u00eenes de montagnes principales (les Appalaches, les Rocheuses et les Cascades\/Sierra Nevada). Profitant de l&#8217;\u00e9norme quantit\u00e9 de donn\u00e9es et de sources g\u00e9ographiques disponibles en libre acc\u00e8s pour ce pays un Groupe de Travail international, comprenant membres am\u00e9ricains et europ\u00e9ens, a [&hellip;]<\/p>\n","protected":false},"featured_media":46311,"comment_status":"closed","ping_status":"closed","template":"","meta":{"_acf_changed":false,"ub_ctt_via":"","_monsterinsights_skip_tracking":false,"_monsterinsights_sitenote_active":false,"_monsterinsights_sitenote_note":"","_monsterinsights_sitenote_category":0},"product_cat":[75,483],"product_tag":[],"acf":[],"featured_image_urls":{"full":["https:\/\/centcols.org\/backup\/wp-content\/uploads\/2015\/11\/Vignette-USA.jpg",600,600,false],"thumbnail":["https:\/\/centcols.org\/backup\/wp-content\/uploads\/2015\/11\/Vignette-USA-300x300.jpg",300,300,true],"medium":["https:\/\/centcols.org\/backup\/wp-content\/uploads\/2015\/11\/Vignette-USA-500x500.jpg",500,500,true],"medium_large":["https:\/\/centcols.org\/backup\/wp-content\/uploads\/2015\/11\/Vignette-USA.jpg",600,600,false],"large":["https:\/\/centcols.org\/backup\/wp-content\/uploads\/2015\/11\/Vignette-USA.jpg",600,600,false],"1536x1536":["https:\/\/centcols.org\/backup\/wp-content\/uploads\/2015\/11\/Vignette-USA.jpg",600,600,false],"2048x2048":["https:\/\/centcols.org\/backup\/wp-content\/uploads\/2015\/11\/Vignette-USA.jpg",600,600,false],"woocommerce_thumbnail":["https:\/\/centcols.org\/backup\/wp-content\/uploads\/2015\/11\/Vignette-USA-300x300.jpg",300,300,true],"woocommerce_single":["https:\/\/centcols.org\/backup\/wp-content\/uploads\/2015\/11\/Vignette-USA.jpg",600,600,false],"woocommerce_gallery_thumbnail":["https:\/\/centcols.org\/backup\/wp-content\/uploads\/2015\/11\/Vignette-USA-100x100.jpg",100,100,true]},"post_excerpt_stackable":"<p>Les \u00c9tats-Unis proposent une immense vari\u00e9t\u00e9 de paysages&#8230;.et de cols &#8211; essentiellement dans les 3 cha\u00eenes de montagnes principales (les Appalaches, les Rocheuses et les Cascades\/Sierra Nevada). Profitant de l&#8217;\u00e9norme quantit\u00e9 de donn\u00e9es et de sources g\u00e9ographiques disponibles en libre acc\u00e8s pour ce pays un Groupe de Travail international, comprenant membres am\u00e9ricains et europ\u00e9ens, a compl\u00e8tement revu et publi\u00e9 une nouvelle \u00e9dition du Catalogue de Cols des \u00c9tats-Unis en 2018. Il compte pr\u00e8s de 7000 cols r\u00e9pondant \u00e0 la r\u00e8gle du jeu du club. Ce catalogue est la r\u00e9f\u00e9rence des cols des \u00c9tats-Unis. Les listes annuelles des cols que vous\u2026<\/p>\n","category_list":"","author_info":{"name":"","url":""},"comments_num":"0 commentaire","featured_image_urls_v2":{"full":["https:\/\/centcols.org\/backup\/wp-content\/uploads\/2015\/11\/Vignette-USA.jpg",600,600,false],"thumbnail":["https:\/\/centcols.org\/backup\/wp-content\/uploads\/2015\/11\/Vignette-USA-300x300.jpg",300,300,true],"medium":["https:\/\/centcols.org\/backup\/wp-content\/uploads\/2015\/11\/Vignette-USA-500x500.jpg",500,500,true],"medium_large":["https:\/\/centcols.org\/backup\/wp-content\/uploads\/2015\/11\/Vignette-USA.jpg",600,600,false],"large":["https:\/\/centcols.org\/backup\/wp-content\/uploads\/2015\/11\/Vignette-USA.jpg",600,600,false],"1536x1536":["https:\/\/centcols.org\/backup\/wp-content\/uploads\/2015\/11\/Vignette-USA.jpg",600,600,false],"2048x2048":["https:\/\/centcols.org\/backup\/wp-content\/uploads\/2015\/11\/Vignette-USA.jpg",600,600,false],"woocommerce_thumbnail":["https:\/\/centcols.org\/backup\/wp-content\/uploads\/2015\/11\/Vignette-USA-300x300.jpg",300,300,true],"woocommerce_single":["https:\/\/centcols.org\/backup\/wp-content\/uploads\/2015\/11\/Vignette-USA.jpg",600,600,false],"woocommerce_gallery_thumbnail":["https:\/\/centcols.org\/backup\/wp-content\/uploads\/2015\/11\/Vignette-USA-100x100.jpg",100,100,true]},"post_excerpt_stackable_v2":"<p>Les \u00c9tats-Unis proposent une immense vari\u00e9t\u00e9 de paysages&#8230;.et de cols &#8211; essentiellement dans les 3 cha\u00eenes de montagnes principales (les Appalaches, les Rocheuses et les Cascades\/Sierra Nevada). Profitant de l&#8217;\u00e9norme quantit\u00e9 de donn\u00e9es et de sources g\u00e9ographiques disponibles en libre acc\u00e8s pour ce pays un Groupe de Travail international, comprenant membres am\u00e9ricains et europ\u00e9ens, a compl\u00e8tement revu et publi\u00e9 une nouvelle \u00e9dition du Catalogue de Cols des \u00c9tats-Unis en 2018. Il compte pr\u00e8s de 7000 cols r\u00e9pondant \u00e0 la r\u00e8gle du jeu du club. Ce catalogue est la r\u00e9f\u00e9rence des cols des \u00c9tats-Unis. Les listes annuelles des cols que vous\u2026<\/p>\n","category_list_v2":"","author_info_v2":{"name":"","url":""},"comments_num_v2":"0 commentaire","_links":{"self":[{"href":"https:\/\/centcols.org\/backup\/wp-json\/wp\/v2\/product\/33656"}],"collection":[{"href":"https:\/\/centcols.org\/backup\/wp-json\/wp\/v2\/product"}],"about":[{"href":"https:\/\/centcols.org\/backup\/wp-json\/wp\/v2\/types\/product"}],"replies":[{"embeddable":true,"href":"https:\/\/centcols.org\/backup\/wp-json\/wp\/v2\/comments?post=33656"}],"wp:featuredmedia":[{"embeddable":true,"href":"https:\/\/centcols.org\/backup\/wp-json\/wp\/v2\/media\/46311"}],"wp:attachment":[{"href":"https:\/\/centcols.org\/backup\/wp-json\/wp\/v2\/media?parent=33656"}],"wp:term":[{"taxonomy":"product_cat","embeddable":true,"href":"https:\/\/centcols.org\/backup\/wp-json\/wp\/v2\/product_cat?post=33656"},{"taxonomy":"product_tag","embeddable":true,"href":"https:\/\/centcols.org\/backup\/wp-json\/wp\/v2\/product_tag?post=33656"}],"curies":[{"name":"wp","href":"https:\/\/api.w.org\/{rel}","templated":true}]}}