{"id":34270,"date":"2018-11-16T20:23:11","date_gmt":"2018-11-16T19:23:11","guid":{"rendered":"http:\/\/centcols.org\/backup\/?post_type=product&#038;p=34270"},"modified":"2024-02-19T10:14:12","modified_gmt":"2024-02-19T09:14:12","slug":"cuissard-sans-bretelles-femme","status":"publish","type":"product","link":"https:\/\/centcols.org\/backup\/produit\/cuissard-sans-bretelles-femme\/","title":{"rendered":"Cuissard court sans bretelles pour femme"},"content":{"rendered":"<blockquote><p>Attention, les tailles sont plus petites que celles de m\u00eame d\u00e9nomination mais pour hommes. R\u00e9f\u00e9rez-vous au tableau des tailles ci-dessous (cm).<\/p>\n<table border=\"0\" cellspacing=\"0\">\n<colgroup span=\"7\" width=\"85\"><\/colgroup>\n<tbody>\n<tr>\n<td align=\"right\" height=\"18\"><\/td>\n<td align=\"right\">XS<\/td>\n<td align=\"right\">S<\/td>\n<td align=\"right\">M<\/td>\n<td align=\"right\">L<\/td>\n<td align=\"right\">XL<\/td>\n<td align=\"right\">XXL<\/td>\n<\/tr>\n<tr>\n<td align=\"right\" height=\"18\">B &#8211; taille<\/td>\n<td align=\"right\">61-64<\/td>\n<td align=\"right\">65-68<\/td>\n<td align=\"right\">69-72<\/td>\n<td align=\"right\">73-76<\/td>\n<td align=\"right\">77-80<\/td>\n<td align=\"right\">81-84<\/td>\n<\/tr>\n<tr>\n<td align=\"right\" height=\"18\">C &#8211; hanche<\/td>\n<td align=\"right\">88-91<\/td>\n<td align=\"right\">92-95<\/td>\n<td align=\"right\">96-99<\/td>\n<td align=\"right\">100-103<\/td>\n<td align=\"right\">104-107<\/td>\n<td align=\"right\">108-111<\/td>\n<\/tr>\n<tr>\n<td align=\"right\" height=\"18\">D &#8211; jambe<\/td>\n<td align=\"right\">74<\/td>\n<td align=\"right\">76<\/td>\n<td align=\"right\">77<\/td>\n<td align=\"right\">78<\/td>\n<td align=\"right\">79<\/td>\n<td align=\"right\">80<\/td>\n<\/tr>\n<\/tbody>\n<\/table>\n<p><img loading=\"lazy\" decoding=\"async\" class=\"alignnone wp-image-34196 size-full\" src=\"https:\/\/centcols.org\/backup\/wp-content\/uploads\/2018\/11\/TaillesF.png\" alt=\"\" width=\"120\" height=\"300\" \/><\/p><\/blockquote>\n","protected":false},"excerpt":{"rendered":"<p>Cuissard avec peau.<\/p>\n","protected":false},"featured_media":34278,"comment_status":"closed","ping_status":"closed","template":"","meta":{"_acf_changed":false,"ub_ctt_via":"","_monsterinsights_skip_tracking":false,"_monsterinsights_sitenote_active":false,"_monsterinsights_sitenote_note":"","_monsterinsights_sitenote_category":0},"product_cat":[77],"product_tag":[],"acf":[],"featured_image_urls":{"full":["https:\/\/centcols.org\/backup\/wp-content\/uploads\/2018\/11\/cuissard-femme.jpg",600,600,false],"thumbnail":["https:\/\/centcols.org\/backup\/wp-content\/uploads\/2018\/11\/cuissard-femme-300x300.jpg",300,300,true],"medium":["https:\/\/centcols.org\/backup\/wp-content\/uploads\/2018\/11\/cuissard-femme-500x500.jpg",500,500,true],"medium_large":["https:\/\/centcols.org\/backup\/wp-content\/uploads\/2018\/11\/cuissard-femme.jpg",600,600,false],"large":["https:\/\/centcols.org\/backup\/wp-content\/uploads\/2018\/11\/cuissard-femme.jpg",600,600,false],"1536x1536":["https:\/\/centcols.org\/backup\/wp-content\/uploads\/2018\/11\/cuissard-femme.jpg",600,600,false],"2048x2048":["https:\/\/centcols.org\/backup\/wp-content\/uploads\/2018\/11\/cuissard-femme.jpg",600,600,false],"woocommerce_thumbnail":["https:\/\/centcols.org\/backup\/wp-content\/uploads\/2018\/11\/cuissard-femme-300x300.jpg",300,300,true],"woocommerce_single":["https:\/\/centcols.org\/backup\/wp-content\/uploads\/2018\/11\/cuissard-femme-600x600.jpg",600,600,true],"woocommerce_gallery_thumbnail":["https:\/\/centcols.org\/backup\/wp-content\/uploads\/2018\/11\/cuissard-femme-100x100.jpg",100,100,true]},"post_excerpt_stackable":"<p>Cuissard avec peau.<\/p>\n","category_list":"","author_info":{"name":"","url":""},"comments_num":"0 commentaire","featured_image_urls_v2":{"full":["https:\/\/centcols.org\/backup\/wp-content\/uploads\/2018\/11\/cuissard-femme.jpg",600,600,false],"thumbnail":["https:\/\/centcols.org\/backup\/wp-content\/uploads\/2018\/11\/cuissard-femme-300x300.jpg",300,300,true],"medium":["https:\/\/centcols.org\/backup\/wp-content\/uploads\/2018\/11\/cuissard-femme-500x500.jpg",500,500,true],"medium_large":["https:\/\/centcols.org\/backup\/wp-content\/uploads\/2018\/11\/cuissard-femme.jpg",600,600,false],"large":["https:\/\/centcols.org\/backup\/wp-content\/uploads\/2018\/11\/cuissard-femme.jpg",600,600,false],"1536x1536":["https:\/\/centcols.org\/backup\/wp-content\/uploads\/2018\/11\/cuissard-femme.jpg",600,600,false],"2048x2048":["https:\/\/centcols.org\/backup\/wp-content\/uploads\/2018\/11\/cuissard-femme.jpg",600,600,false],"woocommerce_thumbnail":["https:\/\/centcols.org\/backup\/wp-content\/uploads\/2018\/11\/cuissard-femme-300x300.jpg",300,300,true],"woocommerce_single":["https:\/\/centcols.org\/backup\/wp-content\/uploads\/2018\/11\/cuissard-femme-600x600.jpg",600,600,true],"woocommerce_gallery_thumbnail":["https:\/\/centcols.org\/backup\/wp-content\/uploads\/2018\/11\/cuissard-femme-100x100.jpg",100,100,true]},"post_excerpt_stackable_v2":"<p>Cuissard avec peau.<\/p>\n","category_list_v2":"","author_info_v2":{"name":"","url":""},"comments_num_v2":"0 commentaire","_links":{"self":[{"href":"https:\/\/centcols.org\/backup\/wp-json\/wp\/v2\/product\/34270"}],"collection":[{"href":"https:\/\/centcols.org\/backup\/wp-json\/wp\/v2\/product"}],"about":[{"href":"https:\/\/centcols.org\/backup\/wp-json\/wp\/v2\/types\/product"}],"replies":[{"embeddable":true,"href":"https:\/\/centcols.org\/backup\/wp-json\/wp\/v2\/comments?post=34270"}],"wp:featuredmedia":[{"embeddable":true,"href":"https:\/\/centcols.org\/backup\/wp-json\/wp\/v2\/media\/34278"}],"wp:attachment":[{"href":"https:\/\/centcols.org\/backup\/wp-json\/wp\/v2\/media?parent=34270"}],"wp:term":[{"taxonomy":"product_cat","embeddable":true,"href":"https:\/\/centcols.org\/backup\/wp-json\/wp\/v2\/product_cat?post=34270"},{"taxonomy":"product_tag","embeddable":true,"href":"https:\/\/centcols.org\/backup\/wp-json\/wp\/v2\/product_tag?post=34270"}],"curies":[{"name":"wp","href":"https:\/\/api.w.org\/{rel}","templated":true}]}}