{"id":34319,"date":"2018-11-16T20:56:55","date_gmt":"2018-11-16T19:56:55","guid":{"rendered":"http:\/\/centcols.org\/backup\/?post_type=product&#038;p=34319"},"modified":"2024-05-20T05:51:35","modified_gmt":"2024-05-20T03:51:35","slug":"gants-ete","status":"publish","type":"product","link":"https:\/\/centcols.org\/backup\/produit\/gants-ete\/","title":{"rendered":"Gants d&#8217;\u00e9t\u00e9"},"content":{"rendered":"<p>R\u00e9f\u00e9rez-vous au tableau des tailles ci-dessous (cm), mais il est conseill\u00e9 de compter une taille de plus que normalement.<\/p>\n<table border=\"0\" cellspacing=\"0\">\n<colgroup span=\"7\" width=\"85\"><\/colgroup>\n<tbody>\n<tr>\n<td align=\"right\" height=\"18\"><\/td>\n<td align=\"right\">XS<\/td>\n<td align=\"right\">S<\/td>\n<td align=\"right\">M<\/td>\n<td align=\"right\">L<\/td>\n<td align=\"right\">XL<\/td>\n<td align=\"right\">XXL<\/td>\n<\/tr>\n<tr>\n<td align=\"right\" height=\"18\">E &#8211; circonf\u00e9rence<\/td>\n<td align=\"right\">18-19,5<\/td>\n<td align=\"right\">19,5-21<\/td>\n<td align=\"right\">21-22,5<\/td>\n<td align=\"right\">22,5-24<\/td>\n<td align=\"right\">24-25,5<\/td>\n<td align=\"right\">25,5-27<\/td>\n<\/tr>\n<tr>\n<td align=\"right\" height=\"18\">F &#8211; majeur<\/td>\n<td align=\"right\">7<\/td>\n<td align=\"right\">7,5<\/td>\n<td align=\"right\">8<\/td>\n<td align=\"right\">8,5<\/td>\n<td align=\"right\">9<\/td>\n<td align=\"right\">9,5<\/td>\n<\/tr>\n<\/tbody>\n<\/table>\n<p><img loading=\"lazy\" decoding=\"async\" class=\"alignnone size-full wp-image-34327\" src=\"https:\/\/centcols.org\/backup\/wp-content\/uploads\/2018\/11\/TaillesG.png\" alt=\"\" width=\"150\" height=\"175\" \/><\/p>\n","protected":false},"excerpt":{"rendered":"<p>Gants \u00e0 paume renforc\u00e9e anti-d\u00e9rapante.<\/p>\n","protected":false},"featured_media":34392,"comment_status":"closed","ping_status":"closed","template":"","meta":{"_acf_changed":false,"ub_ctt_via":"","_monsterinsights_skip_tracking":false,"_monsterinsights_sitenote_active":false,"_monsterinsights_sitenote_note":"","_monsterinsights_sitenote_category":0},"product_cat":[77],"product_tag":[],"acf":[],"featured_image_urls":{"full":["https:\/\/centcols.org\/backup\/wp-content\/uploads\/2018\/11\/gants-\u00e9t\u00e9-1.jpg",600,600,false],"thumbnail":["https:\/\/centcols.org\/backup\/wp-content\/uploads\/2018\/11\/gants-\u00e9t\u00e9-1-300x300.jpg",300,300,true],"medium":["https:\/\/centcols.org\/backup\/wp-content\/uploads\/2018\/11\/gants-\u00e9t\u00e9-1-500x500.jpg",500,500,true],"medium_large":["https:\/\/centcols.org\/backup\/wp-content\/uploads\/2018\/11\/gants-\u00e9t\u00e9-1.jpg",600,600,false],"large":["https:\/\/centcols.org\/backup\/wp-content\/uploads\/2018\/11\/gants-\u00e9t\u00e9-1.jpg",600,600,false],"1536x1536":["https:\/\/centcols.org\/backup\/wp-content\/uploads\/2018\/11\/gants-\u00e9t\u00e9-1.jpg",600,600,false],"2048x2048":["https:\/\/centcols.org\/backup\/wp-content\/uploads\/2018\/11\/gants-\u00e9t\u00e9-1.jpg",600,600,false],"woocommerce_thumbnail":["https:\/\/centcols.org\/backup\/wp-content\/uploads\/2018\/11\/gants-\u00e9t\u00e9-1-300x300.jpg",300,300,true],"woocommerce_single":["https:\/\/centcols.org\/backup\/wp-content\/uploads\/2018\/11\/gants-\u00e9t\u00e9-1-600x600.jpg",600,600,true],"woocommerce_gallery_thumbnail":["https:\/\/centcols.org\/backup\/wp-content\/uploads\/2018\/11\/gants-\u00e9t\u00e9-1-100x100.jpg",100,100,true]},"post_excerpt_stackable":"<p>Gants \u00e0 paume renforc\u00e9e anti-d\u00e9rapante.<\/p>\n","category_list":"","author_info":{"name":"","url":""},"comments_num":"0 commentaire","featured_image_urls_v2":{"full":["https:\/\/centcols.org\/backup\/wp-content\/uploads\/2018\/11\/gants-\u00e9t\u00e9-1.jpg",600,600,false],"thumbnail":["https:\/\/centcols.org\/backup\/wp-content\/uploads\/2018\/11\/gants-\u00e9t\u00e9-1-300x300.jpg",300,300,true],"medium":["https:\/\/centcols.org\/backup\/wp-content\/uploads\/2018\/11\/gants-\u00e9t\u00e9-1-500x500.jpg",500,500,true],"medium_large":["https:\/\/centcols.org\/backup\/wp-content\/uploads\/2018\/11\/gants-\u00e9t\u00e9-1.jpg",600,600,false],"large":["https:\/\/centcols.org\/backup\/wp-content\/uploads\/2018\/11\/gants-\u00e9t\u00e9-1.jpg",600,600,false],"1536x1536":["https:\/\/centcols.org\/backup\/wp-content\/uploads\/2018\/11\/gants-\u00e9t\u00e9-1.jpg",600,600,false],"2048x2048":["https:\/\/centcols.org\/backup\/wp-content\/uploads\/2018\/11\/gants-\u00e9t\u00e9-1.jpg",600,600,false],"woocommerce_thumbnail":["https:\/\/centcols.org\/backup\/wp-content\/uploads\/2018\/11\/gants-\u00e9t\u00e9-1-300x300.jpg",300,300,true],"woocommerce_single":["https:\/\/centcols.org\/backup\/wp-content\/uploads\/2018\/11\/gants-\u00e9t\u00e9-1-600x600.jpg",600,600,true],"woocommerce_gallery_thumbnail":["https:\/\/centcols.org\/backup\/wp-content\/uploads\/2018\/11\/gants-\u00e9t\u00e9-1-100x100.jpg",100,100,true]},"post_excerpt_stackable_v2":"<p>Gants \u00e0 paume renforc\u00e9e anti-d\u00e9rapante.<\/p>\n","category_list_v2":"","author_info_v2":{"name":"","url":""},"comments_num_v2":"0 commentaire","_links":{"self":[{"href":"https:\/\/centcols.org\/backup\/wp-json\/wp\/v2\/product\/34319"}],"collection":[{"href":"https:\/\/centcols.org\/backup\/wp-json\/wp\/v2\/product"}],"about":[{"href":"https:\/\/centcols.org\/backup\/wp-json\/wp\/v2\/types\/product"}],"replies":[{"embeddable":true,"href":"https:\/\/centcols.org\/backup\/wp-json\/wp\/v2\/comments?post=34319"}],"wp:featuredmedia":[{"embeddable":true,"href":"https:\/\/centcols.org\/backup\/wp-json\/wp\/v2\/media\/34392"}],"wp:attachment":[{"href":"https:\/\/centcols.org\/backup\/wp-json\/wp\/v2\/media?parent=34319"}],"wp:term":[{"taxonomy":"product_cat","embeddable":true,"href":"https:\/\/centcols.org\/backup\/wp-json\/wp\/v2\/product_cat?post=34319"},{"taxonomy":"product_tag","embeddable":true,"href":"https:\/\/centcols.org\/backup\/wp-json\/wp\/v2\/product_tag?post=34319"}],"curies":[{"name":"wp","href":"https:\/\/api.w.org\/{rel}","templated":true}]}}