{"id":35436,"date":"2019-05-04T14:55:03","date_gmt":"2019-05-04T12:55:03","guid":{"rendered":"http:\/\/centcols.org\/backup\/?post_type=product&#038;p=35436"},"modified":"2021-11-09T21:17:23","modified_gmt":"2021-11-09T20:17:23","slug":"catalogue-pe","status":"publish","type":"product","link":"https:\/\/centcols.org\/backup\/produit\/catalogue-pe\/","title":{"rendered":"Catalogue des cols du P\u00e9rou et de l&#8217;\u00c9quateur"},"content":{"rendered":"<p>Le catalogue de cols du P\u00e9rou et de l&#8217;\u00c9quateur a \u00e9t\u00e9 publi\u00e9 en 2019. Il compte environ 200 cols r\u00e9pondant \u00e0 la <a href=\"https:\/\/centcols.org\/backup\/regle-du-jeu\/\">r\u00e8gle du jeu<\/a> du club. Presque tous sont au P\u00e9rou, l&#8217;\u00c9quateur n&#8217;en comptant que tr\u00e8s peu.<\/p>\n<p>Ce catalogue est la r\u00e9f\u00e9rence des cols du P\u00e9rou et de l&#8217;\u00c9quateur. Les listes annuelles des cols que vous avez grimp\u00e9s dans ce pays doivent donc se r\u00e9f\u00e9rer \u00e0 ce document.<\/p>\n<p>Ce catalogue est en t\u00e9l\u00e9chargement gratuit pour les membres du club depuis la <a href=\"\/membres\/outils\/telecat.php\">page de t\u00e9l\u00e9chargement<\/a>.<\/p>\n<h3>Documents annexes au catalogue<\/h3>\n<ul>\n<li><a href=\"\/catalogues\/notice.php?cat=pe\" target=\"_blank\" rel=\"noopener noreferrer\">Notice du catalogue des cols du P\u00e9rou et de l&#8217;\u00c9quateur<\/a><\/li>\n<\/ul>\n","protected":false},"excerpt":{"rendered":"<p>Le catalogue de cols du P\u00e9rou et de l&#8217;\u00c9quateur a \u00e9t\u00e9 publi\u00e9 en 2019. Il compte environ 200 cols r\u00e9pondant \u00e0 la r\u00e8gle du jeu du club. Presque tous sont au P\u00e9rou, l&#8217;\u00c9quateur n&#8217;en comptant que tr\u00e8s peu. Ce catalogue est la r\u00e9f\u00e9rence des cols du P\u00e9rou et de l&#8217;\u00c9quateur. Les listes annuelles des cols [&hellip;]<\/p>\n","protected":false},"featured_media":46266,"comment_status":"closed","ping_status":"closed","template":"","meta":{"_acf_changed":false,"ub_ctt_via":"","_monsterinsights_skip_tracking":false,"_monsterinsights_sitenote_active":false,"_monsterinsights_sitenote_note":"","_monsterinsights_sitenote_category":0},"product_cat":[75,483],"product_tag":[],"acf":[],"featured_image_urls":{"full":["https:\/\/centcols.org\/backup\/wp-content\/uploads\/2015\/11\/Vignette-Perou-Equateur.jpg",600,600,false],"thumbnail":["https:\/\/centcols.org\/backup\/wp-content\/uploads\/2015\/11\/Vignette-Perou-Equateur-300x300.jpg",300,300,true],"medium":["https:\/\/centcols.org\/backup\/wp-content\/uploads\/2015\/11\/Vignette-Perou-Equateur-500x500.jpg",500,500,true],"medium_large":["https:\/\/centcols.org\/backup\/wp-content\/uploads\/2015\/11\/Vignette-Perou-Equateur.jpg",600,600,false],"large":["https:\/\/centcols.org\/backup\/wp-content\/uploads\/2015\/11\/Vignette-Perou-Equateur.jpg",600,600,false],"1536x1536":["https:\/\/centcols.org\/backup\/wp-content\/uploads\/2015\/11\/Vignette-Perou-Equateur.jpg",600,600,false],"2048x2048":["https:\/\/centcols.org\/backup\/wp-content\/uploads\/2015\/11\/Vignette-Perou-Equateur.jpg",600,600,false],"woocommerce_thumbnail":["https:\/\/centcols.org\/backup\/wp-content\/uploads\/2015\/11\/Vignette-Perou-Equateur-300x300.jpg",300,300,true],"woocommerce_single":["https:\/\/centcols.org\/backup\/wp-content\/uploads\/2015\/11\/Vignette-Perou-Equateur.jpg",600,600,false],"woocommerce_gallery_thumbnail":["https:\/\/centcols.org\/backup\/wp-content\/uploads\/2015\/11\/Vignette-Perou-Equateur-100x100.jpg",100,100,true]},"post_excerpt_stackable":"<p>Le catalogue de cols du P\u00e9rou et de l&#8217;\u00c9quateur a \u00e9t\u00e9 publi\u00e9 en 2019. Il compte environ 200 cols r\u00e9pondant \u00e0 la r\u00e8gle du jeu du club. Presque tous sont au P\u00e9rou, l&#8217;\u00c9quateur n&#8217;en comptant que tr\u00e8s peu. Ce catalogue est la r\u00e9f\u00e9rence des cols du P\u00e9rou et de l&#8217;\u00c9quateur. Les listes annuelles des cols que vous avez grimp\u00e9s dans ce pays doivent donc se r\u00e9f\u00e9rer \u00e0 ce document. Ce catalogue est en t\u00e9l\u00e9chargement gratuit pour les membres du club depuis la page de t\u00e9l\u00e9chargement. Documents annexes au catalogue Notice du catalogue des cols du P\u00e9rou et de l&#8217;\u00c9quateur<\/p>\n","category_list":"","author_info":{"name":"","url":""},"comments_num":"0 commentaire","featured_image_urls_v2":{"full":["https:\/\/centcols.org\/backup\/wp-content\/uploads\/2015\/11\/Vignette-Perou-Equateur.jpg",600,600,false],"thumbnail":["https:\/\/centcols.org\/backup\/wp-content\/uploads\/2015\/11\/Vignette-Perou-Equateur-300x300.jpg",300,300,true],"medium":["https:\/\/centcols.org\/backup\/wp-content\/uploads\/2015\/11\/Vignette-Perou-Equateur-500x500.jpg",500,500,true],"medium_large":["https:\/\/centcols.org\/backup\/wp-content\/uploads\/2015\/11\/Vignette-Perou-Equateur.jpg",600,600,false],"large":["https:\/\/centcols.org\/backup\/wp-content\/uploads\/2015\/11\/Vignette-Perou-Equateur.jpg",600,600,false],"1536x1536":["https:\/\/centcols.org\/backup\/wp-content\/uploads\/2015\/11\/Vignette-Perou-Equateur.jpg",600,600,false],"2048x2048":["https:\/\/centcols.org\/backup\/wp-content\/uploads\/2015\/11\/Vignette-Perou-Equateur.jpg",600,600,false],"woocommerce_thumbnail":["https:\/\/centcols.org\/backup\/wp-content\/uploads\/2015\/11\/Vignette-Perou-Equateur-300x300.jpg",300,300,true],"woocommerce_single":["https:\/\/centcols.org\/backup\/wp-content\/uploads\/2015\/11\/Vignette-Perou-Equateur.jpg",600,600,false],"woocommerce_gallery_thumbnail":["https:\/\/centcols.org\/backup\/wp-content\/uploads\/2015\/11\/Vignette-Perou-Equateur-100x100.jpg",100,100,true]},"post_excerpt_stackable_v2":"<p>Le catalogue de cols du P\u00e9rou et de l&#8217;\u00c9quateur a \u00e9t\u00e9 publi\u00e9 en 2019. Il compte environ 200 cols r\u00e9pondant \u00e0 la r\u00e8gle du jeu du club. Presque tous sont au P\u00e9rou, l&#8217;\u00c9quateur n&#8217;en comptant que tr\u00e8s peu. Ce catalogue est la r\u00e9f\u00e9rence des cols du P\u00e9rou et de l&#8217;\u00c9quateur. Les listes annuelles des cols que vous avez grimp\u00e9s dans ce pays doivent donc se r\u00e9f\u00e9rer \u00e0 ce document. Ce catalogue est en t\u00e9l\u00e9chargement gratuit pour les membres du club depuis la page de t\u00e9l\u00e9chargement. Documents annexes au catalogue Notice du catalogue des cols du P\u00e9rou et de l&#8217;\u00c9quateur<\/p>\n","category_list_v2":"","author_info_v2":{"name":"","url":""},"comments_num_v2":"0 commentaire","_links":{"self":[{"href":"https:\/\/centcols.org\/backup\/wp-json\/wp\/v2\/product\/35436"}],"collection":[{"href":"https:\/\/centcols.org\/backup\/wp-json\/wp\/v2\/product"}],"about":[{"href":"https:\/\/centcols.org\/backup\/wp-json\/wp\/v2\/types\/product"}],"replies":[{"embeddable":true,"href":"https:\/\/centcols.org\/backup\/wp-json\/wp\/v2\/comments?post=35436"}],"wp:featuredmedia":[{"embeddable":true,"href":"https:\/\/centcols.org\/backup\/wp-json\/wp\/v2\/media\/46266"}],"wp:attachment":[{"href":"https:\/\/centcols.org\/backup\/wp-json\/wp\/v2\/media?parent=35436"}],"wp:term":[{"taxonomy":"product_cat","embeddable":true,"href":"https:\/\/centcols.org\/backup\/wp-json\/wp\/v2\/product_cat?post=35436"},{"taxonomy":"product_tag","embeddable":true,"href":"https:\/\/centcols.org\/backup\/wp-json\/wp\/v2\/product_tag?post=35436"}],"curies":[{"name":"wp","href":"https:\/\/api.w.org\/{rel}","templated":true}]}}