{"id":66430,"date":"2022-11-19T09:45:18","date_gmt":"2022-11-19T08:45:18","guid":{"rendered":"https:\/\/centcols.org\/backup\/?post_type=product&#038;p=66430"},"modified":"2022-11-19T12:02:27","modified_gmt":"2022-11-19T11:02:27","slug":"catalogue-aq","status":"publish","type":"product","link":"https:\/\/centcols.org\/backup\/produit\/catalogue-aq\/","title":{"rendered":"Catalogue des cols de l&#8217;Antarctique"},"content":{"rendered":"<p>Le catalogue des cols de l&#8217;Antarctique a \u00e9t\u00e9 pr\u00e9par\u00e9 par notre Groupe de Travail &#8220;Reste-du-Monde&#8221; Graham Cutting et Ludger Vorberg. Publi\u00e9 pour la premi\u00e8re fois en 2022, il compte plus de 250 cols r\u00e9pondant \u00e0 la <a href=\"https:\/\/centcols.org\/backup\/regle-du-jeu\/\">r\u00e8gle du jeu<\/a> du club. Ce continent, terrain de recherches internationales, est consid\u00e9r\u00e9 comme n&#8217;ayant aucune appartenance politique ou nationale. Les cols \u00e9tant tous situ\u00e9s au sud de la latitude 60\u00b0S, ils sont distribu\u00e9s autour du point central du continent &#8211; le P\u00f4le Sud. Par cons\u00e9quent, il est pr\u00e9f\u00e9rable de les visualiser sur une carte avec une projection sp\u00e9cifique adapt\u00e9e comme la projection st\u00e9r\u00e9ographique polaire.<\/p>\n<p>Ce catalogue est la r\u00e9f\u00e9rence des cols de l&#8217;Antarctique. Les listes annuelles des cols que vous avez grimp\u00e9s dans ce continent doivent donc se r\u00e9f\u00e9rer \u00e0 ce document.<\/p>\n<p>Ce catalogue est en t\u00e9l\u00e9chargement gratuit pour les membres du club depuis la <a href=\"\/membres\/outils\/telecat.php\">page de t\u00e9l\u00e9chargement<\/a>.<\/p>\n<h3>Documents annexes au catalogue<\/h3>\n<ul>\n<li><a href=\"\/catalogues\/notice.php?cat=aq\" target=\"_blank\" rel=\"noopener noreferrer\">Notice du catalogue des cols de l&#8217;Antarctique<\/a><\/li>\n<\/ul>\n","protected":false},"excerpt":{"rendered":"<p>Le catalogue des cols de l&#8217;Antarctique a \u00e9t\u00e9 pr\u00e9par\u00e9 par notre Groupe de Travail &#8220;Reste-du-Monde&#8221; Graham Cutting et Ludger Vorberg. Publi\u00e9 pour la premi\u00e8re fois en 2022, il compte plus de 250 cols r\u00e9pondant \u00e0 la r\u00e8gle du jeu du club. Ce continent, terrain de recherches internationales, est consid\u00e9r\u00e9 comme n&#8217;ayant aucune appartenance politique ou [&hellip;]<\/p>\n","protected":false},"featured_media":66476,"comment_status":"closed","ping_status":"closed","template":"","meta":{"_acf_changed":false,"ub_ctt_via":"","_monsterinsights_skip_tracking":false,"_monsterinsights_sitenote_active":false,"_monsterinsights_sitenote_note":"","_monsterinsights_sitenote_category":0},"product_cat":[75,553],"product_tag":[],"acf":[],"featured_image_urls":{"full":["https:\/\/centcols.org\/backup\/wp-content\/uploads\/2022\/11\/vignette-aq.jpg",600,600,false],"thumbnail":["https:\/\/centcols.org\/backup\/wp-content\/uploads\/2022\/11\/vignette-aq-300x300.jpg",300,300,true],"medium":["https:\/\/centcols.org\/backup\/wp-content\/uploads\/2022\/11\/vignette-aq-500x500.jpg",500,500,true],"medium_large":["https:\/\/centcols.org\/backup\/wp-content\/uploads\/2022\/11\/vignette-aq.jpg",600,600,false],"large":["https:\/\/centcols.org\/backup\/wp-content\/uploads\/2022\/11\/vignette-aq.jpg",600,600,false],"1536x1536":["https:\/\/centcols.org\/backup\/wp-content\/uploads\/2022\/11\/vignette-aq.jpg",600,600,false],"2048x2048":["https:\/\/centcols.org\/backup\/wp-content\/uploads\/2022\/11\/vignette-aq.jpg",600,600,false],"woocommerce_thumbnail":["https:\/\/centcols.org\/backup\/wp-content\/uploads\/2022\/11\/vignette-aq-300x300.jpg",300,300,true],"woocommerce_single":["https:\/\/centcols.org\/backup\/wp-content\/uploads\/2022\/11\/vignette-aq.jpg",600,600,false],"woocommerce_gallery_thumbnail":["https:\/\/centcols.org\/backup\/wp-content\/uploads\/2022\/11\/vignette-aq-100x100.jpg",100,100,true]},"post_excerpt_stackable":"<p>Le catalogue des cols de l&#8217;Antarctique a \u00e9t\u00e9 pr\u00e9par\u00e9 par notre Groupe de Travail &#8220;Reste-du-Monde&#8221; Graham Cutting et Ludger Vorberg. Publi\u00e9 pour la premi\u00e8re fois en 2022, il compte plus de 250 cols r\u00e9pondant \u00e0 la r\u00e8gle du jeu du club. Ce continent, terrain de recherches internationales, est consid\u00e9r\u00e9 comme n&#8217;ayant aucune appartenance politique ou nationale. Les cols \u00e9tant tous situ\u00e9s au sud de la latitude 60\u00b0S, ils sont distribu\u00e9s autour du point central du continent &#8211; le P\u00f4le Sud. Par cons\u00e9quent, il est pr\u00e9f\u00e9rable de les visualiser sur une carte avec une projection sp\u00e9cifique adapt\u00e9e comme la projection st\u00e9r\u00e9ographique\u2026<\/p>\n","category_list":"","author_info":{"name":"","url":""},"comments_num":"0 commentaire","featured_image_urls_v2":{"full":["https:\/\/centcols.org\/backup\/wp-content\/uploads\/2022\/11\/vignette-aq.jpg",600,600,false],"thumbnail":["https:\/\/centcols.org\/backup\/wp-content\/uploads\/2022\/11\/vignette-aq-300x300.jpg",300,300,true],"medium":["https:\/\/centcols.org\/backup\/wp-content\/uploads\/2022\/11\/vignette-aq-500x500.jpg",500,500,true],"medium_large":["https:\/\/centcols.org\/backup\/wp-content\/uploads\/2022\/11\/vignette-aq.jpg",600,600,false],"large":["https:\/\/centcols.org\/backup\/wp-content\/uploads\/2022\/11\/vignette-aq.jpg",600,600,false],"1536x1536":["https:\/\/centcols.org\/backup\/wp-content\/uploads\/2022\/11\/vignette-aq.jpg",600,600,false],"2048x2048":["https:\/\/centcols.org\/backup\/wp-content\/uploads\/2022\/11\/vignette-aq.jpg",600,600,false],"woocommerce_thumbnail":["https:\/\/centcols.org\/backup\/wp-content\/uploads\/2022\/11\/vignette-aq-300x300.jpg",300,300,true],"woocommerce_single":["https:\/\/centcols.org\/backup\/wp-content\/uploads\/2022\/11\/vignette-aq.jpg",600,600,false],"woocommerce_gallery_thumbnail":["https:\/\/centcols.org\/backup\/wp-content\/uploads\/2022\/11\/vignette-aq-100x100.jpg",100,100,true]},"post_excerpt_stackable_v2":"<p>Le catalogue des cols de l&#8217;Antarctique a \u00e9t\u00e9 pr\u00e9par\u00e9 par notre Groupe de Travail &#8220;Reste-du-Monde&#8221; Graham Cutting et Ludger Vorberg. Publi\u00e9 pour la premi\u00e8re fois en 2022, il compte plus de 250 cols r\u00e9pondant \u00e0 la r\u00e8gle du jeu du club. Ce continent, terrain de recherches internationales, est consid\u00e9r\u00e9 comme n&#8217;ayant aucune appartenance politique ou nationale. Les cols \u00e9tant tous situ\u00e9s au sud de la latitude 60\u00b0S, ils sont distribu\u00e9s autour du point central du continent &#8211; le P\u00f4le Sud. Par cons\u00e9quent, il est pr\u00e9f\u00e9rable de les visualiser sur une carte avec une projection sp\u00e9cifique adapt\u00e9e comme la projection st\u00e9r\u00e9ographique\u2026<\/p>\n","category_list_v2":"","author_info_v2":{"name":"","url":""},"comments_num_v2":"0 commentaire","_links":{"self":[{"href":"https:\/\/centcols.org\/backup\/wp-json\/wp\/v2\/product\/66430"}],"collection":[{"href":"https:\/\/centcols.org\/backup\/wp-json\/wp\/v2\/product"}],"about":[{"href":"https:\/\/centcols.org\/backup\/wp-json\/wp\/v2\/types\/product"}],"replies":[{"embeddable":true,"href":"https:\/\/centcols.org\/backup\/wp-json\/wp\/v2\/comments?post=66430"}],"wp:featuredmedia":[{"embeddable":true,"href":"https:\/\/centcols.org\/backup\/wp-json\/wp\/v2\/media\/66476"}],"wp:attachment":[{"href":"https:\/\/centcols.org\/backup\/wp-json\/wp\/v2\/media?parent=66430"}],"wp:term":[{"taxonomy":"product_cat","embeddable":true,"href":"https:\/\/centcols.org\/backup\/wp-json\/wp\/v2\/product_cat?post=66430"},{"taxonomy":"product_tag","embeddable":true,"href":"https:\/\/centcols.org\/backup\/wp-json\/wp\/v2\/product_tag?post=66430"}],"curies":[{"name":"wp","href":"https:\/\/api.w.org\/{rel}","templated":true}]}}