{"version":"1.0","provider_name":"Club des Cent Cols","provider_url":"https:\/\/centcols.org\/de","author_name":"fabien","author_url":"https:\/\/centcols.org\/de\/author\/fabien\/","title":"Les \"radiales ibericas\" de la FECT - Club des Cent Cols","type":"rich","width":600,"height":338,"html":"<blockquote class=\"wp-embedded-content\" data-secret=\"oQdcxgrmPn\"><a href=\"https:\/\/centcols.org\/de\/les-radiales-ibericas-de-la-fect\/\">Die \u00abradiales ibericas\u00bb der EVTZ<\/a><\/blockquote><iframe sandbox=\"allow-scripts\" security=\"restricted\" src=\"https:\/\/centcols.org\/de\/les-radiales-ibericas-de-la-fect\/embed\/#?secret=oQdcxgrmPn\" width=\"600\" height=\"338\" title=\"&#8222;Les \u00ab\u00a0radiales ibericas\u00a0\u00bb de la FECT&#8220; &#8211; Club des Cent Cols\" data-secret=\"oQdcxgrmPn\" frameborder=\"0\" marginwidth=\"0\" marginheight=\"0\" scrolling=\"no\" class=\"wp-embedded-content\"><\/iframe><script type=\"text\/javascript\">\n\/* <![CDATA[ *\/\n\/*! This file is auto-generated *\/\n!function(d,l){\"use strict\";l.querySelector&&d.addEventListener&&\"undefined\"!=typeof URL&&(d.wp=d.wp||{},d.wp.receiveEmbedMessage||(d.wp.receiveEmbedMessage=function(e){var t=e.data;if((t||t.secret||t.message||t.value)&&!\/[^a-zA-Z0-9]\/.test(t.secret)){for(var s,r,n,a=l.querySelectorAll('iframe[data-secret=\"'+t.secret+'\"]'),o=l.querySelectorAll('blockquote[data-secret=\"'+t.secret+'\"]'),c=new RegExp(\"^https?:$\",\"i\"),i=0;i<o.length;i++)o[i].style.display=\"none\";for(i=0;i<a.length;i++)s=a[i],e.source===s.contentWindow&&(s.removeAttribute(\"style\"),\"height\"===t.message?(1e3<(r=parseInt(t.value,10))?r=1e3:~~r<200&&(r=200),s.height=r):\"link\"===t.message&&(r=new URL(s.getAttribute(\"src\")),n=new URL(t.value),c.test(n.protocol))&&n.host===r.host&&l.activeElement===s&&(d.top.location.href=t.value))}},d.addEventListener(\"message\",d.wp.receiveEmbedMessage,!1),l.addEventListener(\"DOMContentLoaded\",function(){for(var e,t,s=l.querySelectorAll(\"iframe.wp-embedded-content\"),r=0;r<s.length;r++)(t=(e=s[r]).getAttribute(\"data-secret\"))||(t=Math.random().toString(36).substring(2,12),e.src+=\"#?secret=\"+t,e.setAttribute(\"data-secret\",t)),e.contentWindow.postMessage({message:\"ready\",secret:t},\"*\")},!1)))}(window,document);\n\/\/# sourceURL=https:\/\/centcols.org\/wp-includes\/js\/wp-embed.min.js\n\/* ]]> *\/\n<\/script>","description":"Les Radiales Ibericas sont des propositions de voyages \u00e0 v\u00e9lo, sur route, cr\u00e9\u00e9es par la F\u00e9d\u00e9ration Espagnole de Cyclotourisme. L\u2019objectif principal est la promotion du cyclotourisme non comp\u00e9titif et la d\u00e9couverte de toutes les provinces de la p\u00e9ninsule ib\u00e9rique. 148 cols routiers se trouvent sur le parcours des Radiales sur un total de 2.660 cols [&hellip;]","thumbnail_url":"https:\/\/centcols.org\/wp-content\/uploads\/2025\/02\/Radiales.jpg","thumbnail_width":1280,"thumbnail_height":720}

Les Radiales Ibericas sont des propositions de voyages à vélo, sur route, créées par la Fédération Espagnole de Cyclotourisme. L’objectif principal est la promotion du cyclotourisme non compétitif et la découverte de toutes les provinces de la péninsule ibérique. 148 cols routiers se trouvent sur le parcours des Radiales sur un total de 2.660 cols [&hellip;]
