{"version":"1.0","provider_name":"Club des Cent Cols","provider_url":"https:\/\/centcols.org\/en","author_name":"Webmestre","author_url":"https:\/\/centcols.org\/en\/author\/webmestre\/","title":"DE-BW For\u00eat-Noire Niederweiler nord - Gravel 57 km, D+ 1600 m, 11 cols - Club des Cent Cols","type":"rich","width":600,"height":338,"html":"<blockquote class=\"wp-embedded-content\" data-secret=\"7q9zKYdN0x\"><a href=\"https:\/\/centcols.org\/en\/de-bw-foret-noire-niederweiler-nord-gravel\/\">DE-BW Black Forest Niederweiler Nord - Gravel 57 km, D+ 1600 m, 11 passes<\/a><\/blockquote><iframe sandbox=\"allow-scripts\" security=\"restricted\" src=\"https:\/\/centcols.org\/en\/de-bw-foret-noire-niederweiler-nord-gravel\/embed\/#?secret=7q9zKYdN0x\" width=\"600\" height=\"338\" title=\"&#8220;DE-BW For\u00eat-Noire Niederweiler nord &#8211; Gravel 57 km, D+ 1600 m, 11 cols&#8221; &#8212; Club des Cent Cols\" data-secret=\"7q9zKYdN0x\" frameborder=\"0\" marginwidth=\"0\" marginheight=\"0\" scrolling=\"no\" class=\"wp-embedded-content\"><\/iframe><script type=\"text\/javascript\">\n\/* <![CDATA[ *\/\n\/*! This file is auto-generated *\/\n!function(d,l){\"use strict\";l.querySelector&&d.addEventListener&&\"undefined\"!=typeof URL&&(d.wp=d.wp||{},d.wp.receiveEmbedMessage||(d.wp.receiveEmbedMessage=function(e){var t=e.data;if((t||t.secret||t.message||t.value)&&!\/[^a-zA-Z0-9]\/.test(t.secret)){for(var s,r,n,a=l.querySelectorAll('iframe[data-secret=\"'+t.secret+'\"]'),o=l.querySelectorAll('blockquote[data-secret=\"'+t.secret+'\"]'),c=new RegExp(\"^https?:$\",\"i\"),i=0;i<o.length;i++)o[i].style.display=\"none\";for(i=0;i<a.length;i++)s=a[i],e.source===s.contentWindow&&(s.removeAttribute(\"style\"),\"height\"===t.message?(1e3<(r=parseInt(t.value,10))?r=1e3:~~r<200&&(r=200),s.height=r):\"link\"===t.message&&(r=new URL(s.getAttribute(\"src\")),n=new URL(t.value),c.test(n.protocol))&&n.host===r.host&&l.activeElement===s&&(d.top.location.href=t.value))}},d.addEventListener(\"message\",d.wp.receiveEmbedMessage,!1),l.addEventListener(\"DOMContentLoaded\",function(){for(var e,t,s=l.querySelectorAll(\"iframe.wp-embedded-content\"),r=0;r<s.length;r++)(t=(e=s[r]).getAttribute(\"data-secret\"))||(t=Math.random().toString(36).substring(2,12),e.src+=\"#?secret=\"+t,e.setAttribute(\"data-secret\",t)),e.contentWindow.postMessage({message:\"ready\",secret:t},\"*\")},!1)))}(window,document);\n\/\/# sourceURL=https:\/\/centcols.org\/wp-includes\/js\/wp-embed.min.js\n\/* ]]> *\/\n<\/script>","thumbnail_url":"https:\/\/centcols.org\/wp-content\/uploads\/2023\/08\/Nierdeweiler-Vue-sur-la-plaine-Rhenane-500x3751-1.jpg","thumbnail_width":500,"thumbnail_height":375,"description":"Description de l\u2019auteur Auteur : Jean-Luc CeccatoParcours : effectu\u00e9 le 11 juin 2022D\u00e9part : Niederweiler, sortie est de M\u00fcllheim, Weilertalstra\u00dfe le long de la rivi\u00e8re Weiler. Proche de l\u2019h\u00f4tel Wartek. Alt : 292 m. Descriptif touristique Niederweiler est situ\u00e9 \u00e0 l\u2019or\u00e9e de la For\u00eat-Noire. Le relief avoisinant, parcouru par ce circuit, offre de belles perspectives [&hellip;]"}

DE-BW Forêt-Noire Niederweiler nord - Gravel 57 km, D+ 1600 m, 11 cols - Club des Cent Cols

<blockquote class="wp-embedded-content" data-secret="7q9zKYdN0x"><a href="https://centcols.org/en/de-bw-foret-noire-niederweiler-nord-gravel/">DE-BW Black Forest Niederweiler Nord - Gravel 57 km, D+ 1600 m, 11 passes</a></blockquote><iframe sandbox="allow-scripts" security="restricted" src="https://centcols.org/en/de-bw-foret-noire-niederweiler-nord-gravel/embed/#?secret=7q9zKYdN0x" width="600" height="338" title="&#8220;DE-BW Forêt-Noire Niederweiler nord &#8211; Gravel 57 km, D+ 1600 m, 11 cols&#8221; &#8212; Club des Cent Cols" data-secret="7q9zKYdN0x" frameborder="0" marginwidth="0" marginheight="0" scrolling="no" class="wp-embedded-content"></iframe><script type="text/javascript">
/* <![CDATA[ */
/*! This file is auto-generated */
!function(d,l){"use strict";l.querySelector&&d.addEventListener&&"undefined"!=typeof URL&&(d.wp=d.wp||{},d.wp.receiveEmbedMessage||(d.wp.receiveEmbedMessage=function(e){var t=e.data;if((t||t.secret||t.message||t.value)&&!/[^a-zA-Z0-9]/.test(t.secret)){for(var s,r,n,a=l.querySelectorAll('iframe[data-secret="'+t.secret+'"]'),o=l.querySelectorAll('blockquote[data-secret="'+t.secret+'"]'),c=new RegExp("^https?:$","i"),i=0;i<o.length;i++)o[i].style.display="none";for(i=0;i<a.length;i++)s=a[i],e.source===s.contentWindow&&(s.removeAttribute("style"),"height"===t.message?(1e3<(r=parseInt(t.value,10))?r=1e3:~~r<200&&(r=200),s.height=r):"link"===t.message&&(r=new URL(s.getAttribute("src")),n=new URL(t.value),c.test(n.protocol))&&n.host===r.host&&l.activeElement===s&&(d.top.location.href=t.value))}},d.addEventListener("message",d.wp.receiveEmbedMessage,!1),l.addEventListener("DOMContentLoaded",function(){for(var e,t,s=l.querySelectorAll("iframe.wp-embedded-content"),r=0;r<s.length;r++)(t=(e=s[r]).getAttribute("data-secret"))||(t=Math.random().toString(36).substring(2,12),e.src+="#?secret="+t,e.setAttribute("data-secret",t)),e.contentWindow.postMessage({message:"ready",secret:t},"*")},!1)))}(window,document);
//# sourceURL=https://centcols.org/wp-includes/js/wp-embed.min.js
/* ]]> */
</script>

Description de l’auteur Auteur : Jean-Luc CeccatoParcours : effectué le 11 juin 2022Départ : Niederweiler, sortie est de Müllheim, Weilertalstraße le long de la rivière Weiler. Proche de l’hôtel Wartek. Alt : 292 m. Descriptif touristique Niederweiler est situé à l’orée de la Forêt-Noire. Le relief avoisinant, parcouru par ce circuit, offre de belles perspectives [&hellip;]
